{"id":477100,"date":"2026-08-29T19:58:33","date_gmt":"2026-08-29T17:58:33","guid":{"rendered":"https:\/\/horgaszhely.hu\/hun\/termek\/panakeia-parfumozott-tusfurdo-cseresznyevirag-200ml\/"},"modified":"2026-08-29T19:59:00","modified_gmt":"2026-08-29T17:59:00","slug":"panakeia-parfumozott-tusfurdo-cseresznyevirag-200ml","status":"publish","type":"product","link":"https:\/\/horgaszhely.hu\/hun\/termek\/panakeia-parfumozott-tusfurdo-cseresznyevirag-200ml\/","title":{"rendered":"PANAKEIA Parf\u00fcm\u00f6z\u00f6tt tusf\u00fcrd\u0151 &#8211; Cseresznyevir\u00e1g 200ml"},"content":{"rendered":"<p>Term\u00e9szetes tusf\u00fcrd\u0151 szulf\u00e1tok, parab\u00e9nek \u00e9s szilikonok n\u00e9lk\u00fcl. Bio n\u00f6v\u00e9nyi olajokkal, gyeng\u00e9d term\u00e9szetes tenzidekkel \u00e9s b\u0151rpuh\u00edt\u00f3 \u00f6sszetev\u0151kkel van \u00f6ssze\u00e1ll\u00edtva. A fel\u00fcletakt\u00edv anyagok n\u00f6v\u00e9nyi eredet\u0171ek \u00e9s finom habot k\u00e9peznek.<\/p>\n<p>Az aloe vera mag\u00e1hoz k\u00f6ti a nedvess\u00e9get, \u00edgy seg\u00edt hidrat\u00e1lni a b\u0151rt. A lev\u00e9lg\u00e9l jelent\u0151s regener\u00e1l\u00f3, nyugtat\u00f3, puh\u00edt\u00f3, l\u00e1gy\u00edt\u00f3, gy\u00f3gy\u00edt\u00f3 \u00e9s h\u0171s\u00edt\u0151 tulajdons\u00e1gokkal is rendelkezik. Antioxid\u00e1nsk\u00e9nt hat \u00e9s gyullad\u00e1scs\u00f6kkent\u0151 hat\u00e1s\u00fa. Ezek a tulajdons\u00e1gok ide\u00e1lisak a le\u00e9g\u00e9s ellen.<\/p>\n<p>&nbsp;<\/p>\n<p>Apanthenol hidrat\u00e1l\u00f3, gyullad\u00e1scs\u00f6kkent\u0151, regener\u00e1l\u00f3 \u00e9s gy\u00f3gy\u00edt\u00f3 hat\u00e1s\u00fa. A panthenol er\u0151s\u00edti a b\u0151r barrier funkci\u00f3j\u00e1t is, \u00e9s jav\u00edtja a b\u0151r rugalmass\u00e1g\u00e1t. El\u0151seg\u00edti a sejtek regener\u00e1l\u00f3d\u00e1s\u00e1t.<\/p>\n<p>&nbsp;<\/p>\n<p>A mandulaolaj extra adag t\u00e1pl\u00e1l\u00e9kot ad a b\u0151rnek, el\u0151seg\u00edti a regener\u00e1l\u00f3d\u00e1s\u00e1t \u00e9s gondoskodik a kisimul\u00e1s\u00e1r\u00f3l is.<\/p>\n<p>Tusf\u00fcrd\u0151g\u00e9ljeink a kedvenc parf\u00fcm\u00f6k k\u00fcl\u00f6nb\u00f6z\u0151 illataiban kaphat\u00f3k, \u00e9s bebor\u00edtj\u00e1k \u00d6nt kedvenc illat\u00e1val.<br \/>\nA k\u00f3kuszolajb\u00f3l sz\u00e1rmaz\u00f3 term\u00e9szetes tenzidek gyeng\u00e9d, m\u00e9gis alapos tiszt\u00edt\u00e1st biztos\u00edtanak, amely nem irrit\u00e1lja b\u0151r\u00e9t, mint m\u00e1s kem\u00e9ny szappanok \u00e9s tusf\u00fcrd\u0151k. Ez a term\u00e9szetes zsel\u00e9s tiszt\u00edt\u00f3szer nagyon gyeng\u00e9d habot k\u00e9pez, amely a b\u0151r\u00f6n siklik an\u00e9lk\u00fcl, hogy megzavarn\u00e1 a b\u0151r term\u00e9szetes olajait, \u00edgy a b\u0151r tiszta, sima \u00e9s friss \u00e9rzetet hagy.<br \/>\nAqua, Aloe Barbadensis Leaf Juice, Decyl Glucoside, Lauryl Glucoside, Xanthan Gum, Panthenol, Parfum, Potassium Sorbate, Sodium Benzoate, Citric Acid, Mica, CI 77891, CI 75470, CI 77861, &nbsp;Linalool<\/p>\n","protected":false},"excerpt":{"rendered":"<p>Term\u00e9szetes tusf\u00fcrd\u0151 szulf\u00e1tok, parab\u00e9nek \u00e9s szilikonok n\u00e9lk\u00fcl. Bio n\u00f6v\u00e9nyi olajokkal, gyeng\u00e9d term\u00e9szetes tenzidekkel \u00e9s b\u0151rpuh\u00edt\u00f3 \u00f6sszetev\u0151kkel van \u00f6ssze\u00e1ll\u00edtva. A fel\u00fcletakt\u00edv anyagok n\u00f6v\u00e9nyi eredet\u0171ek \u00e9s finom habot k\u00e9peznek. Az aloe vera mag\u00e1hoz k\u00f6ti a nedvess\u00e9get, \u00edgy seg\u00edt hidrat\u00e1lni a b\u0151rt. A lev\u00e9lg\u00e9l jelent\u0151s regener\u00e1l\u00f3, nyugtat\u00f3, puh\u00edt\u00f3, l\u00e1gy\u00edt\u00f3, gy\u00f3gy\u00edt\u00f3 \u00e9s h\u0171s\u00edt\u0151 tulajdons\u00e1gokkal is rendelkezik. Antioxid\u00e1nsk\u00e9nt hat \u00e9s [&hellip;]<\/p>\n","protected":false},"featured_media":477101,"template":"","meta":{"_acf_changed":false},"product_brand":[],"product_cat":[3414,3380,3425,3445],"product_tag":[],"class_list":["post-477100","product","type-product","status-publish","has-post-thumbnail","product_cat-panakeia-naturkozmetikumok","product_cat-termeszetes-kozmetikumok","product_cat-testapolo-kozmetikumok","product_cat-zuhanyzselek","first","instock","product-type-external"],"acf":[],"_links":{"self":[{"href":"https:\/\/horgaszhely.hu\/hun\/wp-json\/wp\/v2\/product\/477100","targetHints":{"allow":["GET"]}}],"collection":[{"href":"https:\/\/horgaszhely.hu\/hun\/wp-json\/wp\/v2\/product"}],"about":[{"href":"https:\/\/horgaszhely.hu\/hun\/wp-json\/wp\/v2\/types\/product"}],"wp:featuredmedia":[{"embeddable":true,"href":"https:\/\/horgaszhely.hu\/hun\/wp-json\/wp\/v2\/media\/477101"}],"wp:attachment":[{"href":"https:\/\/horgaszhely.hu\/hun\/wp-json\/wp\/v2\/media?parent=477100"}],"wp:term":[{"taxonomy":"product_brand","embeddable":true,"href":"https:\/\/horgaszhely.hu\/hun\/wp-json\/wp\/v2\/product_brand?post=477100"},{"taxonomy":"product_cat","embeddable":true,"href":"https:\/\/horgaszhely.hu\/hun\/wp-json\/wp\/v2\/product_cat?post=477100"},{"taxonomy":"product_tag","embeddable":true,"href":"https:\/\/horgaszhely.hu\/hun\/wp-json\/wp\/v2\/product_tag?post=477100"}],"curies":[{"name":"wp","href":"https:\/\/api.w.org\/{rel}","templated":true}]}}

PANAKEIA Parfümözött tusfürdő &#8211; Cseresznyevirág 200ml

<p>Természetes tusfürdő szulfátok, parabének és szilikonok nélkül. Bio növényi olajokkal, gyengéd természetes tenzidekkel és bőrpuhító összetevőkkel van összeállítva. A felületaktív anyagok növényi eredetűek és finom habot képeznek.</p>
<p>Az aloe vera magához köti a nedvességet, így segít hidratálni a bőrt. A levélgél jelentős regeneráló, nyugtató, puhító, lágyító, gyógyító és hűsítő tulajdonságokkal is rendelkezik. Antioxidánsként hat és gyulladáscsökkentő hatású. Ezek a tulajdonságok ideálisak a leégés ellen.</p>
<p>&nbsp;</p>
<p>Apanthenol hidratáló, gyulladáscsökkentő, regeneráló és gyógyító hatású. A panthenol erősíti a bőr barrier funkcióját is, és javítja a bőr rugalmasságát. Elősegíti a sejtek regenerálódását.</p>
<p>&nbsp;</p>
<p>A mandulaolaj extra adag táplálékot ad a bőrnek, elősegíti a regenerálódását és gondoskodik a kisimulásáról is.</p>
<p>Tusfürdőgéljeink a kedvenc parfümök különböző illataiban kaphatók, és beborítják Önt kedvenc illatával.<br />
A kókuszolajból származó természetes tenzidek gyengéd, mégis alapos tisztítást biztosítanak, amely nem irritálja bőrét, mint más kemény szappanok és tusfürdők. Ez a természetes zselés tisztítószer nagyon gyengéd habot képez, amely a bőrön siklik anélkül, hogy megzavarná a bőr természetes olajait, így a bőr tiszta, sima és friss érzetet hagy.<br />
Aqua, Aloe Barbadensis Leaf Juice, Decyl Glucoside, Lauryl Glucoside, Xanthan Gum, Panthenol, Parfum, Potassium Sorbate, Sodium Benzoate, Citric Acid, Mica, CI 77891, CI 75470, CI 77861, &nbsp;Linalool</p>

<p>Természetes tusfürdő szulfátok, parabének és szilikonok nélkül. Bio növényi olajokkal, gyengéd természetes tenzidekkel és bőrpuhító összetevőkkel van összeállítva. A felületaktív anyagok növényi eredetűek és finom habot képeznek. Az aloe vera magához köti a nedvességet, így segít hidratálni a bőrt. A levélgél jelentős regeneráló, nyugtató, puhító, lágyító, gyógyító és hűsítő tulajdonságokkal is rendelkezik. Antioxidánsként hat és [&hellip;]</p>
