{"id":477104,"date":"2026-08-29T19:58:33","date_gmt":"2026-08-29T17:58:33","guid":{"rendered":"https:\/\/horgaszhely.hu\/hun\/termek\/panakeia-illatos-tusfurdo-lipa-200ml\/"},"modified":"2026-08-29T19:59:04","modified_gmt":"2026-08-29T17:59:04","slug":"panakeia-illatos-tusfurdo-lipa-200ml","status":"publish","type":"product","link":"https:\/\/horgaszhely.hu\/hun\/termek\/panakeia-illatos-tusfurdo-lipa-200ml\/","title":{"rendered":"PANAKEIA Illatos tusf\u00fcrd\u0151 &#8211; Lipa 200ml"},"content":{"rendered":"<p>Term\u00e9szetes tusf\u00fcrd\u0151 szulf\u00e1tok, parab\u00e9nek \u00e9s szilikonok n\u00e9lk\u00fcl. Bio n\u00f6v\u00e9nyi olajokkal, gyeng\u00e9d term\u00e9szetes tenzidekkel \u00e9s b\u0151rpuh\u00edt\u00f3 \u00f6sszetev\u0151kkel van \u00f6ssze\u00e1ll\u00edtva. A fel\u00fcletakt\u00edv anyagok n\u00f6v\u00e9nyi eredet\u0171ek \u00e9s finom habot k\u00e9peznek.<\/p>\n<p>Az aloe vera mag\u00e1hoz k\u00f6ti a nedvess\u00e9get, seg\u00edt hidrat\u00e1lni a b\u0151rt. A lev\u00e9lg\u00e9l jelent\u0151s regener\u00e1l\u00f3, nyugtat\u00f3, puh\u00edt\u00f3, l\u00e1gy\u00edt\u00f3, gy\u00f3gy\u00edt\u00f3 \u00e9s h\u0171s\u00edt\u0151 tulajdons\u00e1gokkal is rendelkezik. Antioxid\u00e1nsk\u00e9nt hat \u00e9s gyullad\u00e1scs\u00f6kkent\u0151 hat\u00e1s\u00fa. Ezek a tulajdons\u00e1gok ide\u00e1lisak nap\u00e9g\u00e9s eset\u00e9n.<\/p>\n<p>&nbsp;<\/p>\n<p>Apanthenol hidrat\u00e1l\u00f3, gyullad\u00e1scs\u00f6kkent\u0151, regener\u00e1l\u00f3 \u00e9s gy\u00f3gy\u00edt\u00f3 hat\u00e1s\u00fa. A panthenol er\u0151s\u00edti a b\u0151r barrier funkci\u00f3j\u00e1t is, \u00e9s jav\u00edtja a b\u0151r rugalmass\u00e1g\u00e1t. El\u0151seg\u00edti a sejtek regener\u00e1l\u00f3d\u00e1s\u00e1t.<\/p>\n<p>&nbsp;<\/p>\n<p>A mandulaolaj extra adag t\u00e1pl\u00e1l\u00e9kot ad a b\u0151rnek, el\u0151seg\u00edti a regener\u00e1l\u00f3d\u00e1s\u00e1t \u00e9s gondoskodik a kisimul\u00e1s\u00e1r\u00f3l is.<\/p>\n<p>Tusf\u00fcrd\u0151g\u00e9ljeink kedvenc parf\u00fcmj\u00e9nek k\u00fcl\u00f6nb\u00f6z\u0151 illataiban kaphat\u00f3k, \u00e9s bebor\u00edtj\u00e1k \u00d6nt kedvenc illat\u00e1val. A k\u00f3kuszolajb\u00f3l sz\u00e1rmaz\u00f3 term\u00e9szetes tenzidek gyeng\u00e9d, m\u00e9gis alapos tiszt\u00edt\u00e1st biztos\u00edtanak, amely nem irrit\u00e1lja a b\u0151rt, mint m\u00e1s kem\u00e9ny szappanok \u00e9s tusf\u00fcrd\u0151k. Ez a term\u00e9szetes zsel\u00e9s tiszt\u00edt\u00f3szer gyeng\u00e9d habot k\u00e9pez, amely a b\u0151r\u00f6n siklik an\u00e9lk\u00fcl, hogy megzavarn\u00e1 annak term\u00e9szetes olajait, tiszta, sima \u00e9s friss \u00e9rzetet hagyva a b\u0151r\u00f6n.<br \/>\nGyeng\u00e9d, \u00e9des m\u00e9gis mag\u00e1val ragad\u00f3 Egy illat, amely mag\u00e1val ragadja a k\u00f6r\u00fcl\u00f6tted l\u00e9v\u0151ket.. Megragadja a h\u00e1rsfavir\u00e1gok finom sz\u00e9ps\u00e9g\u00e9t, \u00e9s friss \u00e9s vir\u00e1gos szimf\u00f3ni\u00e1val t\u00f6lti meg a leveg\u0151t. Ez az illategyes\u00edti a h\u00e1rsfavir\u00e1g illat\u00e1t a j\u00e1cint, a r\u00f3zsa \u00e9s a gy\u00f6ngyvir\u00e1g var\u00e1zslatos jegyeivel. Az eredm\u00e9ny egy olyan illat, amely el\u0151seg\u00edti a frissess\u00e9get \u00e9s a n\u0151iess\u00e9get.<br \/>\n&nbsp;<\/p>\n<p>Haszn\u00e1lati utas\u00edt\u00e1s:<\/p>\n<p>Vigye fel a g\u00e9lt a nedves testb\u0151rre, \u00e9s k\u00f6rk\u00f6r\u00f6s mozdulatokkal gyeng\u00e9den massz\u00edrozza be. Miut\u00e1n gyeng\u00e9den felhabos\u00edtotta \u00e9s megtiszt\u00edtotta a b\u0151rt, \u00f6bl\u00edtse le v\u00edzzel.<\/p>\n<p>Figyelmeztet\u00e9s:<\/p>\n<p>Kiz\u00e1r\u00f3lag k\u00fcls\u0151 haszn\u00e1latra. Ker\u00fclje a szemmel \u00e9s a ny\u00e1lkah\u00e1rty\u00e1val val\u00f3 \u00e9rintkez\u00e9st. Ne haszn\u00e1lja irrit\u00e1lt vagy \u00e9rz\u00e9keny b\u0151r\u00f6n. Ne haszn\u00e1lja, ha \u00e9rz\u00e9keny a term\u00e9kben tal\u00e1lhat\u00f3 \u00f6sszetev\u0151kre. Ez a term\u00e9k 3 \u00e9ves kort\u00f3l alkalmas gyermekek sz\u00e1m\u00e1ra. Gyermekek el\u0151l elz\u00e1rva tartand\u00f3.<\/p>\n<p>T\u00e1rol\u00e1s:<\/p>\n<p>A term\u00e9ket szobah\u0151m\u00e9rs\u00e9kleten, h\u0151forr\u00e1st\u00f3l \u00e9s k\u00f6zvetlen napf\u00e9nyt\u0151l v\u00e9dve t\u00e1rolja.<\/p>\n<p>Contents:<\/p>\n<p>200 ml<\/p>\n<p>\u00d6sszetev\u0151k:<\/p>\n<p>Aqua, Aloe Barbadensis Leaf Juice, Decyl Glucoside, Lauryl Glucoside, Prunus Amygdalus Dulcis Oil, Polyglyceryl-4 Oleate, Xanthan Gum, Parfum, Panthenol, Potassium Sorbate, Sodium Benzoate, Citric Acid<\/p>\n<p>Felel\u0151s szem\u00e9ly \u00e9s gy\u00e1rt\u00f3:<\/p>\n<p>PANAKEIA SK s.r.o., \u017dabinsk\u00e1 2, 91105 Trencs\u00e9n, Szlov\u00e1k K\u00f6zt\u00e1rsas\u00e1g.<br \/>\nwww.panakeia.hu<\/p>\n","protected":false},"excerpt":{"rendered":"<p>Term\u00e9szetes tusf\u00fcrd\u0151 szulf\u00e1tok, parab\u00e9nek \u00e9s szilikonok n\u00e9lk\u00fcl. Bio n\u00f6v\u00e9nyi olajokkal, gyeng\u00e9d term\u00e9szetes tenzidekkel \u00e9s b\u0151rpuh\u00edt\u00f3 \u00f6sszetev\u0151kkel van \u00f6ssze\u00e1ll\u00edtva. A fel\u00fcletakt\u00edv anyagok n\u00f6v\u00e9nyi eredet\u0171ek \u00e9s finom habot k\u00e9peznek. Az aloe vera mag\u00e1hoz k\u00f6ti a nedvess\u00e9get, seg\u00edt hidrat\u00e1lni a b\u0151rt. A lev\u00e9lg\u00e9l jelent\u0151s regener\u00e1l\u00f3, nyugtat\u00f3, puh\u00edt\u00f3, l\u00e1gy\u00edt\u00f3, gy\u00f3gy\u00edt\u00f3 \u00e9s h\u0171s\u00edt\u0151 tulajdons\u00e1gokkal is rendelkezik. Antioxid\u00e1nsk\u00e9nt hat \u00e9s gyullad\u00e1scs\u00f6kkent\u0151 [&hellip;]<\/p>\n","protected":false},"featured_media":477105,"template":"","meta":{"_acf_changed":false},"product_brand":[],"product_cat":[3414,3380,3425,3445],"product_tag":[],"class_list":["post-477104","product","type-product","status-publish","has-post-thumbnail","product_cat-panakeia-naturkozmetikumok","product_cat-termeszetes-kozmetikumok","product_cat-testapolo-kozmetikumok","product_cat-zuhanyzselek","first","instock","product-type-external"],"acf":[],"_links":{"self":[{"href":"https:\/\/horgaszhely.hu\/hun\/wp-json\/wp\/v2\/product\/477104","targetHints":{"allow":["GET"]}}],"collection":[{"href":"https:\/\/horgaszhely.hu\/hun\/wp-json\/wp\/v2\/product"}],"about":[{"href":"https:\/\/horgaszhely.hu\/hun\/wp-json\/wp\/v2\/types\/product"}],"wp:featuredmedia":[{"embeddable":true,"href":"https:\/\/horgaszhely.hu\/hun\/wp-json\/wp\/v2\/media\/477105"}],"wp:attachment":[{"href":"https:\/\/horgaszhely.hu\/hun\/wp-json\/wp\/v2\/media?parent=477104"}],"wp:term":[{"taxonomy":"product_brand","embeddable":true,"href":"https:\/\/horgaszhely.hu\/hun\/wp-json\/wp\/v2\/product_brand?post=477104"},{"taxonomy":"product_cat","embeddable":true,"href":"https:\/\/horgaszhely.hu\/hun\/wp-json\/wp\/v2\/product_cat?post=477104"},{"taxonomy":"product_tag","embeddable":true,"href":"https:\/\/horgaszhely.hu\/hun\/wp-json\/wp\/v2\/product_tag?post=477104"}],"curies":[{"name":"wp","href":"https:\/\/api.w.org\/{rel}","templated":true}]}}

PANAKEIA Illatos tusfürdő &#8211; Lipa 200ml

<p>Természetes tusfürdő szulfátok, parabének és szilikonok nélkül. Bio növényi olajokkal, gyengéd természetes tenzidekkel és bőrpuhító összetevőkkel van összeállítva. A felületaktív anyagok növényi eredetűek és finom habot képeznek.</p>
<p>Az aloe vera magához köti a nedvességet, segít hidratálni a bőrt. A levélgél jelentős regeneráló, nyugtató, puhító, lágyító, gyógyító és hűsítő tulajdonságokkal is rendelkezik. Antioxidánsként hat és gyulladáscsökkentő hatású. Ezek a tulajdonságok ideálisak napégés esetén.</p>
<p>&nbsp;</p>
<p>Apanthenol hidratáló, gyulladáscsökkentő, regeneráló és gyógyító hatású. A panthenol erősíti a bőr barrier funkcióját is, és javítja a bőr rugalmasságát. Elősegíti a sejtek regenerálódását.</p>
<p>&nbsp;</p>
<p>A mandulaolaj extra adag táplálékot ad a bőrnek, elősegíti a regenerálódását és gondoskodik a kisimulásáról is.</p>
<p>Tusfürdőgéljeink kedvenc parfümjének különböző illataiban kaphatók, és beborítják Önt kedvenc illatával. A kókuszolajból származó természetes tenzidek gyengéd, mégis alapos tisztítást biztosítanak, amely nem irritálja a bőrt, mint más kemény szappanok és tusfürdők. Ez a természetes zselés tisztítószer gyengéd habot képez, amely a bőrön siklik anélkül, hogy megzavarná annak természetes olajait, tiszta, sima és friss érzetet hagyva a bőrön.<br />
Gyengéd, édes mégis magával ragadó Egy illat, amely magával ragadja a körülötted lévőket.. Megragadja a hársfavirágok finom szépségét, és friss és virágos szimfóniával tölti meg a levegőt. Ez az illategyesíti a hársfavirág illatát a jácint, a rózsa és a gyöngyvirág varázslatos jegyeivel. Az eredmény egy olyan illat, amely elősegíti a frissességet és a nőiességet.<br />
&nbsp;</p>
<p>Használati utasítás:</p>
<p>Vigye fel a gélt a nedves testbőrre, és körkörös mozdulatokkal gyengéden masszírozza be. Miután gyengéden felhabosította és megtisztította a bőrt, öblítse le vízzel.</p>
<p>Figyelmeztetés:</p>
<p>Kizárólag külső használatra. Kerülje a szemmel és a nyálkahártyával való érintkezést. Ne használja irritált vagy érzékeny bőrön. Ne használja, ha érzékeny a termékben található összetevőkre. Ez a termék 3 éves kortól alkalmas gyermekek számára. Gyermekek elől elzárva tartandó.</p>
<p>Tárolás:</p>
<p>A terméket szobahőmérsékleten, hőforrástól és közvetlen napfénytől védve tárolja.</p>
<p>Contents:</p>
<p>200 ml</p>
<p>Összetevők:</p>
<p>Aqua, Aloe Barbadensis Leaf Juice, Decyl Glucoside, Lauryl Glucoside, Prunus Amygdalus Dulcis Oil, Polyglyceryl-4 Oleate, Xanthan Gum, Parfum, Panthenol, Potassium Sorbate, Sodium Benzoate, Citric Acid</p>
<p>Felelős személy és gyártó:</p>
<p>PANAKEIA SK s.r.o., Žabinská 2, 91105 Trencsén, Szlovák Köztársaság.<br />
www.panakeia.hu</p>

<p>Természetes tusfürdő szulfátok, parabének és szilikonok nélkül. Bio növényi olajokkal, gyengéd természetes tenzidekkel és bőrpuhító összetevőkkel van összeállítva. A felületaktív anyagok növényi eredetűek és finom habot képeznek. Az aloe vera magához köti a nedvességet, segít hidratálni a bőrt. A levélgél jelentős regeneráló, nyugtató, puhító, lágyító, gyógyító és hűsítő tulajdonságokkal is rendelkezik. Antioxidánsként hat és gyulladáscsökkentő [&hellip;]</p>
