{"id":477112,"date":"2026-08-29T19:58:33","date_gmt":"2026-08-29T17:58:33","guid":{"rendered":"https:\/\/horgaszhely.hu\/hun\/termek\/panalux-by-panakeia-peptid-nappali-krem-30ml\/"},"modified":"2026-08-29T19:59:19","modified_gmt":"2026-08-29T17:59:19","slug":"panalux-by-panakeia-peptid-nappali-krem-30ml","status":"publish","type":"product","link":"https:\/\/horgaszhely.hu\/hun\/termek\/panalux-by-panakeia-peptid-nappali-krem-30ml\/","title":{"rendered":"PANALUX by PANAKEIA Peptid nappali kr\u00e9m 30ml"},"content":{"rendered":"<p>A Spirulina platensisb\u0151l sz\u00e1rmaz\u00f3 niacinamid jelenl\u00e9te jav\u00edtja a hidrat\u00e1lts\u00e1got \u00e9s el\u0151seg\u00edti a rugalmas \u00e9s eg\u00e9szs\u00e9gesebbnek t\u0171n\u0151 b\u0151r kialakul\u00e1s\u00e1t.<\/p>\n<p>A peptidek val\u00f3ban kiv\u00e9teles hat\u00e1ssal vannak a megereszkedett \u00e9s megereszkedett b\u0151rre. Kiv\u00e1l\u00f3s\u00e1guk abban is rejlik, hogy rendszeres haszn\u00e1lat mellett kisim\u00edtj\u00e1k a m\u00e9ly r\u00e1ncokat.<\/p>\n<p>&nbsp;<br \/>\nA b\u0151r sokkal rugalmasabb, feszesebb, \u00e9s ami a legfontosabb, \u00f6sszess\u00e9g\u00e9ben sim\u00e1bb \u00e9s eg\u00e9szs\u00e9gesebb.<\/p>\n<p>&nbsp;<br \/>\nNagyon aj\u00e1nlatos, k\u00fcl\u00f6n\u00f6sen \u00e9rettebb korban, hogy a b\u0151r\u00e1pol\u00e1si rutin r\u00e9szek\u00e9nt legyen otthon peptidsz\u00e9rum. Rendszeres alkalmaz\u00e1s eset\u00e9n a hat\u00e1s elk\u00e9peszt\u0151 \u00e9s garant\u00e1lt.<\/p>\n<p>&nbsp;<br \/>\nEl\u0151ny\u00f6k<\/p>\n<p>Kisim\u00edtja a r\u00e1ncokat \u00e9s a finom vonalakat<br \/>\nMegfesz\u00edti a b\u0151rt<br \/>\nVissza\u00e1ll\u00edtja a b\u0151r rugalmass\u00e1g\u00e1t<br \/>\nEnyh\u00edti az irrit\u00e1ci\u00f3t \u00e9s a b\u0151rp\u00edrt<br \/>\nFenntartja a b\u0151r eg\u00e9szs\u00e9ges mikrobiomj\u00e1t<br \/>\nHelyre\u00e1ll\u00edtja a laza arckont\u00farokat<br \/>\nEllens\u00falyozza a b\u0151r korai \u00f6reged\u00e9s\u00e9t<br \/>\nM\u00e9lyen hidrat\u00e1l<\/p>\n<p>Akt\u00edv \u00f6sszetev\u0151ket tartalmaz a b\u0151r fiatal\u00edt\u00e1s\u00e1ra \u00e9s v\u00e9delm\u00e9re:<\/p>\n<p>&nbsp;<br \/>\nAzArgireline\u00ae egy multifunkcion\u00e1lis peptid, amelyet a z\u00f6ld k\u00e9mia elvei szerint terveztek \u00e9s gy\u00e1rtottak. Az ARGIRELINE-t \u00e1ltal\u00e1ban &#8222;Botox egy t\u00e9gelyben&#8221; n\u00e9ven emlegetik. Ez egy peptidvegy\u00fclet, amelyet a finom vonalak \u00e9s r\u00e1ncok megjelen\u00e9s\u00e9nek cs\u00f6kkent\u00e9s\u00e9re haszn\u00e1lnak. El\u0151seg\u00edti a b\u0151r term\u00e9szetes 1. t\u00edpus\u00fa kollag\u00e9n termel\u00e9s\u00e9t, amely egy kulcsfontoss\u00e1g\u00fa feh\u00e9rje, amely nagy, eozinofil rostokat k\u00e9pez az izomzat \u00fajj\u00e1\u00e9p\u00edt\u00e9se \u00e9rdek\u00e9ben, cs\u00f6kkentve a finom vonalakat \u00e9s r\u00e1ncokat. Ez az \u00f6sszetev\u0151 blokkolja az idegekb\u0151l az izmokhoz \u00e9rkez\u0151 jeleket, ezek az izmok nem tudnak t\u00f6bb\u00e9 \u00f6sszeh\u00faz\u00f3dni, \u00edgy a r\u00e1ncok ellazulnak \u00e9s felpuhulnak. A peptid emellett minimaliz\u00e1lja az \u00f6reged\u00e9si folyamatot a b\u0151r minden r\u00e9teg\u00e9ben.<\/p>\n<p>&nbsp;<br \/>\nSYN-COLL Ezt a peptidet kifejezetten arra tervezt\u00e9k, hogy seg\u00edtsen a b\u0151rnek term\u00e9szetes m\u00f3don stimul\u00e1lni a kollag\u00e9ntermel\u00e9st, ami seg\u00edt cs\u00f6kkenteni, s\u0151t lass\u00edtani az \u00f6reged\u00e9s jelent\u0151s jeleit, p\u00e9ld\u00e1ul a finom vonalakat \u00e9s r\u00e1ncokat. Ezen k\u00edv\u00fcl a Syn-collnak megvan az a hozz\u00e1adott k\u00e9pess\u00e9ge, hogy hidrat\u00e1l \u00e9s serkenti a kollag\u00e9ntermel\u00e9st. A Syn-Coll peptid egy term\u00e9szetes peptidet helyettes\u00edt a b\u0151rben. A laborat\u00f3riumokban cs\u00f6kkentett\u00e9k a molekul\u00e1inak m\u00e9ret\u00e9t, hogy behatolhasson a b\u0151rbe, \u00e9s \u00edgy ne csak a b\u0151r felsz\u00edn\u00e9n fejtse ki hat\u00e1s\u00e1t. Elt\u00e1vol\u00edtja mind a finom, mind a m\u00e9ly r\u00e1ncokat, \u00e9s helyre\u00e1ll\u00edtja a s\u00e9r\u00fclt sz\u00f6veteket &#8211; jav\u00edtja a gy\u00f3gyul\u00e1si folyamatot. N\u00f6veli a b\u0151r \u00e9rell\u00e1t\u00e1s\u00e1t \u00e9s jav\u00edtja a b\u0151r hidrat\u00e1lts\u00e1g\u00e1t az\u00e1ltal, hogy serkenti a kollag\u00e9ntermel\u00e9st, mik\u00f6zben megakad\u00e1lyozza a kollag\u00e9nveszt\u00e9st. A b\u0151rt sim\u00e1v\u00e1, puh\u00e1v\u00e1 \u00e9s hidrat\u00e1ltt\u00e1 teszi.<\/p>\n<p>&nbsp;<br \/>\nAPhytoSpherix&#x2122; n\u00f6v\u00e9nyi glikog\u00e9n a b\u0151r energetiz\u00e1l\u00e1s\u00e1ra n\u00f6veli a sejtek anyagcser\u00e9j\u00e9t \u00e9s el\u0151seg\u00edti a b\u0151rsejtek kollag\u00e9n- \u00e9s hialuronsav termel\u00e9s\u00e9t.<\/p>\n<p>&nbsp;<br \/>\nABiEau\u00ae Actif Green Algae egy l\u00e9tfontoss\u00e1g\u00fa n\u00f6v\u00e9nyi esszencia, amely k\u00e9pes cs\u00f6kkenteni a transzepiderm\u00e1lis v\u00edzvesztes\u00e9get, mik\u00f6zben n\u00f6veli a b\u0151r nedvess\u00e9gtartalm\u00e1t. Ez a spirulina platensis esszencia fenntarthat\u00f3 forr\u00e1sb\u00f3l sz\u00e1rmazik, a b\u0151r nedvess\u00e9gtartalm\u00e1nak n\u00f6vel\u00e9s\u00e9re \u00e9s a hat\u00e9kony sz\u00e9ps\u00e9g\u00e1pol\u00e1s el\u0151seg\u00edt\u00e9s\u00e9re tervezt\u00e9k, k\u00f6rnyezetbar\u00e1t m\u00f3don. A spirulina platensis egy k\u00e9k-z\u00f6ld alga, amelyet a tengerek szuper\u00e9lelmiszer\u00e9nek tartanak, \u00e9s gazdag t\u00e1panyagforr\u00e1sk\u00e9nt ismert, bele\u00e9rtve a niacinamidot, vagyis a B3-vitamint. A Spirulina platensis a niacinamid egyik leggazdagabb term\u00e9szetes forr\u00e1sa. A niacinamid mint b\u0151r\u00e1pol\u00f3 \u00f6sszetev\u0151 egyik egyed\u00fcl\u00e1ll\u00f3 el\u0151nye, hogy k\u00e9pes er\u0151s\u00edteni a barrier funkci\u00f3t. A niacinamid a szervezetben NADPH-v\u00e1 alakul \u00e1t, amely kofaktor a zs\u00edrsavak \u00e9s lipidek, p\u00e9ld\u00e1ul a ceramidok szint\u00e9zis\u00e9hez, amelyek kulcsfontoss\u00e1g\u00faak az epiderm\u00e1lis barrierfunkci\u00f3 szempontj\u00e1b\u00f3l. Ezenk\u00edv\u00fcl a niacinamidr\u00f3l ismert, hogy fokozza az epiderm\u00e1lis feh\u00e9rj\u00e9k termel\u00e9s\u00e9t, amelyek l\u00e9tfontoss\u00e1g\u00faak a b\u0151r k\u00fcls\u0151 r\u00e9teg\u00e9nek kialakul\u00e1s\u00e1hoz \u00e9s fenntart\u00e1s\u00e1hoz, hogy jav\u00edtsa a hidrat\u00e1lts\u00e1got \u00e9s el\u0151seg\u00edtse a rugalmas \u00e9s eg\u00e9szs\u00e9gesebb kin\u00e9zet\u0171 b\u0151r kialakul\u00e1s\u00e1t.<\/p>\n<p>&nbsp;<br \/>\nA f\u00fcgekaktuszolajat a vil\u00e1g legdr\u00e1g\u00e1bb olaj\u00e1nak \u00e9s a b\u0151r legluxusabb term\u00e9szetes \u00e1pol\u00f3j\u00e1nak tartj\u00e1k. Mivel k\u00e9pes lass\u00edtani a sejtek \u00f6reged\u00e9s\u00e9t \u00e9s felgyors\u00edtani a b\u0151r \u00e1ltal\u00e1nos regener\u00e1l\u00f3d\u00e1s\u00e1t, a f\u00fcgekaktusz olajat a leghat\u00e9konyabb term\u00e9szetes arcfelvarr\u00e1snak tartj\u00e1k a b\u0151re sz\u00e1m\u00e1ra. Alapb\u00f3l \u00e1polja \u00e9s helyre\u00e1ll\u00edtja a b\u0151r text\u00far\u00e1j\u00e1t.<\/p>\n<p>&nbsp;<br \/>\nA k\u00e1v\u00e9olaj er\u0151s\u00edti a sejteket, feszess\u00e9get \u00e9s rugalmass\u00e1got ad a b\u0151rnek.<\/p>\n<p>&nbsp;<br \/>\nA marulaolaj az eg\u00e9szs\u00e9ges zs\u00edrsavak \u00e9s antioxid\u00e1nsok gazdag forr\u00e1sa.<br \/>\n&nbsp;<br \/>\nAcupuacu vaj magas antioxid\u00e1ns tartalm\u00e1nak k\u00f6sz\u00f6nhet\u0151en nyugtatja \u00e9s v\u00e9di a b\u0151rt, valamint el\u0151seg\u00edti a b\u0151rregener\u00e1ci\u00f3s folyamatokat.<\/p>\n<p>&nbsp;<br \/>\nA szkval\u00e1n seg\u00edt t\u00e1mogatni a b\u0151r term\u00e9szetes v\u00e9d\u0151g\u00e1tj\u00e1t. Nyugtatja a sz\u00e1raz \u00e9s irrit\u00e1lt b\u0151rt, \u00e9s seg\u00edt a b\u0151rp\u00edr eset\u00e9n. Hidrat\u00e1lja \u00e9s a b\u0151rben tartja a nedvess\u00e9get az\u00e1ltal, hogy v\u00e9d\u0151g\u00e1tat k\u00e9pez a b\u0151r felsz\u00edn\u00e9n.<\/p>\n<p>&nbsp;<br \/>\nUsage:<br \/>\nReggelente vigye fel a megtiszt\u00edtott \u00e9s toniz\u00e1lt b\u0151rre. A m\u00e9g jobb hat\u00e1s \u00e9rdek\u00e9ben haszn\u00e1lat el\u0151tt alkalmazza a PANALUX hidrat\u00e1l\u00f3 peptidsz\u00e9rumunkat.<br \/>\nA kr\u00e9m minden b\u0151rt\u00edpusra<\/p>\n","protected":false},"excerpt":{"rendered":"<p>A Spirulina platensisb\u0151l sz\u00e1rmaz\u00f3 niacinamid jelenl\u00e9te jav\u00edtja a hidrat\u00e1lts\u00e1got \u00e9s el\u0151seg\u00edti a rugalmas \u00e9s eg\u00e9szs\u00e9gesebbnek t\u0171n\u0151 b\u0151r kialakul\u00e1s\u00e1t. A peptidek val\u00f3ban kiv\u00e9teles hat\u00e1ssal vannak a megereszkedett \u00e9s megereszkedett b\u0151rre. Kiv\u00e1l\u00f3s\u00e1guk abban is rejlik, hogy rendszeres haszn\u00e1lat mellett kisim\u00edtj\u00e1k a m\u00e9ly r\u00e1ncokat. &nbsp; A b\u0151r sokkal rugalmasabb, feszesebb, \u00e9s ami a legfontosabb, \u00f6sszess\u00e9g\u00e9ben sim\u00e1bb \u00e9s eg\u00e9szs\u00e9gesebb. [&hellip;]<\/p>\n","protected":false},"featured_media":477113,"template":"","meta":{"_acf_changed":false},"product_brand":[],"product_cat":[3414,3466,3380],"product_tag":[],"class_list":["post-477112","product","type-product","status-publish","has-post-thumbnail","product_cat-panakeia-naturkozmetikumok","product_cat-panalux-luxus-naturkozmetikumok","product_cat-termeszetes-kozmetikumok","first","instock","product-type-external"],"acf":[],"_links":{"self":[{"href":"https:\/\/horgaszhely.hu\/hun\/wp-json\/wp\/v2\/product\/477112","targetHints":{"allow":["GET"]}}],"collection":[{"href":"https:\/\/horgaszhely.hu\/hun\/wp-json\/wp\/v2\/product"}],"about":[{"href":"https:\/\/horgaszhely.hu\/hun\/wp-json\/wp\/v2\/types\/product"}],"wp:featuredmedia":[{"embeddable":true,"href":"https:\/\/horgaszhely.hu\/hun\/wp-json\/wp\/v2\/media\/477113"}],"wp:attachment":[{"href":"https:\/\/horgaszhely.hu\/hun\/wp-json\/wp\/v2\/media?parent=477112"}],"wp:term":[{"taxonomy":"product_brand","embeddable":true,"href":"https:\/\/horgaszhely.hu\/hun\/wp-json\/wp\/v2\/product_brand?post=477112"},{"taxonomy":"product_cat","embeddable":true,"href":"https:\/\/horgaszhely.hu\/hun\/wp-json\/wp\/v2\/product_cat?post=477112"},{"taxonomy":"product_tag","embeddable":true,"href":"https:\/\/horgaszhely.hu\/hun\/wp-json\/wp\/v2\/product_tag?post=477112"}],"curies":[{"name":"wp","href":"https:\/\/api.w.org\/{rel}","templated":true}]}}

PANALUX by PANAKEIA Peptid nappali krém 30ml

<p>A Spirulina platensisből származó niacinamid jelenléte javítja a hidratáltságot és elősegíti a rugalmas és egészségesebbnek tűnő bőr kialakulását.</p>
<p>A peptidek valóban kivételes hatással vannak a megereszkedett és megereszkedett bőrre. Kiválóságuk abban is rejlik, hogy rendszeres használat mellett kisimítják a mély ráncokat.</p>
<p>&nbsp;<br />
A bőr sokkal rugalmasabb, feszesebb, és ami a legfontosabb, összességében simább és egészségesebb.</p>
<p>&nbsp;<br />
Nagyon ajánlatos, különösen érettebb korban, hogy a bőrápolási rutin részeként legyen otthon peptidszérum. Rendszeres alkalmazás esetén a hatás elképesztő és garantált.</p>
<p>&nbsp;<br />
Előnyök</p>
<p>Kisimítja a ráncokat és a finom vonalakat<br />
Megfeszíti a bőrt<br />
Visszaállítja a bőr rugalmasságát<br />
Enyhíti az irritációt és a bőrpírt<br />
Fenntartja a bőr egészséges mikrobiomját<br />
Helyreállítja a laza arckontúrokat<br />
Ellensúlyozza a bőr korai öregedését<br />
Mélyen hidratál</p>
<p>Aktív összetevőket tartalmaz a bőr fiatalítására és védelmére:</p>
<p>&nbsp;<br />
AzArgireline® egy multifunkcionális peptid, amelyet a zöld kémia elvei szerint terveztek és gyártottak. Az ARGIRELINE-t általában &#8222;Botox egy tégelyben&#8221; néven emlegetik. Ez egy peptidvegyület, amelyet a finom vonalak és ráncok megjelenésének csökkentésére használnak. Elősegíti a bőr természetes 1. típusú kollagén termelését, amely egy kulcsfontosságú fehérje, amely nagy, eozinofil rostokat képez az izomzat újjáépítése érdekében, csökkentve a finom vonalakat és ráncokat. Ez az összetevő blokkolja az idegekből az izmokhoz érkező jeleket, ezek az izmok nem tudnak többé összehúzódni, így a ráncok ellazulnak és felpuhulnak. A peptid emellett minimalizálja az öregedési folyamatot a bőr minden rétegében.</p>
<p>&nbsp;<br />
SYN-COLL Ezt a peptidet kifejezetten arra tervezték, hogy segítsen a bőrnek természetes módon stimulálni a kollagéntermelést, ami segít csökkenteni, sőt lassítani az öregedés jelentős jeleit, például a finom vonalakat és ráncokat. Ezen kívül a Syn-collnak megvan az a hozzáadott képessége, hogy hidratál és serkenti a kollagéntermelést. A Syn-Coll peptid egy természetes peptidet helyettesít a bőrben. A laboratóriumokban csökkentették a molekuláinak méretét, hogy behatolhasson a bőrbe, és így ne csak a bőr felszínén fejtse ki hatását. Eltávolítja mind a finom, mind a mély ráncokat, és helyreállítja a sérült szöveteket &#8211; javítja a gyógyulási folyamatot. Növeli a bőr érellátását és javítja a bőr hidratáltságát azáltal, hogy serkenti a kollagéntermelést, miközben megakadályozza a kollagénvesztést. A bőrt simává, puhává és hidratálttá teszi.</p>
<p>&nbsp;<br />
APhytoSpherix&#x2122; növényi glikogén a bőr energetizálására növeli a sejtek anyagcseréjét és elősegíti a bőrsejtek kollagén- és hialuronsav termelését.</p>
<p>&nbsp;<br />
ABiEau® Actif Green Algae egy létfontosságú növényi esszencia, amely képes csökkenteni a transzepidermális vízveszteséget, miközben növeli a bőr nedvességtartalmát. Ez a spirulina platensis esszencia fenntartható forrásból származik, a bőr nedvességtartalmának növelésére és a hatékony szépségápolás elősegítésére tervezték, környezetbarát módon. A spirulina platensis egy kék-zöld alga, amelyet a tengerek szuperélelmiszerének tartanak, és gazdag tápanyagforrásként ismert, beleértve a niacinamidot, vagyis a B3-vitamint. A Spirulina platensis a niacinamid egyik leggazdagabb természetes forrása. A niacinamid mint bőrápoló összetevő egyik egyedülálló előnye, hogy képes erősíteni a barrier funkciót. A niacinamid a szervezetben NADPH-vá alakul át, amely kofaktor a zsírsavak és lipidek, például a ceramidok szintéziséhez, amelyek kulcsfontosságúak az epidermális barrierfunkció szempontjából. Ezenkívül a niacinamidról ismert, hogy fokozza az epidermális fehérjék termelését, amelyek létfontosságúak a bőr külső rétegének kialakulásához és fenntartásához, hogy javítsa a hidratáltságot és elősegítse a rugalmas és egészségesebb kinézetű bőr kialakulását.</p>
<p>&nbsp;<br />
A fügekaktuszolajat a világ legdrágább olajának és a bőr legluxusabb természetes ápolójának tartják. Mivel képes lassítani a sejtek öregedését és felgyorsítani a bőr általános regenerálódását, a fügekaktusz olajat a leghatékonyabb természetes arcfelvarrásnak tartják a bőre számára. Alapból ápolja és helyreállítja a bőr textúráját.</p>
<p>&nbsp;<br />
A kávéolaj erősíti a sejteket, feszességet és rugalmasságot ad a bőrnek.</p>
<p>&nbsp;<br />
A marulaolaj az egészséges zsírsavak és antioxidánsok gazdag forrása.<br />
&nbsp;<br />
Acupuacu vaj magas antioxidáns tartalmának köszönhetően nyugtatja és védi a bőrt, valamint elősegíti a bőrregenerációs folyamatokat.</p>
<p>&nbsp;<br />
A szkvalán segít támogatni a bőr természetes védőgátját. Nyugtatja a száraz és irritált bőrt, és segít a bőrpír esetén. Hidratálja és a bőrben tartja a nedvességet azáltal, hogy védőgátat képez a bőr felszínén.</p>
<p>&nbsp;<br />
Usage:<br />
Reggelente vigye fel a megtisztított és tonizált bőrre. A még jobb hatás érdekében használat előtt alkalmazza a PANALUX hidratáló peptidszérumunkat.<br />
A krém minden bőrtípusra</p>

<p>A Spirulina platensisből származó niacinamid jelenléte javítja a hidratáltságot és elősegíti a rugalmas és egészségesebbnek tűnő bőr kialakulását. A peptidek valóban kivételes hatással vannak a megereszkedett és megereszkedett bőrre. Kiválóságuk abban is rejlik, hogy rendszeres használat mellett kisimítják a mély ráncokat. &nbsp; A bőr sokkal rugalmasabb, feszesebb, és ami a legfontosabb, összességében simább és egészségesebb. [&hellip;]</p>
