{"id":477201,"date":"2026-08-29T20:00:13","date_gmt":"2026-08-29T18:00:13","guid":{"rendered":"https:\/\/horgaszhely.hu\/hun\/termek\/panakeia-nappali-kremek-mintai-8x2ml\/"},"modified":"2026-08-29T20:01:02","modified_gmt":"2026-08-29T18:01:02","slug":"panakeia-nappali-kremek-mintai-8x2ml","status":"publish","type":"product","link":"https:\/\/horgaszhely.hu\/hun\/termek\/panakeia-nappali-kremek-mintai-8x2ml\/","title":{"rendered":"PANAKEIA\u00ae nappali kr\u00e9mek mint\u00e1i 8x2ml"},"content":{"rendered":"<p>Szeretn\u00e9d megtal\u00e1lni a b\u0151r\u00f6dh\u00f6z legjobban ill\u0151 nappali kr\u00e9met? Ez a mintacsomag 8 k\u00fcl\u00f6nb\u00f6z\u0151 PANAKEIA\u00ae nappali kr\u00e9met tartalmaz, egyenk\u00e9nt 2 ml-es kiszerel\u00e9sben \u2013 \u00edgy nyugodtan, otthon pr\u00f3b\u00e1lhatod ki mindet, miel\u0151tt a teljes m\u00e9ret mellett d\u00f6nten\u00e9l.8 k\u00fcl\u00f6nb\u00f6z\u0151 nappali kr\u00e9m egyetlen csomagban2 ml-es mint\u00e1k \u2013 t\u00f6bb napos pr\u00f3b\u00e1hoz is elegend\u0151Megismerheted a text\u00far\u00e1kat, az illatokat \u00e9s a b\u0151r\u00f6d reakci\u00f3j\u00e1tKedves aj\u00e1nd\u00e9k annak is, aki most ismerkedik a m\u00e1rk\u00e1valHaszn\u00e1lat: Reggel vigy\u00e9l fel kis mennyis\u00e9get a megtiszt\u00edtott arcb\u0151rre, \u00e9s gyeng\u00e9den massz\u00edrozd be. Egyszerre egy kr\u00e9met pr\u00f3b\u00e1lj ki, hogy tiszt\u00e1n \u00e9rezd, hogyan \u00e9rzi mag\u00e1t t\u0151le a b\u0151r\u00f6d.<\/p>\n","protected":false},"excerpt":{"rendered":"<p>Szeretn\u00e9d megtal\u00e1lni a b\u0151r\u00f6dh\u00f6z legjobban ill\u0151 nappali kr\u00e9met? Ez a mintacsomag 8 k\u00fcl\u00f6nb\u00f6z\u0151 PANAKEIA\u00ae nappali kr\u00e9met tartalmaz, egyenk\u00e9nt 2 ml-es kiszerel\u00e9sben \u2013 \u00edgy nyugodtan, otthon pr\u00f3b\u00e1lhatod ki mindet, miel\u0151tt a teljes m\u00e9ret mellett d\u00f6nten\u00e9l.8 k\u00fcl\u00f6nb\u00f6z\u0151 nappali kr\u00e9m egyetlen csomagban2 ml-es mint\u00e1k \u2013 t\u00f6bb napos pr\u00f3b\u00e1hoz is elegend\u0151Megismerheted a text\u00far\u00e1kat, az illatokat \u00e9s a b\u0151r\u00f6d reakci\u00f3j\u00e1tKedves [&hellip;]<\/p>\n","protected":false},"featured_media":477202,"template":"","meta":{"_acf_changed":false},"product_brand":[],"product_cat":[3429,3436,3459,3414,3380],"product_tag":[],"class_list":["post-477201","product","type-product","status-publish","has-post-thumbnail","product_cat-arckozmetikum","product_cat-nappali-kremek","product_cat-nappali-kremek-mintai","product_cat-panakeia-naturkozmetikumok","product_cat-termeszetes-kozmetikumok","first","instock","product-type-external"],"acf":[],"_links":{"self":[{"href":"https:\/\/horgaszhely.hu\/hun\/wp-json\/wp\/v2\/product\/477201","targetHints":{"allow":["GET"]}}],"collection":[{"href":"https:\/\/horgaszhely.hu\/hun\/wp-json\/wp\/v2\/product"}],"about":[{"href":"https:\/\/horgaszhely.hu\/hun\/wp-json\/wp\/v2\/types\/product"}],"wp:featuredmedia":[{"embeddable":true,"href":"https:\/\/horgaszhely.hu\/hun\/wp-json\/wp\/v2\/media\/477202"}],"wp:attachment":[{"href":"https:\/\/horgaszhely.hu\/hun\/wp-json\/wp\/v2\/media?parent=477201"}],"wp:term":[{"taxonomy":"product_brand","embeddable":true,"href":"https:\/\/horgaszhely.hu\/hun\/wp-json\/wp\/v2\/product_brand?post=477201"},{"taxonomy":"product_cat","embeddable":true,"href":"https:\/\/horgaszhely.hu\/hun\/wp-json\/wp\/v2\/product_cat?post=477201"},{"taxonomy":"product_tag","embeddable":true,"href":"https:\/\/horgaszhely.hu\/hun\/wp-json\/wp\/v2\/product_tag?post=477201"}],"curies":[{"name":"wp","href":"https:\/\/api.w.org\/{rel}","templated":true}]}}

PANAKEIA® nappali krémek mintái 8x2ml

<p>Szeretnéd megtalálni a bőrödhöz legjobban illő nappali krémet? Ez a mintacsomag 8 különböző PANAKEIA® nappali krémet tartalmaz, egyenként 2 ml-es kiszerelésben – így nyugodtan, otthon próbálhatod ki mindet, mielőtt a teljes méret mellett döntenél.8 különböző nappali krém egyetlen csomagban2 ml-es minták – több napos próbához is elegendőMegismerheted a textúrákat, az illatokat és a bőröd reakciójátKedves ajándék annak is, aki most ismerkedik a márkávalHasználat: Reggel vigyél fel kis mennyiséget a megtisztított arcbőrre, és gyengéden masszírozd be. Egyszerre egy krémet próbálj ki, hogy tisztán érezd, hogyan érzi magát tőle a bőröd.</p>

<p>Szeretnéd megtalálni a bőrödhöz legjobban illő nappali krémet? Ez a mintacsomag 8 különböző PANAKEIA® nappali krémet tartalmaz, egyenként 2 ml-es kiszerelésben – így nyugodtan, otthon próbálhatod ki mindet, mielőtt a teljes méret mellett döntenél.8 különböző nappali krém egyetlen csomagban2 ml-es minták – több napos próbához is elegendőMegismerheted a textúrákat, az illatokat és a bőröd reakciójátKedves [&hellip;]</p>
