{"id":477203,"date":"2026-08-29T20:01:05","date_gmt":"2026-08-29T18:01:05","guid":{"rendered":"https:\/\/horgaszhely.hu\/hun\/termek\/panalux-kremek-mintai-5x2ml\/"},"modified":"2026-08-29T20:01:06","modified_gmt":"2026-08-29T18:01:06","slug":"panalux-kremek-mintai-5x2ml","status":"publish","type":"product","link":"https:\/\/horgaszhely.hu\/hun\/termek\/panalux-kremek-mintai-5x2ml\/","title":{"rendered":"PANALUX\u00ae kr\u00e9mek mint\u00e1i 5x2ml"},"content":{"rendered":"<p>Ismerkedj meg a PANALUX\u00ae kr\u00e9mek vil\u00e1g\u00e1val! Ez a mintacsomag 5 k\u00fcl\u00f6nb\u00f6z\u0151 PANALUX\u00ae kr\u00e9met tartalmaz, egyenk\u00e9nt 2 ml-es kiszerel\u00e9sben \u2013 \u00edgy k\u00e9nyelmesen, a saj\u00e1t temp\u00f3dban pr\u00f3b\u00e1lhatod ki \u0151ket, miel\u0151tt kiv\u00e1lasztan\u00e1d a kedvencedet teljes m\u00e9retben.5 k\u00fcl\u00f6nb\u00f6z\u0151 PANALUX\u00ae kr\u00e9m egyetlen csomagban2 ml-es mint\u00e1k \u2013 n\u00e9h\u00e1ny napos pr\u00f3b\u00e1hoz is elegend\u0151Nyugodtan megtal\u00e1lhatod a b\u0151r\u00f6dh\u00f6z ill\u0151 \u00e1pol\u00e1stUtaz\u00e1shoz, h\u00e9tv\u00e9gi kiruccan\u00e1shoz is praktikus k\u00eds\u00e9r\u0151Haszn\u00e1lat: Vigy\u00e9l fel kis mennyis\u00e9get a megtiszt\u00edtott b\u0151rre, \u00e9s gyeng\u00e9den massz\u00edrozd be. Egyszerre egy kr\u00e9met pr\u00f3b\u00e1lj ki, hogy j\u00f3l megfigyelhesd, hogyan \u00e9rzi mag\u00e1t t\u0151le a b\u0151r\u00f6d.<\/p>\n","protected":false},"excerpt":{"rendered":"<p>Ismerkedj meg a PANALUX\u00ae kr\u00e9mek vil\u00e1g\u00e1val! Ez a mintacsomag 5 k\u00fcl\u00f6nb\u00f6z\u0151 PANALUX\u00ae kr\u00e9met tartalmaz, egyenk\u00e9nt 2 ml-es kiszerel\u00e9sben \u2013 \u00edgy k\u00e9nyelmesen, a saj\u00e1t temp\u00f3dban pr\u00f3b\u00e1lhatod ki \u0151ket, miel\u0151tt kiv\u00e1lasztan\u00e1d a kedvencedet teljes m\u00e9retben.5 k\u00fcl\u00f6nb\u00f6z\u0151 PANALUX\u00ae kr\u00e9m egyetlen csomagban2 ml-es mint\u00e1k \u2013 n\u00e9h\u00e1ny napos pr\u00f3b\u00e1hoz is elegend\u0151Nyugodtan megtal\u00e1lhatod a b\u0151r\u00f6dh\u00f6z ill\u0151 \u00e1pol\u00e1stUtaz\u00e1shoz, h\u00e9tv\u00e9gi kiruccan\u00e1shoz is praktikus [&hellip;]<\/p>\n","protected":false},"featured_media":477204,"template":"","meta":{"_acf_changed":false},"product_brand":[],"product_cat":[3429,3436,3459,3414,3380],"product_tag":[],"class_list":["post-477203","product","type-product","status-publish","has-post-thumbnail","product_cat-arckozmetikum","product_cat-nappali-kremek","product_cat-nappali-kremek-mintai","product_cat-panakeia-naturkozmetikumok","product_cat-termeszetes-kozmetikumok","first","instock","product-type-external"],"acf":[],"_links":{"self":[{"href":"https:\/\/horgaszhely.hu\/hun\/wp-json\/wp\/v2\/product\/477203","targetHints":{"allow":["GET"]}}],"collection":[{"href":"https:\/\/horgaszhely.hu\/hun\/wp-json\/wp\/v2\/product"}],"about":[{"href":"https:\/\/horgaszhely.hu\/hun\/wp-json\/wp\/v2\/types\/product"}],"wp:featuredmedia":[{"embeddable":true,"href":"https:\/\/horgaszhely.hu\/hun\/wp-json\/wp\/v2\/media\/477204"}],"wp:attachment":[{"href":"https:\/\/horgaszhely.hu\/hun\/wp-json\/wp\/v2\/media?parent=477203"}],"wp:term":[{"taxonomy":"product_brand","embeddable":true,"href":"https:\/\/horgaszhely.hu\/hun\/wp-json\/wp\/v2\/product_brand?post=477203"},{"taxonomy":"product_cat","embeddable":true,"href":"https:\/\/horgaszhely.hu\/hun\/wp-json\/wp\/v2\/product_cat?post=477203"},{"taxonomy":"product_tag","embeddable":true,"href":"https:\/\/horgaszhely.hu\/hun\/wp-json\/wp\/v2\/product_tag?post=477203"}],"curies":[{"name":"wp","href":"https:\/\/api.w.org\/{rel}","templated":true}]}}

PANALUX® krémek mintái 5x2ml

<p>Ismerkedj meg a PANALUX® krémek világával! Ez a mintacsomag 5 különböző PANALUX® krémet tartalmaz, egyenként 2 ml-es kiszerelésben – így kényelmesen, a saját tempódban próbálhatod ki őket, mielőtt kiválasztanád a kedvencedet teljes méretben.5 különböző PANALUX® krém egyetlen csomagban2 ml-es minták – néhány napos próbához is elegendőNyugodtan megtalálhatod a bőrödhöz illő ápolástUtazáshoz, hétvégi kiruccanáshoz is praktikus kísérőHasználat: Vigyél fel kis mennyiséget a megtisztított bőrre, és gyengéden masszírozd be. Egyszerre egy krémet próbálj ki, hogy jól megfigyelhesd, hogyan érzi magát tőle a bőröd.</p>

<p>Ismerkedj meg a PANALUX® krémek világával! Ez a mintacsomag 5 különböző PANALUX® krémet tartalmaz, egyenként 2 ml-es kiszerelésben – így kényelmesen, a saját tempódban próbálhatod ki őket, mielőtt kiválasztanád a kedvencedet teljes méretben.5 különböző PANALUX® krém egyetlen csomagban2 ml-es minták – néhány napos próbához is elegendőNyugodtan megtalálhatod a bőrödhöz illő ápolástUtazáshoz, hétvégi kiruccanáshoz is praktikus [&hellip;]</p>
