{"id":477205,"date":"2026-08-29T20:01:05","date_gmt":"2026-08-29T18:01:05","guid":{"rendered":"https:\/\/horgaszhely.hu\/hun\/termek\/mintak-az-osszes-krembol-13x2ml\/"},"modified":"2026-08-29T20:01:08","modified_gmt":"2026-08-29T18:01:08","slug":"mintak-az-osszes-krembol-13x2ml","status":"publish","type":"product","link":"https:\/\/horgaszhely.hu\/hun\/termek\/mintak-az-osszes-krembol-13x2ml\/","title":{"rendered":"Mint\u00e1k az \u00f6sszes kr\u00e9mb\u0151l 13x2ml"},"content":{"rendered":"<p>A teljes kr\u00e9mk\u00edn\u00e1latunk egyetlen csomagban! Ez a mintaszett mind a 13 kr\u00e9m\u00fcnkb\u0151l tartalmaz egy-egy 2 ml-es mint\u00e1t, \u00edgy otthon, a saj\u00e1t temp\u00f3dban, nyugodtan fedezheted fel, melyik illik igaz\u00e1n a b\u0151r\u00f6dh\u00f6z \u2013 miel\u0151tt a teljes kiszerel\u00e9s mellett d\u00f6nten\u00e9l.13 k\u00fcl\u00f6nb\u00f6z\u0151 kr\u00e9m 2 ml-es mint\u00e1ja egy csomagbanK\u00e9nyelmes pr\u00f3ba a teljes m\u00e9ret megv\u00e1s\u00e1rl\u00e1sa el\u0151ttMegismerheted a text\u00far\u00e1kat, az illatokat \u00e9s az \u00e9rzeteketGy\u00f6ny\u00f6r\u0171 aj\u00e1nd\u00e9k mindenkinek, aki szereti a term\u00e9szetes \u00e1pol\u00e1stHaszn\u00e1lat: Vigy\u00e9l fel kis mennyis\u00e9get a megtiszt\u00edtott b\u0151rre, \u00e9s gyeng\u00e9den massz\u00edrozd be. \u00c9rdemes egyszerre csak egy kr\u00e9met pr\u00f3b\u00e1lnod, hogy tiszt\u00e1n \u00e9rezd, melyik lesz az igazi kedvenced.<\/p>\n","protected":false},"excerpt":{"rendered":"<p>A teljes kr\u00e9mk\u00edn\u00e1latunk egyetlen csomagban! Ez a mintaszett mind a 13 kr\u00e9m\u00fcnkb\u0151l tartalmaz egy-egy 2 ml-es mint\u00e1t, \u00edgy otthon, a saj\u00e1t temp\u00f3dban, nyugodtan fedezheted fel, melyik illik igaz\u00e1n a b\u0151r\u00f6dh\u00f6z \u2013 miel\u0151tt a teljes kiszerel\u00e9s mellett d\u00f6nten\u00e9l.13 k\u00fcl\u00f6nb\u00f6z\u0151 kr\u00e9m 2 ml-es mint\u00e1ja egy csomagbanK\u00e9nyelmes pr\u00f3ba a teljes m\u00e9ret megv\u00e1s\u00e1rl\u00e1sa el\u0151ttMegismerheted a text\u00far\u00e1kat, az illatokat \u00e9s [&hellip;]<\/p>\n","protected":false},"featured_media":477206,"template":"","meta":{"_acf_changed":false},"product_brand":[],"product_cat":[3429,3436,3459,3414,3380],"product_tag":[],"class_list":["post-477205","product","type-product","status-publish","has-post-thumbnail","product_cat-arckozmetikum","product_cat-nappali-kremek","product_cat-nappali-kremek-mintai","product_cat-panakeia-naturkozmetikumok","product_cat-termeszetes-kozmetikumok","first","instock","product-type-external"],"acf":[],"_links":{"self":[{"href":"https:\/\/horgaszhely.hu\/hun\/wp-json\/wp\/v2\/product\/477205","targetHints":{"allow":["GET"]}}],"collection":[{"href":"https:\/\/horgaszhely.hu\/hun\/wp-json\/wp\/v2\/product"}],"about":[{"href":"https:\/\/horgaszhely.hu\/hun\/wp-json\/wp\/v2\/types\/product"}],"wp:featuredmedia":[{"embeddable":true,"href":"https:\/\/horgaszhely.hu\/hun\/wp-json\/wp\/v2\/media\/477206"}],"wp:attachment":[{"href":"https:\/\/horgaszhely.hu\/hun\/wp-json\/wp\/v2\/media?parent=477205"}],"wp:term":[{"taxonomy":"product_brand","embeddable":true,"href":"https:\/\/horgaszhely.hu\/hun\/wp-json\/wp\/v2\/product_brand?post=477205"},{"taxonomy":"product_cat","embeddable":true,"href":"https:\/\/horgaszhely.hu\/hun\/wp-json\/wp\/v2\/product_cat?post=477205"},{"taxonomy":"product_tag","embeddable":true,"href":"https:\/\/horgaszhely.hu\/hun\/wp-json\/wp\/v2\/product_tag?post=477205"}],"curies":[{"name":"wp","href":"https:\/\/api.w.org\/{rel}","templated":true}]}}

Minták az összes krémből 13x2ml

<p>A teljes krémkínálatunk egyetlen csomagban! Ez a mintaszett mind a 13 krémünkből tartalmaz egy-egy 2 ml-es mintát, így otthon, a saját tempódban, nyugodtan fedezheted fel, melyik illik igazán a bőrödhöz – mielőtt a teljes kiszerelés mellett döntenél.13 különböző krém 2 ml-es mintája egy csomagbanKényelmes próba a teljes méret megvásárlása előttMegismerheted a textúrákat, az illatokat és az érzeteketGyönyörű ajándék mindenkinek, aki szereti a természetes ápolástHasználat: Vigyél fel kis mennyiséget a megtisztított bőrre, és gyengéden masszírozd be. Érdemes egyszerre csak egy krémet próbálnod, hogy tisztán érezd, melyik lesz az igazi kedvenced.</p>

<p>A teljes krémkínálatunk egyetlen csomagban! Ez a mintaszett mind a 13 krémünkből tartalmaz egy-egy 2 ml-es mintát, így otthon, a saját tempódban, nyugodtan fedezheted fel, melyik illik igazán a bőrödhöz – mielőtt a teljes kiszerelés mellett döntenél.13 különböző krém 2 ml-es mintája egy csomagbanKényelmes próba a teljes méret megvásárlása előttMegismerheted a textúrákat, az illatokat és [&hellip;]</p>
