{"id":477269,"date":"2026-08-29T20:01:49","date_gmt":"2026-08-29T18:01:49","guid":{"rendered":"https:\/\/horgaszhely.hu\/hun\/termek\/homoktovis-folyekony-kivonat-malnaval-es-gyomberrel-200-g\/"},"modified":"2026-08-29T20:02:13","modified_gmt":"2026-08-29T18:02:13","slug":"homoktovis-folyekony-kivonat-malnaval-es-gyomberrel-200-g","status":"publish","type":"product","link":"https:\/\/horgaszhely.hu\/hun\/termek\/homoktovis-folyekony-kivonat-malnaval-es-gyomberrel-200-g\/","title":{"rendered":"Homokt\u00f6vis foly\u00e9kony kivonat m\u00e1ln\u00e1val \u00e9s gy\u00f6mb\u00e9rrel 200 g"},"content":{"rendered":"<p>Foly\u00e9kony homokt\u00f6vis-kivonat m\u00e1ln\u00e1val \u00e9s gy\u00f6mb\u00e9rrel \u2013 gy\u00fcm\u00f6lcs\u00f6s, kellemesen f\u0171szeres finoms\u00e1g a mindennapokra. A homokt\u00f6vis a term\u00e9szetes \u00e9letm\u00f3d kedvelt bogy\u00f3ja, a m\u00e1lna l\u00e1gy \u00e9dess\u00e9get, a gy\u00f6mb\u00e9r pedig meleg\u00edt\u0151, \u00e9l\u00e9nk karaktert ad a kivonatnak.Homokt\u00f6vis, m\u00e1lna \u00e9s gy\u00f6mb\u00e9r harmonikus tal\u00e1lkoz\u00e1saFoly\u00e9kony, k\u00f6nnyen adagolhat\u00f3 formaKellemes, gy\u00fcm\u00f6lcs\u00f6s-f\u0171szeres \u00edzLangyos te\u00e1ba, v\u00edzbe keverve vagy \u00f6nmag\u00e1ban is fogyaszthatodHaszn\u00e1lat: Fogyaszd a csomagol\u00e1son aj\u00e1nlott mennyis\u00e9gben \u2013 keverd langyos te\u00e1ba vagy v\u00edzbe, esetleg kanalazd \u00f6nmag\u00e1ban. Nem helyettes\u00edti a v\u00e1ltozatos, kiegyens\u00falyozott \u00e9trendet.<\/p>\n","protected":false},"excerpt":{"rendered":"<p>Foly\u00e9kony homokt\u00f6vis-kivonat m\u00e1ln\u00e1val \u00e9s gy\u00f6mb\u00e9rrel \u2013 gy\u00fcm\u00f6lcs\u00f6s, kellemesen f\u0171szeres finoms\u00e1g a mindennapokra. A homokt\u00f6vis a term\u00e9szetes \u00e9letm\u00f3d kedvelt bogy\u00f3ja, a m\u00e1lna l\u00e1gy \u00e9dess\u00e9get, a gy\u00f6mb\u00e9r pedig meleg\u00edt\u0151, \u00e9l\u00e9nk karaktert ad a kivonatnak.Homokt\u00f6vis, m\u00e1lna \u00e9s gy\u00f6mb\u00e9r harmonikus tal\u00e1lkoz\u00e1saFoly\u00e9kony, k\u00f6nnyen adagolhat\u00f3 formaKellemes, gy\u00fcm\u00f6lcs\u00f6s-f\u0171szeres \u00edzLangyos te\u00e1ba, v\u00edzbe keverve vagy \u00f6nmag\u00e1ban is fogyaszthatodHaszn\u00e1lat: Fogyaszd a csomagol\u00e1son aj\u00e1nlott mennyis\u00e9gben \u2013 [&hellip;]<\/p>\n","protected":false},"featured_media":0,"template":"","meta":{"_acf_changed":false},"product_brand":[],"product_cat":[3416,3421,3380],"product_tag":[],"class_list":["post-477269","product","type-product","status-publish","product_cat-egeszseg-termeszetes-kozmetikumok","product_cat-etrendkiegeszitok","product_cat-termeszetes-kozmetikumok","first","instock","product-type-external"],"acf":[],"_links":{"self":[{"href":"https:\/\/horgaszhely.hu\/hun\/wp-json\/wp\/v2\/product\/477269","targetHints":{"allow":["GET"]}}],"collection":[{"href":"https:\/\/horgaszhely.hu\/hun\/wp-json\/wp\/v2\/product"}],"about":[{"href":"https:\/\/horgaszhely.hu\/hun\/wp-json\/wp\/v2\/types\/product"}],"wp:attachment":[{"href":"https:\/\/horgaszhely.hu\/hun\/wp-json\/wp\/v2\/media?parent=477269"}],"wp:term":[{"taxonomy":"product_brand","embeddable":true,"href":"https:\/\/horgaszhely.hu\/hun\/wp-json\/wp\/v2\/product_brand?post=477269"},{"taxonomy":"product_cat","embeddable":true,"href":"https:\/\/horgaszhely.hu\/hun\/wp-json\/wp\/v2\/product_cat?post=477269"},{"taxonomy":"product_tag","embeddable":true,"href":"https:\/\/horgaszhely.hu\/hun\/wp-json\/wp\/v2\/product_tag?post=477269"}],"curies":[{"name":"wp","href":"https:\/\/api.w.org\/{rel}","templated":true}]}}

Homoktövis folyékony kivonat málnával és gyömbérrel 200 g

<p>Folyékony homoktövis-kivonat málnával és gyömbérrel – gyümölcsös, kellemesen fűszeres finomság a mindennapokra. A homoktövis a természetes életmód kedvelt bogyója, a málna lágy édességet, a gyömbér pedig melegítő, élénk karaktert ad a kivonatnak.Homoktövis, málna és gyömbér harmonikus találkozásaFolyékony, könnyen adagolható formaKellemes, gyümölcsös-fűszeres ízLangyos teába, vízbe keverve vagy önmagában is fogyaszthatodHasználat: Fogyaszd a csomagoláson ajánlott mennyiségben – keverd langyos teába vagy vízbe, esetleg kanalazd önmagában. Nem helyettesíti a változatos, kiegyensúlyozott étrendet.</p>

<p>Folyékony homoktövis-kivonat málnával és gyömbérrel – gyümölcsös, kellemesen fűszeres finomság a mindennapokra. A homoktövis a természetes életmód kedvelt bogyója, a málna lágy édességet, a gyömbér pedig melegítő, élénk karaktert ad a kivonatnak.Homoktövis, málna és gyömbér harmonikus találkozásaFolyékony, könnyen adagolható formaKellemes, gyümölcsös-fűszeres ízLangyos teába, vízbe keverve vagy önmagában is fogyaszthatodHasználat: Fogyaszd a csomagoláson ajánlott mennyiségben – [&hellip;]</p>
