{"id":477274,"date":"2026-08-29T20:01:49","date_gmt":"2026-08-29T18:01:49","guid":{"rendered":"https:\/\/horgaszhely.hu\/hun\/termek\/911-revmalgon-gel-izuletekre-es-testre-100-ml\/"},"modified":"2026-08-29T20:02:19","modified_gmt":"2026-08-29T18:02:19","slug":"911-revmalgon-gel-izuletekre-es-testre-100-ml","status":"publish","type":"product","link":"https:\/\/horgaszhely.hu\/hun\/termek\/911-revmalgon-gel-izuletekre-es-testre-100-ml\/","title":{"rendered":"911 \u2013 Revmalgon \u2013 g\u00e9l \u00edz\u00fcletekre \u00e9s testre 100 ml"},"content":{"rendered":"<p>Gyullad\u00e1scs\u00f6kkent\u0151, meleg\u00edt\u0151 \u00e9s nyugtat\u00f3 hat\u00e1s\u00fa. A kondroitin seg\u00edt helyre\u00e1ll\u00edtani a porcokat, cs\u00f6kkenti az \u00edz\u00fcletek degenerat\u00edv elv\u00e1ltoz\u00e1sait, jav\u00edtja a mozg\u00e9konys\u00e1got, serkenti a porcsz\u00f6vet regener\u00e1ci\u00f3j\u00e1t. A gl\u00fck\u00f3zamin fokozza a szervezet kollag\u00e9n- \u00e9s proteoglik\u00e1n-termel\u0151 k\u00e9pess\u00e9g\u00e9t, amelyek az \u00edz\u00fcletek helyre\u00e1ll\u00edt\u00e1s\u00e1hoz sz\u00fcks\u00e9gesek. A m\u00e9hm\u00e9reg serkenti a helyi v\u00e9r\u00e1raml\u00e1st, meleg\u00edt\u0151 \u00e9s felsz\u00edv\u00f3d\u00e1st seg\u00edt\u0151 hat\u00e1s\u00fa. Hat\u00e9kony reuma, artr\u00f3zis, \u00edz\u00fcleti gyullad\u00e1s, k\u00f6szv\u00e9ny eset\u00e9n.<\/p>\n<p>\u00d6sszet\u00e9tel: cserj\u00e9s pimp\u00f3 kivonat, allantoin, kondroitin, gl\u00fck\u00f3zamin, jegenyefeny\u0151, eukaliptuszolaj, bor\u00f3kaolaj, c\u00e9drusolaj, m\u00e9hm\u00e9reg, k\u00e1mfor.<\/p>\n<p>Alkalmaz\u00e1s \u00e9s haszn\u00e1lat: A g\u00e9lt egyenletesen vidd fel az \u00e9rintett ter\u00fcletekre naponta 2-szer<br \/>\nFigyelmeztet\u00e9s: Ne haszn\u00e1ld a g\u00e9l valamely \u00f6sszetev\u0151j\u00e9vel szembeni egy\u00e9ni \u00e9rz\u00e9kenys\u00e9g vagy t\u00fal\u00e9rz\u00e9kenys\u00e9g eset\u00e9n, ny\u00e1lkah\u00e1rty\u00e1n \u00e9s ny\u00edlt sebeken, valamint 3 \u00e9v alatti gyermekekn\u00e9l<br \/>\nTartalom: 100 ml<br \/>\n&nbsp;<\/p>\n","protected":false},"excerpt":{"rendered":"<p>Gyullad\u00e1scs\u00f6kkent\u0151, meleg\u00edt\u0151 \u00e9s nyugtat\u00f3 hat\u00e1s\u00fa. A kondroitin seg\u00edt helyre\u00e1ll\u00edtani a porcokat, cs\u00f6kkenti az \u00edz\u00fcletek degenerat\u00edv elv\u00e1ltoz\u00e1sait, jav\u00edtja a mozg\u00e9konys\u00e1got, serkenti a porcsz\u00f6vet regener\u00e1ci\u00f3j\u00e1t. A gl\u00fck\u00f3zamin fokozza a szervezet kollag\u00e9n- \u00e9s proteoglik\u00e1n-termel\u0151 k\u00e9pess\u00e9g\u00e9t, amelyek az \u00edz\u00fcletek helyre\u00e1ll\u00edt\u00e1s\u00e1hoz sz\u00fcks\u00e9gesek. A m\u00e9hm\u00e9reg serkenti a helyi v\u00e9r\u00e1raml\u00e1st, meleg\u00edt\u0151 \u00e9s felsz\u00edv\u00f3d\u00e1st seg\u00edt\u0151 hat\u00e1s\u00fa. Hat\u00e9kony reuma, artr\u00f3zis, \u00edz\u00fcleti gyullad\u00e1s, k\u00f6szv\u00e9ny eset\u00e9n. [&hellip;]<\/p>\n","protected":false},"featured_media":477275,"template":"","meta":{"_acf_changed":false},"product_brand":[],"product_cat":[3483,3416,3419,3380],"product_tag":[],"class_list":["post-477274","product","type-product","status-publish","has-post-thumbnail","product_cat-balzsamok-es-kremek-izuletekre-izmokra-es-gerincre","product_cat-egeszseg-termeszetes-kozmetikumok","product_cat-gyogynovenyes-kremek-es-balzsamok","product_cat-termeszetes-kozmetikumok","first","instock","product-type-external"],"acf":[],"_links":{"self":[{"href":"https:\/\/horgaszhely.hu\/hun\/wp-json\/wp\/v2\/product\/477274","targetHints":{"allow":["GET"]}}],"collection":[{"href":"https:\/\/horgaszhely.hu\/hun\/wp-json\/wp\/v2\/product"}],"about":[{"href":"https:\/\/horgaszhely.hu\/hun\/wp-json\/wp\/v2\/types\/product"}],"wp:featuredmedia":[{"embeddable":true,"href":"https:\/\/horgaszhely.hu\/hun\/wp-json\/wp\/v2\/media\/477275"}],"wp:attachment":[{"href":"https:\/\/horgaszhely.hu\/hun\/wp-json\/wp\/v2\/media?parent=477274"}],"wp:term":[{"taxonomy":"product_brand","embeddable":true,"href":"https:\/\/horgaszhely.hu\/hun\/wp-json\/wp\/v2\/product_brand?post=477274"},{"taxonomy":"product_cat","embeddable":true,"href":"https:\/\/horgaszhely.hu\/hun\/wp-json\/wp\/v2\/product_cat?post=477274"},{"taxonomy":"product_tag","embeddable":true,"href":"https:\/\/horgaszhely.hu\/hun\/wp-json\/wp\/v2\/product_tag?post=477274"}],"curies":[{"name":"wp","href":"https:\/\/api.w.org\/{rel}","templated":true}]}}

911 – Revmalgon – gél ízületekre és testre 100 ml

<p>Gyulladáscsökkentő, melegítő és nyugtató hatású. A kondroitin segít helyreállítani a porcokat, csökkenti az ízületek degeneratív elváltozásait, javítja a mozgékonyságot, serkenti a porcszövet regenerációját. A glükózamin fokozza a szervezet kollagén- és proteoglikán-termelő képességét, amelyek az ízületek helyreállításához szükségesek. A méhméreg serkenti a helyi véráramlást, melegítő és felszívódást segítő hatású. Hatékony reuma, artrózis, ízületi gyulladás, köszvény esetén.</p>
<p>Összetétel: cserjés pimpó kivonat, allantoin, kondroitin, glükózamin, jegenyefenyő, eukaliptuszolaj, borókaolaj, cédrusolaj, méhméreg, kámfor.</p>
<p>Alkalmazás és használat: A gélt egyenletesen vidd fel az érintett területekre naponta 2-szer<br />
Figyelmeztetés: Ne használd a gél valamely összetevőjével szembeni egyéni érzékenység vagy túlérzékenység esetén, nyálkahártyán és nyílt sebeken, valamint 3 év alatti gyermekeknél<br />
Tartalom: 100 ml<br />
&nbsp;</p>

<p>Gyulladáscsökkentő, melegítő és nyugtató hatású. A kondroitin segít helyreállítani a porcokat, csökkenti az ízületek degeneratív elváltozásait, javítja a mozgékonyságot, serkenti a porcszövet regenerációját. A glükózamin fokozza a szervezet kollagén- és proteoglikán-termelő képességét, amelyek az ízületek helyreállításához szükségesek. A méhméreg serkenti a helyi véráramlást, melegítő és felszívódást segítő hatású. Hatékony reuma, artrózis, ízületi gyulladás, köszvény esetén. [&hellip;]</p>
