{"id":477284,"date":"2026-08-29T20:02:29","date_gmt":"2026-08-29T18:02:29","guid":{"rendered":"https:\/\/horgaszhely.hu\/hun\/termek\/sungit-asvany-zuzalek-termeszetes-vizszuro-500g\/"},"modified":"2026-08-29T20:02:32","modified_gmt":"2026-08-29T18:02:32","slug":"sungit-asvany-zuzalek-termeszetes-vizszuro-500g","status":"publish","type":"product","link":"https:\/\/horgaszhely.hu\/hun\/termek\/sungit-asvany-zuzalek-termeszetes-vizszuro-500g\/","title":{"rendered":"Sungit \u00e1sv\u00e1ny z\u00fazal\u00e9k, term\u00e9szetes v\u00edzsz\u0171r\u0151 500g"},"content":{"rendered":"<p>A&nbsp;sungit&nbsp; \u00e1sv\u00e1ny &#8211; az orosz gy\u00f3gy\u00e1szat \u00e9kk\u00f6ve<br \/>\nNapjainkban \u00e9letmin\u0151s\u00e9g\u00fcnket \u00e9s eg\u00e9szs\u00e9g\u00fcnket \u00f6sszess\u00e9g\u00e9ben t\u00f6bb bels\u0151 \u00e9s k\u00fcls\u0151 t\u00e9nyez\u0151 vesz\u00e9lyezteti. Nagym\u00e9rt\u00e9kben f\u0151leg a k\u00e1ros anyagok&nbsp;az \u00e9lelmiszerekben, a k\u00f6rnyezet \u00e9s az elektrom\u00e1gneses szmog. N\u00e9melyik\u00fcket nem tudjuk k\u00f6zvetlen\u00fcl befoly\u00e1solni, de a term\u00e9szet mindig tud megold\u00e1st k\u00edn\u00e1lni. Ezek egyike \u00e9ppen a&nbsp;sungit.<br \/>\nEz az egyik leg\u0151sibb \u00e1sv\u00e1ny, amely nemcsak tulajdons\u00e1gai miatt egyed\u00fcl\u00e1ll\u00f3, hanem az\u00e9rt is, mert a vil\u00e1gon egyetlen helyen fordul el\u0151 &#8211; Kar\u00e9li\u00e1ban, Oroszorsz\u00e1g \u00e9szaknyugati r\u00e9sz\u00e9n. El\u0151sz\u00f6r a \u0160u\u0148ga nev\u0171 falucsk\u00e1ban fedezt\u00e9k fel, az Onyega-t\u00f3 partj\u00e1n, \u00e9s innen ered a neve is.<br \/>\nA sungit ugyanakkor paradox m\u00f3don a leg\u0151sibb sz\u00e9ntartalm\u00fa \u00e1sv\u00e1ny, m\u00e1r 2 milli\u00e1rd \u00e9ve jelen van.<\/p>\n<p>Milyen pozit\u00edv hat\u00e1ssal van a sungit az eg\u00e9szs\u00e9gre?<\/p>\n<p>A sungit k\u00fcl\u00f6n\u00f6sen azzal t\u0171nik ki, hogy csod\u00e1latos&nbsp;tiszt\u00edt\u00f3 hat\u00e1ssal rendelkezik. Term\u00e9szetes v\u00edzsz\u0171r\u0151k\u00e9nt m\u0171k\u00f6dik, \u00e9s k\u00e9pes semleges\u00edteni a k\u00e1ros sug\u00e1rz\u00e1st. Tartalmazza ugyanis a&nbsp;fuller\u00e9n nev\u0171 anyagot, amely a leger\u0151sebb&nbsp;antioxid\u00e1nsok k\u00f6z\u00e9 tartozik.<br \/>\nA sungitos v\u00edz seg\u00edt a gyullad\u00e1sos betegs\u00e9gek, az allergi\u00e1k, az \u00edz\u00fcleti probl\u00e9m\u00e1k, de a b\u0151rprobl\u00e9m\u00e1k kezel\u00e9s\u00e9ben is. Sungittal sz\u0171rte a viz\u00e9t m\u00e1r Nagy P\u00e9ter is, s\u0151t rendeletet adott ki, hogy minden katon\u00e1ja palackj\u00e1ban legyen&nbsp;sungit z\u00fazal\u00e9k, amely sz\u0171rte a vizet \u2013 ez az int\u00e9zked\u00e9s a fert\u0151z\u00e9sek \u00e1tvitel\u00e9t hivatott megakad\u00e1lyozni.&nbsp;<br \/>\nB\u00e1r k\u00f6z\u00f6ns\u00e9ges k\u0151nek t\u0171nik, egyed\u00fcl\u00e1ll\u00f3 tulajdons\u00e1gokkal rendelkezik, amelyeknek k\u00f6sz\u00f6nhet\u0151en seg\u00edt&nbsp;sz\u00e1mos eg\u00e9szs\u00e9g\u00fcgyi probl\u00e9ma eset\u00e9n, mint p\u00e9ld\u00e1ul:<\/p>\n<p>&#8211; gyullad\u00e1sok<br \/>\n&#8211; v\u00edrusos megbeteged\u00e9sek<br \/>\n&#8211; b\u0151rprobl\u00e9m\u00e1k \u00e9s allergi\u00e1k&nbsp; &#8211;&nbsp;ekc\u00e9ma, s\u00e9r\u00fcl\u00e9sek<br \/>\n&#8211; az&nbsp;\u00edz\u00fcletek \u00e9s a gerinc f\u00e1jdalmai<br \/>\n&#8211; fejf\u00e1j\u00e1s, f\u00e1radts\u00e1g<\/p>\n<p>&nbsp;A sungit sz\u00e9les k\u00f6rben haszn\u00e1lhat\u00f3 a kozmetik\u00e1ban, hat\u00e9kony \u00edz\u00fcleti \u00e9s arckr\u00e9mek \u00f6sszetev\u0151jek\u00e9nt, de otthon is t\u00f6bbf\u00e9le m\u00f3don hasznos\u00edthatod. A v\u00edz min\u0151s\u00e9g\u00e9nek jav\u00edt\u00e1s\u00e1hoz a sungitot v\u00edzbe \u00e1ztathatod, \u00e9s sz\u0171r\u0151k\u00e9nt haszn\u00e1lhatod. A sungitot amulettk\u00e9nt is haszn\u00e1lhatod az elektronikus eszk\u00f6z\u00f6k k\u00e1ros sug\u00e1rz\u00e1sa elleni v\u00e9delemre.<\/p>\n<p>Haszn\u00e1lat m\u00f3dja:<br \/>\nMosd meg a sungitot csapv\u00edzzel. T\u00f6ltsd meg az ed\u00e9nyt 500 g sungit \/ 5 liter csapv\u00edz ar\u00e1nyban. Hagyd a vizet \u00e1llni ide\u00e1lisan 12 \u00f3r\u00e1n \u00e1t. Az els\u0151, 12 \u00f3ra ut\u00e1ni vizet haszn\u00e1ld p\u00e9ld\u00e1ul a vir\u00e1gok \u00f6nt\u00f6z\u00e9s\u00e9re. Iv\u00e1sra csak a k\u00f6vetkez\u0151, azaz a m\u00e1sodik kivonatot haszn\u00e1ld.<br \/>\nA v\u00edzben legfeljebb 24 \u00f3r\u00e1n \u00e1t \u00e1ztasd. Ezut\u00e1n a vizet felhaszn\u00e1lhatod: iv\u00e1sra, f\u0151z\u00e9shez vagy f\u00fcrd\u00e9shez. 5 &#8211; 6 h\u00f3napnyi haszn\u00e1lat ut\u00e1n cser\u00e9ld ki a sungitot \u00fajra, hogy mindig a legmagasabb v\u00edzmin\u0151s\u00e9get \u00e9rd el.<\/p>\n<p>Eg\u00e9szs\u00e9g\u00fcgyi figyelmeztet\u00e9s: Gyermekek el\u0151l elz\u00e1rva tartand\u00f3. Ne haszn\u00e1ld az egyes \u00f6sszetev\u0151kkel szembeni egy\u00e9ni \u00e9rz\u00e9kenys\u00e9g vagy t\u00fal\u00e9rz\u00e9kenys\u00e9g eset\u00e9n.<\/p>\n<p>\u00d6sszet\u00e9tel:&nbsp;sungit z\u00fazal\u00e9k<br \/>\nK\u00f6vek m\u00e9rete\/ frakci\u00f3: 2-5 cm<\/p>\n<p>T\u00e1rol\u00e1s:&nbsp;S\u00f6t\u00e9t helyen, gyermekekt\u0151l elz\u00e1rva, szobah\u0151m\u00e9rs\u00e9kleten t\u00e1rold.<\/p>\n<p>Csomag tartalma\/\u0170rtartalom:&nbsp;500g ( doypack csomagol\u00e1s )<\/p>\n<p>Sz\u00e1rmaz\u00e1si orsz\u00e1g:&nbsp;Oroszorsz\u00e1g, Kar\u00e9lia<\/p>\n","protected":false},"excerpt":{"rendered":"<p>A&nbsp;sungit&nbsp; \u00e1sv\u00e1ny &#8211; az orosz gy\u00f3gy\u00e1szat \u00e9kk\u00f6ve Napjainkban \u00e9letmin\u0151s\u00e9g\u00fcnket \u00e9s eg\u00e9szs\u00e9g\u00fcnket \u00f6sszess\u00e9g\u00e9ben t\u00f6bb bels\u0151 \u00e9s k\u00fcls\u0151 t\u00e9nyez\u0151 vesz\u00e9lyezteti. Nagym\u00e9rt\u00e9kben f\u0151leg a k\u00e1ros anyagok&nbsp;az \u00e9lelmiszerekben, a k\u00f6rnyezet \u00e9s az elektrom\u00e1gneses szmog. N\u00e9melyik\u00fcket nem tudjuk k\u00f6zvetlen\u00fcl befoly\u00e1solni, de a term\u00e9szet mindig tud megold\u00e1st k\u00edn\u00e1lni. Ezek egyike \u00e9ppen a&nbsp;sungit. Ez az egyik leg\u0151sibb \u00e1sv\u00e1ny, amely nemcsak tulajdons\u00e1gai miatt [&hellip;]<\/p>\n","protected":false},"featured_media":477285,"template":"","meta":{"_acf_changed":false},"product_brand":[],"product_cat":[3416,3417,3380],"product_tag":[],"class_list":["post-477284","product","type-product","status-publish","has-post-thumbnail","product_cat-egeszseg-termeszetes-kozmetikumok","product_cat-elelmiszerek-es-italok","product_cat-termeszetes-kozmetikumok","first","instock","product-type-external"],"acf":[],"_links":{"self":[{"href":"https:\/\/horgaszhely.hu\/hun\/wp-json\/wp\/v2\/product\/477284","targetHints":{"allow":["GET"]}}],"collection":[{"href":"https:\/\/horgaszhely.hu\/hun\/wp-json\/wp\/v2\/product"}],"about":[{"href":"https:\/\/horgaszhely.hu\/hun\/wp-json\/wp\/v2\/types\/product"}],"wp:featuredmedia":[{"embeddable":true,"href":"https:\/\/horgaszhely.hu\/hun\/wp-json\/wp\/v2\/media\/477285"}],"wp:attachment":[{"href":"https:\/\/horgaszhely.hu\/hun\/wp-json\/wp\/v2\/media?parent=477284"}],"wp:term":[{"taxonomy":"product_brand","embeddable":true,"href":"https:\/\/horgaszhely.hu\/hun\/wp-json\/wp\/v2\/product_brand?post=477284"},{"taxonomy":"product_cat","embeddable":true,"href":"https:\/\/horgaszhely.hu\/hun\/wp-json\/wp\/v2\/product_cat?post=477284"},{"taxonomy":"product_tag","embeddable":true,"href":"https:\/\/horgaszhely.hu\/hun\/wp-json\/wp\/v2\/product_tag?post=477284"}],"curies":[{"name":"wp","href":"https:\/\/api.w.org\/{rel}","templated":true}]}}

Sungit ásvány zúzalék, természetes vízszűrő 500g

<p>A&nbsp;sungit&nbsp; ásvány &#8211; az orosz gyógyászat ékköve<br />
Napjainkban életminőségünket és egészségünket összességében több belső és külső tényező veszélyezteti. Nagymértékben főleg a káros anyagok&nbsp;az élelmiszerekben, a környezet és az elektromágneses szmog. Némelyiküket nem tudjuk közvetlenül befolyásolni, de a természet mindig tud megoldást kínálni. Ezek egyike éppen a&nbsp;sungit.<br />
Ez az egyik legősibb ásvány, amely nemcsak tulajdonságai miatt egyedülálló, hanem azért is, mert a világon egyetlen helyen fordul elő &#8211; Karéliában, Oroszország északnyugati részén. Először a Šuňga nevű falucskában fedezték fel, az Onyega-tó partján, és innen ered a neve is.<br />
A sungit ugyanakkor paradox módon a legősibb széntartalmú ásvány, már 2 milliárd éve jelen van.</p>
<p>Milyen pozitív hatással van a sungit az egészségre?</p>
<p>A sungit különösen azzal tűnik ki, hogy csodálatos&nbsp;tisztító hatással rendelkezik. Természetes vízszűrőként működik, és képes semlegesíteni a káros sugárzást. Tartalmazza ugyanis a&nbsp;fullerén nevű anyagot, amely a legerősebb&nbsp;antioxidánsok közé tartozik.<br />
A sungitos víz segít a gyulladásos betegségek, az allergiák, az ízületi problémák, de a bőrproblémák kezelésében is. Sungittal szűrte a vizét már Nagy Péter is, sőt rendeletet adott ki, hogy minden katonája palackjában legyen&nbsp;sungit zúzalék, amely szűrte a vizet – ez az intézkedés a fertőzések átvitelét hivatott megakadályozni.&nbsp;<br />
Bár közönséges kőnek tűnik, egyedülálló tulajdonságokkal rendelkezik, amelyeknek köszönhetően segít&nbsp;számos egészségügyi probléma esetén, mint például:</p>
<p>&#8211; gyulladások<br />
&#8211; vírusos megbetegedések<br />
&#8211; bőrproblémák és allergiák&nbsp; &#8211;&nbsp;ekcéma, sérülések<br />
&#8211; az&nbsp;ízületek és a gerinc fájdalmai<br />
&#8211; fejfájás, fáradtság</p>
<p>&nbsp;A sungit széles körben használható a kozmetikában, hatékony ízületi és arckrémek összetevőjeként, de otthon is többféle módon hasznosíthatod. A víz minőségének javításához a sungitot vízbe áztathatod, és szűrőként használhatod. A sungitot amulettként is használhatod az elektronikus eszközök káros sugárzása elleni védelemre.</p>
<p>Használat módja:<br />
Mosd meg a sungitot csapvízzel. Töltsd meg az edényt 500 g sungit / 5 liter csapvíz arányban. Hagyd a vizet állni ideálisan 12 órán át. Az első, 12 óra utáni vizet használd például a virágok öntözésére. Ivásra csak a következő, azaz a második kivonatot használd.<br />
A vízben legfeljebb 24 órán át áztasd. Ezután a vizet felhasználhatod: ivásra, főzéshez vagy fürdéshez. 5 &#8211; 6 hónapnyi használat után cseréld ki a sungitot újra, hogy mindig a legmagasabb vízminőséget érd el.</p>
<p>Egészségügyi figyelmeztetés: Gyermekek elől elzárva tartandó. Ne használd az egyes összetevőkkel szembeni egyéni érzékenység vagy túlérzékenység esetén.</p>
<p>Összetétel:&nbsp;sungit zúzalék<br />
Kövek mérete/ frakció: 2-5 cm</p>
<p>Tárolás:&nbsp;Sötét helyen, gyermekektől elzárva, szobahőmérsékleten tárold.</p>
<p>Csomag tartalma/Űrtartalom:&nbsp;500g ( doypack csomagolás )</p>
<p>Származási ország:&nbsp;Oroszország, Karélia</p>

<p>A&nbsp;sungit&nbsp; ásvány &#8211; az orosz gyógyászat ékköve Napjainkban életminőségünket és egészségünket összességében több belső és külső tényező veszélyezteti. Nagymértékben főleg a káros anyagok&nbsp;az élelmiszerekben, a környezet és az elektromágneses szmog. Némelyiküket nem tudjuk közvetlenül befolyásolni, de a természet mindig tud megoldást kínálni. Ezek egyike éppen a&nbsp;sungit. Ez az egyik legősibb ásvány, amely nemcsak tulajdonságai miatt [&hellip;]</p>
