{"id":477356,"date":"2026-08-29T20:03:11","date_gmt":"2026-08-29T18:03:11","guid":{"rendered":"https:\/\/horgaszhely.hu\/hun\/termek\/bathorycka-arctisztito-hab-sarkanyverrel-100ml\/"},"modified":"2026-08-29T20:03:47","modified_gmt":"2026-08-29T18:03:47","slug":"bathorycka-arctisztito-hab-sarkanyverrel-100ml","status":"publish","type":"product","link":"https:\/\/horgaszhely.hu\/hun\/termek\/bathorycka-arctisztito-hab-sarkanyverrel-100ml\/","title":{"rendered":"B\u00c1THORY\u010cKA &#8211; Arctiszt\u00edt\u00f3 hab s\u00e1rk\u00e1nyv\u00e9rrel 100ml"},"content":{"rendered":"<p>Tartalmaz:<br \/>\n&nbsp;<\/p>\n<p>s\u00e1rk\u00e1nyv\u00e9r-kivonatot \u2013 s\u00f6t\u00e9tv\u00f6r\u00f6s gyant\u00e1t, amely az amazonasi es\u0151erd\u0151ben n\u00f6v\u0151 egyed\u00fcl\u00e1ll\u00f3 f\u00e1kb\u00f3l sz\u00e1rmazik. M\u00e9lyv\u00f6r\u00f6s sz\u00edne nemcsak gy\u00f6ny\u00f6r\u0171 sz\u00ednt k\u00f6lcs\u00f6n\u00f6z a tiszt\u00edt\u00f3 habnak, hanem regener\u00e1l\u00f3 \u00e9s v\u00e9d\u0151 hat\u00e1st is. A s\u00e1rk\u00e1nyv\u00e9rt foly\u00e9kony faceliftnek is nevezik \u2013 kit\u00f6lti a megereszkedett b\u0151r kont\u00farjait, n\u00f6veli a rugalmass\u00e1g\u00e1t, s\u0151t t\u00e1mogatja a kollag\u00e9ntermel\u00e9st is. A vil\u00e1g leggazdagabb term\u00e9szetes antioxid\u00e1ns-forr\u00e1sa. Az antioxid\u00e1ns fenolok mellett gyullad\u00e1scs\u00f6kkent\u0151 vegy\u00fcleteket is tartalmaz, amelyek akt\u00edvan v\u00e9dik a b\u0151rsejteket a k\u00e1rosod\u00e1st\u00f3l, \u00e9s enyh\u00edtik a b\u0151rp\u00edrt \u00e9s a duzzanatot is. Ez a v\u00f6r\u00f6s gyanta emellett m\u00e9lyen hidrat\u00e1l\u00f3 hat\u00e1s\u00fa.<\/p>\n<p>&nbsp;<\/p>\n<p>Glikolsavat, amely t\u00e1mogatja a b\u0151r h\u00e1mlaszt\u00e1s\u00e1t \u00e9s az azt k\u00f6vet\u0151 b\u0151rmeg\u00fajul\u00e1st, serkenti a kollag\u00e9n \u00e9s az elasztin termel\u00e9s\u00e9t, ez\u00e1ltal cs\u00f6kkenti a l\u00e1that\u00f3 r\u00e1ncokat. R\u00e1ad\u00e1sul oxig\u00e9nnel l\u00e1tja el \u00e9s ragyog\u00f3v\u00e1 teszi a b\u0151rt. Ide\u00e1lis azoknak, akik fiatal\u00edtani szeretn\u00e9k a b\u0151r\u00fcket \u2013 cs\u00f6kkenteni a r\u00e1ncokat, a f\u00e9ny\u00f6reged\u00e9s jeleit, a t\u00falzott pigment\u00e1ci\u00f3t, valamint a pattan\u00e1sokat \u00e9s az apr\u00f3 hegeket. A glikolsav az alfa-hidroxisavak k\u00f6z\u00e9 tartozik. Term\u00e9szetes form\u00e1ban a cukorn\u00e1dban fordul el\u0151.<\/p>\n<p>&nbsp;<\/p>\n<p>Borsmenta vir\u00e1gvizet, amely antiszeptikus hat\u00e1s\u00fa. Elt\u00e1vol\u00edtja a b\u0151r\u00f6n tal\u00e1lhat\u00f3 bakt\u00e9riumokat. Seg\u00edt meg\u0151rizni a b\u0151r eg\u00e9szs\u00e9g\u00e9t \u00e9s rugalmass\u00e1g\u00e1t.<\/p>\n<p>&nbsp;<\/p>\n<p>A Coco betain term\u00e9szetes eredet\u0171 amfoter fel\u00fcletakt\u00edv anyag, k\u00f3kuszolajb\u00f3l k\u00e9sz\u00fcl.<\/p>\n<p>&nbsp;<br \/>\nA term\u00e9k tulajdons\u00e1gai:<br \/>\n&nbsp;<br \/>\n&#x25aa;\ufe0eelt\u00e1vol\u00edtja a szennyez\u0151d\u00e9seket<br \/>\n&#x25aa;\ufe0eelt\u00e1vol\u00edtja az elhalt h\u00e1msejteket<br \/>\n&#x25aa;\ufe0eminimaliz\u00e1lja a pigmentfoltokat<br \/>\n&nbsp;<br \/>\nA term\u00e9ket minden b\u0151rt\u00edpusra aj\u00e1nljuk.<br \/>\n&nbsp;<br \/>\nAz els\u0151 alkalmaz\u00e1s el\u0151tt v\u00e9gezz b\u0151rpr\u00f3b\u00e1t.<br \/>\n&nbsp;<br \/>\n&nbsp;<br \/>\n&nbsp;<br \/>\nHaszn\u00e1lati \u00fatmutat\u00f3:<br \/>\n&nbsp;<br \/>\nVigy\u00e9l fel kis mennyis\u00e9g\u0171 habot a benedves\u00edtett arcra a szemk\u00f6rny\u00e9k kiv\u00e9tel\u00e9vel, \u00e9s massz\u00edrozd k\u00f6rk\u00f6r\u00f6s mozdulatokkal. Ezut\u00e1n \u00f6bl\u00edtsd le v\u00edzzel.<br \/>\n&nbsp;<br \/>\nFigyelmeztet\u00e9s:<br \/>\n&nbsp;<br \/>\nKiz\u00e1r\u00f3lag k\u00fcls\u0151leg alkalmazhat\u00f3. Ker\u00fcld a szemmel \u00e9s a ny\u00e1lkah\u00e1rty\u00e1kkal val\u00f3 \u00e9rintkez\u00e9st. Ne alkalmazd irrit\u00e1lt vagy \u00e9rz\u00e9keny b\u0151r\u00f6n. Ne alkalmazd, ha \u00e9rz\u00e9keny vagy a term\u00e9kben tal\u00e1lhat\u00f3 \u00f6sszetev\u0151kre. A term\u00e9k gyermekek sz\u00e1m\u00e1ra nem alkalmas. Gyermekekt\u0151l elz\u00e1rva tartand\u00f3.<br \/>\n&nbsp;<br \/>\nT\u00e1rol\u00e1s:<br \/>\n&nbsp;<br \/>\nA term\u00e9ket szobah\u0151m\u00e9rs\u00e9kleten, h\u0151forr\u00e1st\u00f3l \u00e9s k\u00f6zvetlen napf\u00e9nyt\u0151l t\u00e1vol t\u00e1rold.<br \/>\n&nbsp;<br \/>\nTartalom:<br \/>\n&nbsp;<br \/>\n100 ml<br \/>\n&nbsp;<\/p>\n<p>Figyelmeztet\u00e9s:<\/p>\n<p>Kiz\u00e1r\u00f3lag k\u00fcls\u0151leg alkalmazhat\u00f3. Ker\u00fcld a szemmel \u00e9s a&nbsp;ny\u00e1lkah\u00e1rty\u00e1kkal val\u00f3 \u00e9rintkez\u00e9st. Ne alkalmazd irrit\u00e1lt vagy \u00e9rz\u00e9keny b\u0151r\u00f6n. Ne alkalmazd, ha \u00e9rz\u00e9keny vagy a term\u00e9kben tal\u00e1lhat\u00f3 \u00f6sszetev\u0151kre. A term\u00e9k els\u0151 alkalmaz\u00e1sa el\u0151tt vigy\u00e9l fel kis mennyis\u00e9get a b\u0151rre, \u00e9s b\u0151rirrit\u00e1ci\u00f3 vagy allergi\u00e1s reakci\u00f3 eset\u00e9n ne alkalmazd a term\u00e9ket. Ha irrit\u00e1ci\u00f3, \u00e9g\u0151 \u00e9rz\u00e9s vagy ki\u00fct\u00e9s jelentkezik, hagyd abba a term\u00e9k alkalmaz\u00e1s\u00e1t. A term\u00e9k gyermekek sz\u00e1m\u00e1ra nem alkalmas. Gyermekekt\u0151l elz\u00e1rva tartand\u00f3.<\/p>\n<p>Ingredients:<\/p>\n<p>Aqua, Mentha Piperita Leaf Water, Cocamidopropyl Betaine, Glycerin, Glycolic Acid, Arginine, Sodium Lactate, Croton Lechleri Resin Extract, Benzyl Alcohol, Salicylic Acid, Sorbic Acid<\/p>\n<p>Felel\u0151s szem\u00e9ly \u00e9s gy\u00e1rt\u00f3:<\/p>\n<p>PANAKEIA SK s.r.o., \u017dabinsk\u00e1 2, 91105 Tren\u010d\u00edn, Slovensk\u00e1 republika,<br \/>\nwww.panakeia.sk<\/p>\n","protected":false},"excerpt":{"rendered":"<p>Tartalmaz: &nbsp; s\u00e1rk\u00e1nyv\u00e9r-kivonatot \u2013 s\u00f6t\u00e9tv\u00f6r\u00f6s gyant\u00e1t, amely az amazonasi es\u0151erd\u0151ben n\u00f6v\u0151 egyed\u00fcl\u00e1ll\u00f3 f\u00e1kb\u00f3l sz\u00e1rmazik. M\u00e9lyv\u00f6r\u00f6s sz\u00edne nemcsak gy\u00f6ny\u00f6r\u0171 sz\u00ednt k\u00f6lcs\u00f6n\u00f6z a tiszt\u00edt\u00f3 habnak, hanem regener\u00e1l\u00f3 \u00e9s v\u00e9d\u0151 hat\u00e1st is. A s\u00e1rk\u00e1nyv\u00e9rt foly\u00e9kony faceliftnek is nevezik \u2013 kit\u00f6lti a megereszkedett b\u0151r kont\u00farjait, n\u00f6veli a rugalmass\u00e1g\u00e1t, s\u0151t t\u00e1mogatja a kollag\u00e9ntermel\u00e9st is. A vil\u00e1g leggazdagabb term\u00e9szetes antioxid\u00e1ns-forr\u00e1sa. Az [&hellip;]<\/p>\n","protected":false},"featured_media":477357,"template":"","meta":{"_acf_changed":false},"product_brand":[],"product_cat":[3429,3454,3414,3380],"product_tag":[],"class_list":["post-477356","product","type-product","status-publish","has-post-thumbnail","product_cat-arckozmetikum","product_cat-borhamlasztas-es-tisztitas","product_cat-panakeia-naturkozmetikumok","product_cat-termeszetes-kozmetikumok","first","instock","product-type-external"],"acf":[],"_links":{"self":[{"href":"https:\/\/horgaszhely.hu\/hun\/wp-json\/wp\/v2\/product\/477356","targetHints":{"allow":["GET"]}}],"collection":[{"href":"https:\/\/horgaszhely.hu\/hun\/wp-json\/wp\/v2\/product"}],"about":[{"href":"https:\/\/horgaszhely.hu\/hun\/wp-json\/wp\/v2\/types\/product"}],"wp:featuredmedia":[{"embeddable":true,"href":"https:\/\/horgaszhely.hu\/hun\/wp-json\/wp\/v2\/media\/477357"}],"wp:attachment":[{"href":"https:\/\/horgaszhely.hu\/hun\/wp-json\/wp\/v2\/media?parent=477356"}],"wp:term":[{"taxonomy":"product_brand","embeddable":true,"href":"https:\/\/horgaszhely.hu\/hun\/wp-json\/wp\/v2\/product_brand?post=477356"},{"taxonomy":"product_cat","embeddable":true,"href":"https:\/\/horgaszhely.hu\/hun\/wp-json\/wp\/v2\/product_cat?post=477356"},{"taxonomy":"product_tag","embeddable":true,"href":"https:\/\/horgaszhely.hu\/hun\/wp-json\/wp\/v2\/product_tag?post=477356"}],"curies":[{"name":"wp","href":"https:\/\/api.w.org\/{rel}","templated":true}]}}

BÁTHORYČKA &#8211; Arctisztító hab sárkányvérrel 100ml

<p>Tartalmaz:<br />
&nbsp;</p>
<p>sárkányvér-kivonatot – sötétvörös gyantát, amely az amazonasi esőerdőben növő egyedülálló fákból származik. Mélyvörös színe nemcsak gyönyörű színt kölcsönöz a tisztító habnak, hanem regeneráló és védő hatást is. A sárkányvért folyékony faceliftnek is nevezik – kitölti a megereszkedett bőr kontúrjait, növeli a rugalmasságát, sőt támogatja a kollagéntermelést is. A világ leggazdagabb természetes antioxidáns-forrása. Az antioxidáns fenolok mellett gyulladáscsökkentő vegyületeket is tartalmaz, amelyek aktívan védik a bőrsejteket a károsodástól, és enyhítik a bőrpírt és a duzzanatot is. Ez a vörös gyanta emellett mélyen hidratáló hatású.</p>
<p>&nbsp;</p>
<p>Glikolsavat, amely támogatja a bőr hámlasztását és az azt követő bőrmegújulást, serkenti a kollagén és az elasztin termelését, ezáltal csökkenti a látható ráncokat. Ráadásul oxigénnel látja el és ragyogóvá teszi a bőrt. Ideális azoknak, akik fiatalítani szeretnék a bőrüket – csökkenteni a ráncokat, a fényöregedés jeleit, a túlzott pigmentációt, valamint a pattanásokat és az apró hegeket. A glikolsav az alfa-hidroxisavak közé tartozik. Természetes formában a cukornádban fordul elő.</p>
<p>&nbsp;</p>
<p>Borsmenta virágvizet, amely antiszeptikus hatású. Eltávolítja a bőrön található baktériumokat. Segít megőrizni a bőr egészségét és rugalmasságát.</p>
<p>&nbsp;</p>
<p>A Coco betain természetes eredetű amfoter felületaktív anyag, kókuszolajból készül.</p>
<p>&nbsp;<br />
A termék tulajdonságai:<br />
&nbsp;<br />
&#x25aa;︎eltávolítja a szennyeződéseket<br />
&#x25aa;︎eltávolítja az elhalt hámsejteket<br />
&#x25aa;︎minimalizálja a pigmentfoltokat<br />
&nbsp;<br />
A terméket minden bőrtípusra ajánljuk.<br />
&nbsp;<br />
Az első alkalmazás előtt végezz bőrpróbát.<br />
&nbsp;<br />
&nbsp;<br />
&nbsp;<br />
Használati útmutató:<br />
&nbsp;<br />
Vigyél fel kis mennyiségű habot a benedvesített arcra a szemkörnyék kivételével, és masszírozd körkörös mozdulatokkal. Ezután öblítsd le vízzel.<br />
&nbsp;<br />
Figyelmeztetés:<br />
&nbsp;<br />
Kizárólag külsőleg alkalmazható. Kerüld a szemmel és a nyálkahártyákkal való érintkezést. Ne alkalmazd irritált vagy érzékeny bőrön. Ne alkalmazd, ha érzékeny vagy a termékben található összetevőkre. A termék gyermekek számára nem alkalmas. Gyermekektől elzárva tartandó.<br />
&nbsp;<br />
Tárolás:<br />
&nbsp;<br />
A terméket szobahőmérsékleten, hőforrástól és közvetlen napfénytől távol tárold.<br />
&nbsp;<br />
Tartalom:<br />
&nbsp;<br />
100 ml<br />
&nbsp;</p>
<p>Figyelmeztetés:</p>
<p>Kizárólag külsőleg alkalmazható. Kerüld a szemmel és a&nbsp;nyálkahártyákkal való érintkezést. Ne alkalmazd irritált vagy érzékeny bőrön. Ne alkalmazd, ha érzékeny vagy a termékben található összetevőkre. A termék első alkalmazása előtt vigyél fel kis mennyiséget a bőrre, és bőrirritáció vagy allergiás reakció esetén ne alkalmazd a terméket. Ha irritáció, égő érzés vagy kiütés jelentkezik, hagyd abba a termék alkalmazását. A termék gyermekek számára nem alkalmas. Gyermekektől elzárva tartandó.</p>
<p>Ingredients:</p>
<p>Aqua, Mentha Piperita Leaf Water, Cocamidopropyl Betaine, Glycerin, Glycolic Acid, Arginine, Sodium Lactate, Croton Lechleri Resin Extract, Benzyl Alcohol, Salicylic Acid, Sorbic Acid</p>
<p>Felelős személy és gyártó:</p>
<p>PANAKEIA SK s.r.o., Žabinská 2, 91105 Trenčín, Slovenská republika,<br />
www.panakeia.sk</p>

<p>Tartalmaz: &nbsp; sárkányvér-kivonatot – sötétvörös gyantát, amely az amazonasi esőerdőben növő egyedülálló fákból származik. Mélyvörös színe nemcsak gyönyörű színt kölcsönöz a tisztító habnak, hanem regeneráló és védő hatást is. A sárkányvért folyékony faceliftnek is nevezik – kitölti a megereszkedett bőr kontúrjait, növeli a rugalmasságát, sőt támogatja a kollagéntermelést is. A világ leggazdagabb természetes antioxidáns-forrása. Az [&hellip;]</p>
