{"id":477370,"date":"2026-08-29T20:03:56","date_gmt":"2026-08-29T18:03:56","guid":{"rendered":"https:\/\/horgaszhely.hu\/hun\/termek\/bubacik-gyermek-szaraz-napolaj-spf-30-100ml\/"},"modified":"2026-08-29T20:04:08","modified_gmt":"2026-08-29T18:04:08","slug":"bubacik-gyermek-szaraz-napolaj-spf-30-100ml","status":"publish","type":"product","link":"https:\/\/horgaszhely.hu\/hun\/termek\/bubacik-gyermek-szaraz-napolaj-spf-30-100ml\/","title":{"rendered":"BUB\u00c1\u010cIK\u00ae &#8211;  gyermek sz\u00e1raz napolaj SPF 30 100ml"},"content":{"rendered":"<p>A gyermekeknek k\u00e9sz\u00fclt term\u00e9szetes v\u00e9d\u0151 sz\u00e1raz olaj SPF 30 (Sunscreen SPF 30) 100% term\u00e9szetes \u00e1sv\u00e1nyi \u00f6sszet\u00e9tel\u0171. Az \u00f6sszet\u00e9tel alapja a tiszta cink-oxid, amely nem tartalmaz nanor\u00e9szecsk\u00e9ket (Zinc Oxide non nano).&nbsp;<br \/>\n&nbsp;<br \/>\nAz \u00e1sv\u00e1nyi alap\u00fa olaj term\u00e9szetes UV-sz\u0171r\u0151ket tartalmaz, amelyek fizikailag verik vissza a napsugarakat, \u00e9s optim\u00e1lisan sz\u00e9les spektrum\u00fa v\u00e9delmet biztos\u00edtanak. V\u00e9d az UVA- \u00e9s az UVB-sug\u00e1rz\u00e1s ellen is. Az olaj felvitel ut\u00e1n a b\u0151r felsz\u00edn\u00e9n marad, nem sz\u00edv\u00f3dik be. A kr\u00e9mr\u00e9teg t\u00fck\u00f6rk\u00e9nt m\u0171k\u00f6dik, amely visszaveri a napsugarakat. Ennek k\u00f6sz\u00f6nhet\u0151en a legkisebb gyermekek is haszn\u00e1lhatj\u00e1k. A kr\u00e9met kifejezetten a gyermekek finom \u00e9s \u00e9rz\u00e9keny b\u0151r\u00e9nek ig\u00e9nyeire fejlesztett\u00e9k ki. A b\u0151r a felvitel ut\u00e1n azonnal v\u00e9dett (nem kell v\u00e1rni, am\u00edg a kr\u00e9m elkezdi kifejteni hat\u00e1s\u00e1t, ahogyan az a k\u00e9miai sz\u0171r\u0151s term\u00e9kekn\u00e9l szok\u00e1sos).<br \/>\n&nbsp;<br \/>\nAz \u00f6sszet\u00e9telben tal\u00e1lhat\u00f3 m\u00e9g frakcion\u00e1lt k\u00f3kuszolaj \u00e9s napraforg\u00f3olaj. Ez\u00e9rt j\u00f3l eloszlathat\u00f3, \u00e9s nem hagy feh\u00e9r r\u00e9teget.&nbsp;<br \/>\nTengeri alg\u00e1b\u00f3l sz\u00e1rmaz\u00f3 hat\u00f3anyagot is tartalmaz a napsug\u00e1rz\u00e1s okozta k\u00e1rosod\u00e1s elleni v\u00e9delemhez.<br \/>\n&nbsp;<br \/>\nA term\u00e9k kifejleszt\u00e9sekor nemcsak gyermekeinkre, hanem bolyg\u00f3nkra is gondoltunk. Az \u00f6sszet\u00e9telben nem tal\u00e1lhat\u00f3 olyan \u00f6sszetev\u0151, amely negat\u00edvan befoly\u00e1soln\u00e1 a vizet \u00e9s az \u00f3ce\u00e1nok \u00e9l\u0151vil\u00e1g\u00e1t.&nbsp;&nbsp;<br \/>\n&nbsp;<br \/>\nA napolaj b\u0151rgy\u00f3gy\u00e1szatilag tesztelt \u00e9s illatanyagmentes.&nbsp;<br \/>\n&nbsp;<br \/>\nJellemz\u0151k:<br \/>\n&#8211; term\u00e9szetes UV-sz\u0171r\u0151ket tartalmaz<br \/>\n&#8211; v\u00e9d az UVA- \u00e9s az UVB-sug\u00e1rz\u00e1s ellen<br \/>\n&#8211; k\u00f6nnyen eloszlathat\u00f3<br \/>\n&#8211; nem hagy feh\u00e9r r\u00e9teget<br \/>\n&#8211; a leg\u00e9rz\u00e9kenyebb b\u0151rre is alkalmas&nbsp;<br \/>\n-Tengeri alg\u00e1b\u00f3l sz\u00e1rmaz\u00f3 hat\u00f3anyagot tartalmaz a napsug\u00e1rz\u00e1s okozta k\u00e1rosod\u00e1s elleni v\u00e9delemhez<br \/>\n&#8211; \u00f3ce\u00e1nbar\u00e1t<br \/>\n&nbsp;<br \/>\nHaszn\u00e1lat: Vidd fel megfelel\u0151 vastags\u00e1g\u00fa r\u00e9tegben a test minden olyan r\u00e9sz\u00e9re, amelyet napf\u00e9ny \u00e9r. Az optim\u00e1lis hat\u00e1s \u00e9rdek\u00e9ben ism\u00e9teld meg a felvitelt 2 \u00f3r\u00e1nk\u00e9nt. Ne feledd, hogy a napv\u00e9d\u0151 \u00e1pol\u00e1st akkor is haszn\u00e1lni kell, ha a gyermek \u00e1rny\u00e9kban van.<br \/>\n&nbsp;<br \/>\nAz \u00e1sv\u00e1nyi UV-sz\u0171r\u0151s v\u00e9d\u0151term\u00e9kek haszn\u00e1latakor soha ne feledkezz meg a b\u0151r megfelel\u0151 hidrat\u00e1l\u00e1s\u00e1r\u00f3l. Este mosd le a b\u0151rt, \u00e9s alaposan kend be test\u00e1pol\u00f3val, kr\u00e9mmel vagy balzsammal. Ha a b\u0151rnek a napon t\u00f6lt\u00f6tt id\u0151 ut\u00e1n m\u00e9g t\u00f6bb hidrat\u00e1l\u00e1sra van sz\u00fcks\u00e9ge, kend be reggel is, miel\u0151tt \u00fajra felviszed a 100% \u00e1sv\u00e1nyi \u00f6sszet\u00e9tel\u0171 napv\u00e9d\u0151 \u00e1pol\u00e1st.<br \/>\n&nbsp;<br \/>\n3 \u00e9ves kort\u00f3l aj\u00e1nlott gyermekeknek.<br \/>\n&nbsp;<\/p>\n<p>Haszn\u00e1lati \u00fatmutat\u00f3:<\/p>\n<p>Vigy\u00e9l fel megfelel\u0151 mennyis\u00e9g\u0171 term\u00e9ket az arc \u00e9s a test b\u0151r\u00e9re. 2-3 \u00f3r\u00e1nk\u00e9nt ism\u00e9teld meg a felvitelt. Mindig a napon val\u00f3 tart\u00f3zkod\u00e1s el\u0151tt alkalmazd. Ker\u00fcld a szemmel val\u00f3 \u00e9rintkez\u00e9st.<\/p>\n<p>Figyelmeztet\u00e9s:<\/p>\n<p>Csak k\u00fcls\u0151leg haszn\u00e1lhat\u00f3. Ker\u00fcld az \u00e9rintkez\u00e9st a&nbsp;szemmel \u00e9s a ny\u00e1lkah\u00e1rty\u00e1kkal. Ne haszn\u00e1ld irrit\u00e1lt vagy \u00e9rz\u00e9keny b\u0151r\u00f6n. Ne haszn\u00e1ld, ha \u00e9rz\u00e9keny vagy a term\u00e9kben tal\u00e1lhat\u00f3 \u00f6sszetev\u0151k b\u00e1rmelyik\u00e9re. A term\u00e9k els\u0151 haszn\u00e1lata el\u0151tt vigy\u00e9l fel kis mennyis\u00e9get a b\u0151rre, \u00e9s b\u0151rirrit\u00e1ci\u00f3 vagy allergi\u00e1s reakci\u00f3 eset\u00e9n ne haszn\u00e1ld a term\u00e9ket. Ha irrit\u00e1ci\u00f3, \u00e9g\u0151 \u00e9rz\u00e9s vagy ki\u00fct\u00e9s jelentkezik, hagyd abba a term\u00e9k haszn\u00e1lat\u00e1t. A term\u00e9k &nbsp;3 \u00e9ves kort\u00f3l alkalmas gyermekeknek. Gyermekekt\u0151l elz\u00e1rva tartand\u00f3.<\/p>\n<p>T\u00e1rol\u00e1s:<\/p>\n<p>A term\u00e9ket szobah\u0151m\u00e9rs\u00e9kleten, h\u0151forr\u00e1sokt\u00f3l \u00e9s k\u00f6zvetlen napf\u00e9nyt\u0151l t\u00e1vol t\u00e1rold.<\/p>\n<p>Tartalom:<\/p>\n<p>100 ml<\/p>\n<p>Ingredients:<\/p>\n<p>Caprylic\/Capric Triglyceride, Zinc Oxide, Helianthus Annuus Seed Oil, Hydrogenated Vegetable Oil, Polyhydroxystearic Acid, Simmondsia Chinensis Seed Oil, Pongamia Pinnata Seed Extract, Tocopherol, Dunaliella Salina Extract<\/p>\n<p>Felel\u0151s szem\u00e9ly \u00e9s gy\u00e1rt\u00f3:<\/p>\n<p>PANAKEIA SK s.r.o., \u017dabinsk\u00e1 2, 91105 Tren\u010d\u00edn, Slovensk\u00e1 republika,<br \/>\nwww.panakeia.sk<\/p>\n","protected":false},"excerpt":{"rendered":"<p>A gyermekeknek k\u00e9sz\u00fclt term\u00e9szetes v\u00e9d\u0151 sz\u00e1raz olaj SPF 30 (Sunscreen SPF 30) 100% term\u00e9szetes \u00e1sv\u00e1nyi \u00f6sszet\u00e9tel\u0171. Az \u00f6sszet\u00e9tel alapja a tiszta cink-oxid, amely nem tartalmaz nanor\u00e9szecsk\u00e9ket (Zinc Oxide non nano).&nbsp; &nbsp; Az \u00e1sv\u00e1nyi alap\u00fa olaj term\u00e9szetes UV-sz\u0171r\u0151ket tartalmaz, amelyek fizikailag verik vissza a napsugarakat, \u00e9s optim\u00e1lisan sz\u00e9les spektrum\u00fa v\u00e9delmet biztos\u00edtanak. V\u00e9d az UVA- \u00e9s az [&hellip;]<\/p>\n","protected":false},"featured_media":477371,"template":"","meta":{"_acf_changed":false},"product_brand":[],"product_cat":[3464,3414,3380],"product_tag":[],"class_list":["post-477370","product","type-product","status-publish","has-post-thumbnail","product_cat-gyermek-naturkozmetikumok","product_cat-panakeia-naturkozmetikumok","product_cat-termeszetes-kozmetikumok","first","instock","product-type-external"],"acf":[],"_links":{"self":[{"href":"https:\/\/horgaszhely.hu\/hun\/wp-json\/wp\/v2\/product\/477370","targetHints":{"allow":["GET"]}}],"collection":[{"href":"https:\/\/horgaszhely.hu\/hun\/wp-json\/wp\/v2\/product"}],"about":[{"href":"https:\/\/horgaszhely.hu\/hun\/wp-json\/wp\/v2\/types\/product"}],"wp:featuredmedia":[{"embeddable":true,"href":"https:\/\/horgaszhely.hu\/hun\/wp-json\/wp\/v2\/media\/477371"}],"wp:attachment":[{"href":"https:\/\/horgaszhely.hu\/hun\/wp-json\/wp\/v2\/media?parent=477370"}],"wp:term":[{"taxonomy":"product_brand","embeddable":true,"href":"https:\/\/horgaszhely.hu\/hun\/wp-json\/wp\/v2\/product_brand?post=477370"},{"taxonomy":"product_cat","embeddable":true,"href":"https:\/\/horgaszhely.hu\/hun\/wp-json\/wp\/v2\/product_cat?post=477370"},{"taxonomy":"product_tag","embeddable":true,"href":"https:\/\/horgaszhely.hu\/hun\/wp-json\/wp\/v2\/product_tag?post=477370"}],"curies":[{"name":"wp","href":"https:\/\/api.w.org\/{rel}","templated":true}]}}

BUBÁČIK® &#8211;  gyermek száraz napolaj SPF 30 100ml

<p>A gyermekeknek készült természetes védő száraz olaj SPF 30 (Sunscreen SPF 30) 100% természetes ásványi összetételű. Az összetétel alapja a tiszta cink-oxid, amely nem tartalmaz nanorészecskéket (Zinc Oxide non nano).&nbsp;<br />
&nbsp;<br />
Az ásványi alapú olaj természetes UV-szűrőket tartalmaz, amelyek fizikailag verik vissza a napsugarakat, és optimálisan széles spektrumú védelmet biztosítanak. Véd az UVA- és az UVB-sugárzás ellen is. Az olaj felvitel után a bőr felszínén marad, nem szívódik be. A krémréteg tükörként működik, amely visszaveri a napsugarakat. Ennek köszönhetően a legkisebb gyermekek is használhatják. A krémet kifejezetten a gyermekek finom és érzékeny bőrének igényeire fejlesztették ki. A bőr a felvitel után azonnal védett (nem kell várni, amíg a krém elkezdi kifejteni hatását, ahogyan az a kémiai szűrős termékeknél szokásos).<br />
&nbsp;<br />
Az összetételben található még frakcionált kókuszolaj és napraforgóolaj. Ezért jól eloszlatható, és nem hagy fehér réteget.&nbsp;<br />
Tengeri algából származó hatóanyagot is tartalmaz a napsugárzás okozta károsodás elleni védelemhez.<br />
&nbsp;<br />
A termék kifejlesztésekor nemcsak gyermekeinkre, hanem bolygónkra is gondoltunk. Az összetételben nem található olyan összetevő, amely negatívan befolyásolná a vizet és az óceánok élővilágát.&nbsp;&nbsp;<br />
&nbsp;<br />
A napolaj bőrgyógyászatilag tesztelt és illatanyagmentes.&nbsp;<br />
&nbsp;<br />
Jellemzők:<br />
&#8211; természetes UV-szűrőket tartalmaz<br />
&#8211; véd az UVA- és az UVB-sugárzás ellen<br />
&#8211; könnyen eloszlatható<br />
&#8211; nem hagy fehér réteget<br />
&#8211; a legérzékenyebb bőrre is alkalmas&nbsp;<br />
-Tengeri algából származó hatóanyagot tartalmaz a napsugárzás okozta károsodás elleni védelemhez<br />
&#8211; óceánbarát<br />
&nbsp;<br />
Használat: Vidd fel megfelelő vastagságú rétegben a test minden olyan részére, amelyet napfény ér. Az optimális hatás érdekében ismételd meg a felvitelt 2 óránként. Ne feledd, hogy a napvédő ápolást akkor is használni kell, ha a gyermek árnyékban van.<br />
&nbsp;<br />
Az ásványi UV-szűrős védőtermékek használatakor soha ne feledkezz meg a bőr megfelelő hidratálásáról. Este mosd le a bőrt, és alaposan kend be testápolóval, krémmel vagy balzsammal. Ha a bőrnek a napon töltött idő után még több hidratálásra van szüksége, kend be reggel is, mielőtt újra felviszed a 100% ásványi összetételű napvédő ápolást.<br />
&nbsp;<br />
3 éves kortól ajánlott gyermekeknek.<br />
&nbsp;</p>
<p>Használati útmutató:</p>
<p>Vigyél fel megfelelő mennyiségű terméket az arc és a test bőrére. 2-3 óránként ismételd meg a felvitelt. Mindig a napon való tartózkodás előtt alkalmazd. Kerüld a szemmel való érintkezést.</p>
<p>Figyelmeztetés:</p>
<p>Csak külsőleg használható. Kerüld az érintkezést a&nbsp;szemmel és a nyálkahártyákkal. Ne használd irritált vagy érzékeny bőrön. Ne használd, ha érzékeny vagy a termékben található összetevők bármelyikére. A termék első használata előtt vigyél fel kis mennyiséget a bőrre, és bőrirritáció vagy allergiás reakció esetén ne használd a terméket. Ha irritáció, égő érzés vagy kiütés jelentkezik, hagyd abba a termék használatát. A termék &nbsp;3 éves kortól alkalmas gyermekeknek. Gyermekektől elzárva tartandó.</p>
<p>Tárolás:</p>
<p>A terméket szobahőmérsékleten, hőforrásoktól és közvetlen napfénytől távol tárold.</p>
<p>Tartalom:</p>
<p>100 ml</p>
<p>Ingredients:</p>
<p>Caprylic/Capric Triglyceride, Zinc Oxide, Helianthus Annuus Seed Oil, Hydrogenated Vegetable Oil, Polyhydroxystearic Acid, Simmondsia Chinensis Seed Oil, Pongamia Pinnata Seed Extract, Tocopherol, Dunaliella Salina Extract</p>
<p>Felelős személy és gyártó:</p>
<p>PANAKEIA SK s.r.o., Žabinská 2, 91105 Trenčín, Slovenská republika,<br />
www.panakeia.sk</p>

<p>A gyermekeknek készült természetes védő száraz olaj SPF 30 (Sunscreen SPF 30) 100% természetes ásványi összetételű. Az összetétel alapja a tiszta cink-oxid, amely nem tartalmaz nanorészecskéket (Zinc Oxide non nano).&nbsp; &nbsp; Az ásványi alapú olaj természetes UV-szűrőket tartalmaz, amelyek fizikailag verik vissza a napsugarakat, és optimálisan széles spektrumú védelmet biztosítanak. Véd az UVA- és az [&hellip;]</p>
