{"id":477388,"date":"2026-08-29T20:03:56","date_gmt":"2026-08-29T18:03:56","guid":{"rendered":"https:\/\/horgaszhely.hu\/hun\/termek\/krok-med-labizzadas-es-labszag-elleni-krem-75-ml\/"},"modified":"2026-08-29T20:04:30","modified_gmt":"2026-08-29T18:04:30","slug":"krok-med-labizzadas-es-labszag-elleni-krem-75-ml","status":"publish","type":"product","link":"https:\/\/horgaszhely.hu\/hun\/termek\/krok-med-labizzadas-es-labszag-elleni-krem-75-ml\/","title":{"rendered":"KROK MED l\u00e1bizzad\u00e1s \u00e9s l\u00e1bszag elleni kr\u00e9m 75 ml"},"content":{"rendered":"<p>&nbsp;<br \/>\nMegel\u0151z\u00e9st \u00e9s v\u00e9delmet biztos\u00edt a l\u00e1b b\u0151r\u00e9nek. A kozmetikai k\u00e9sz\u00edtm\u00e9ny friss\u00edt\u0151 \u00e9s h\u0171s\u00edt\u0151 hat\u00e1s\u00fa, seg\u00edt enyh\u00edteni a l\u00e1b fesz\u00fcl\u00e9s\u00e9t \u00e9s f\u00e1radts\u00e1g\u00e1t, valamint megakad\u00e1lyozza a l\u00e1bujjak k\u00f6z\u00f6tti viszket\u00e9st.<br \/>\nA k\u00e9sz\u00edtm\u00e9ny nemcsak komfort\u00e9rzetet ad a b\u0151rnek, hanem felgyors\u00edtja a regener\u00e1ci\u00f3s folyamatokat is.<br \/>\nA balzsam helyre\u00e1ll\u00edtja a b\u0151r v\u00e9d\u0151funkci\u00f3j\u00e1t, \u00e9s a fert\u0151z\u00e9sek kialakul\u00e1sa ellen hat.<br \/>\nTulajdons\u00e1gok:<\/p>\n<p>hat\u00e9konyan megoldja a bromhidr\u00f3zis (kellemetlen szag) \u00e9s a hiperhidr\u00f3zis (fokozott izzad\u00e1s) probl\u00e9m\u00e1j\u00e1t<br \/>\nv\u00e9delmet biztos\u00edt a l\u00e1b b\u0151r\u00e9nek a gomb\u00e1kkal szemben, ami k\u00fcl\u00f6n\u00f6sen fontos nyilv\u00e1nos helyek l\u00e1togat\u00e1sa ut\u00e1n (uszoda, zuhanyz\u00f3, szauna stb.)<br \/>\nmegakad\u00e1lyozza a l\u00e1bujjak k\u00f6z\u00f6tti viszket\u00e9st<br \/>\nh\u0171s\u00edt<br \/>\nmegsz\u00fcnteti a f\u00e1radts\u00e1g \u00e9s a k\u00e9nyelmetlens\u00e9g \u00e9rz\u00e9s\u00e9t<br \/>\ncs\u00f6kkenti az izzad\u00e1st<br \/>\nkifejezett gombaellenes hat\u00e1ssal rendelkezik<br \/>\nantibakteri\u00e1lis tulajdons\u00e1g\u00fa, \u00e9s dezodor\u00e1l\u00f3 hat\u00e1ssal b\u00edr<br \/>\nhelyre\u00e1ll\u00edtja az epidermisz v\u00e9d\u0151funkci\u00f3j\u00e1t<br \/>\nfelgyors\u00edtja a sejtek regener\u00e1l\u00f3d\u00e1s\u00e1t<\/p>\n<p>Akt\u00edv \u00f6sszetev\u0151k:<\/p>\n<p>alum\u00ednium-hidroxiklorid<br \/>\nklimbazol<br \/>\naloe vera g\u00e9l<br \/>\navok\u00e1d\u00f3olaj<br \/>\nteafa ill\u00f3olaj<\/p>\n<p>&nbsp;<br \/>\nAlkalmaz\u00e1s m\u00f3dja:&nbsp;Naponta 1-2 alkalommal massz\u00edroz\u00f3 mozdulatokkal vidd fel a balzsamot az \u00e9rintett b\u0151rfel\u00fcletre. A hat\u00e1s fokoz\u00e1sa \u00e9rdek\u00e9ben aj\u00e1nlott el\u0151tte meleg gy\u00f3gyn\u00f6v\u00e9nyes l\u00e1bf\u00fcrd\u0151t venni, \u00e9s pamutzoknit felvenni. K\u00e9z- \u00e9s k\u00f6ny\u00f6k\u00e1pol\u00e1sra is haszn\u00e1lhat\u00f3. Diab\u00e9teszes l\u00e1b \u00e1pol\u00e1s\u00e1ra is aj\u00e1nlott.<br \/>\nFigyelmeztet\u00e9s: Ne haszn\u00e1ld a g\u00e9l b\u00e1rmely \u00f6sszetev\u0151j\u00e9vel szembeni egy\u00e9ni intolerancia vagy t\u00fal\u00e9rz\u00e9kenys\u00e9g eset\u00e9n, valamint 3 \u00e9v alatti gyermekekn\u00e9l. T\u00e1rol\u00e1s: 5 \u00b0 \u00e9s 25 \u00b0 C k\u00f6z\u00f6tti h\u0151m\u00e9rs\u00e9kleten.<br \/>\nIngredients\/INCI:<br \/>\nAqua, Hydroxychlorid hlinit\u00fd, Extrakt z listov Aloe Barbadensis, Glycerylstear\u00e1t, PEG-100 stear\u00e1t, Izopropylpalmit\u00e1t<br \/>\nCetearylalkohol, Persea Gratissima olej, Glycer\u00edn, oktyldodekanol, Climbazol, S\u00edren\u00fd \u010daj-ricinole\u00e1t<br \/>\nPEG-35 ric\u00ednov\u00fd olej, Propyl\u00e9nglykol, Hydroxyetylcelul\u00f3za, Olej z listov Melaleuca Alternifolia, Parfum, Limonene, Fenoxyetanol, kaprylylglykol, Butylfenyl metylpropi\u00f3n, Linalool, Hexyl Cinnamal, Benzylsalicyl\u00e1t,<\/p>\n","protected":false},"excerpt":{"rendered":"<p>&nbsp; Megel\u0151z\u00e9st \u00e9s v\u00e9delmet biztos\u00edt a l\u00e1b b\u0151r\u00e9nek. A kozmetikai k\u00e9sz\u00edtm\u00e9ny friss\u00edt\u0151 \u00e9s h\u0171s\u00edt\u0151 hat\u00e1s\u00fa, seg\u00edt enyh\u00edteni a l\u00e1b fesz\u00fcl\u00e9s\u00e9t \u00e9s f\u00e1radts\u00e1g\u00e1t, valamint megakad\u00e1lyozza a l\u00e1bujjak k\u00f6z\u00f6tti viszket\u00e9st. A k\u00e9sz\u00edtm\u00e9ny nemcsak komfort\u00e9rzetet ad a b\u0151rnek, hanem felgyors\u00edtja a regener\u00e1ci\u00f3s folyamatokat is. A balzsam helyre\u00e1ll\u00edtja a b\u0151r v\u00e9d\u0151funkci\u00f3j\u00e1t, \u00e9s a fert\u0151z\u00e9sek kialakul\u00e1sa ellen hat. Tulajdons\u00e1gok: hat\u00e9konyan [&hellip;]<\/p>\n","protected":false},"featured_media":477389,"template":"","meta":{"_acf_changed":false},"product_brand":[],"product_cat":[3416,3419,3485,3380],"product_tag":[],"class_list":["post-477388","product","type-product","status-publish","has-post-thumbnail","product_cat-egeszseg-termeszetes-kozmetikumok","product_cat-gyogynovenyes-kremek-es-balzsamok","product_cat-kremek-es-gelek-labakra-erekre-es-visszerekre","product_cat-termeszetes-kozmetikumok","first","instock","product-type-external"],"acf":[],"_links":{"self":[{"href":"https:\/\/horgaszhely.hu\/hun\/wp-json\/wp\/v2\/product\/477388","targetHints":{"allow":["GET"]}}],"collection":[{"href":"https:\/\/horgaszhely.hu\/hun\/wp-json\/wp\/v2\/product"}],"about":[{"href":"https:\/\/horgaszhely.hu\/hun\/wp-json\/wp\/v2\/types\/product"}],"wp:featuredmedia":[{"embeddable":true,"href":"https:\/\/horgaszhely.hu\/hun\/wp-json\/wp\/v2\/media\/477389"}],"wp:attachment":[{"href":"https:\/\/horgaszhely.hu\/hun\/wp-json\/wp\/v2\/media?parent=477388"}],"wp:term":[{"taxonomy":"product_brand","embeddable":true,"href":"https:\/\/horgaszhely.hu\/hun\/wp-json\/wp\/v2\/product_brand?post=477388"},{"taxonomy":"product_cat","embeddable":true,"href":"https:\/\/horgaszhely.hu\/hun\/wp-json\/wp\/v2\/product_cat?post=477388"},{"taxonomy":"product_tag","embeddable":true,"href":"https:\/\/horgaszhely.hu\/hun\/wp-json\/wp\/v2\/product_tag?post=477388"}],"curies":[{"name":"wp","href":"https:\/\/api.w.org\/{rel}","templated":true}]}}

KROK MED lábizzadás és lábszag elleni krém 75 ml

<p>&nbsp;<br />
Megelőzést és védelmet biztosít a láb bőrének. A kozmetikai készítmény frissítő és hűsítő hatású, segít enyhíteni a láb feszülését és fáradtságát, valamint megakadályozza a lábujjak közötti viszketést.<br />
A készítmény nemcsak komfortérzetet ad a bőrnek, hanem felgyorsítja a regenerációs folyamatokat is.<br />
A balzsam helyreállítja a bőr védőfunkcióját, és a fertőzések kialakulása ellen hat.<br />
Tulajdonságok:</p>
<p>hatékonyan megoldja a bromhidrózis (kellemetlen szag) és a hiperhidrózis (fokozott izzadás) problémáját<br />
védelmet biztosít a láb bőrének a gombákkal szemben, ami különösen fontos nyilvános helyek látogatása után (uszoda, zuhanyzó, szauna stb.)<br />
megakadályozza a lábujjak közötti viszketést<br />
hűsít<br />
megszünteti a fáradtság és a kényelmetlenség érzését<br />
csökkenti az izzadást<br />
kifejezett gombaellenes hatással rendelkezik<br />
antibakteriális tulajdonságú, és dezodoráló hatással bír<br />
helyreállítja az epidermisz védőfunkcióját<br />
felgyorsítja a sejtek regenerálódását</p>
<p>Aktív összetevők:</p>
<p>alumínium-hidroxiklorid<br />
klimbazol<br />
aloe vera gél<br />
avokádóolaj<br />
teafa illóolaj</p>
<p>&nbsp;<br />
Alkalmazás módja:&nbsp;Naponta 1-2 alkalommal masszírozó mozdulatokkal vidd fel a balzsamot az érintett bőrfelületre. A hatás fokozása érdekében ajánlott előtte meleg gyógynövényes lábfürdőt venni, és pamutzoknit felvenni. Kéz- és könyökápolásra is használható. Diabéteszes láb ápolására is ajánlott.<br />
Figyelmeztetés: Ne használd a gél bármely összetevőjével szembeni egyéni intolerancia vagy túlérzékenység esetén, valamint 3 év alatti gyermekeknél. Tárolás: 5 ° és 25 ° C közötti hőmérsékleten.<br />
Ingredients/INCI:<br />
Aqua, Hydroxychlorid hlinitý, Extrakt z listov Aloe Barbadensis, Glycerylstearát, PEG-100 stearát, Izopropylpalmitát<br />
Cetearylalkohol, Persea Gratissima olej, Glycerín, oktyldodekanol, Climbazol, Sírený čaj-ricinoleát<br />
PEG-35 ricínový olej, Propylénglykol, Hydroxyetylcelulóza, Olej z listov Melaleuca Alternifolia, Parfum, Limonene, Fenoxyetanol, kaprylylglykol, Butylfenyl metylpropión, Linalool, Hexyl Cinnamal, Benzylsalicylát,</p>

<p>&nbsp; Megelőzést és védelmet biztosít a láb bőrének. A kozmetikai készítmény frissítő és hűsítő hatású, segít enyhíteni a láb feszülését és fáradtságát, valamint megakadályozza a lábujjak közötti viszketést. A készítmény nemcsak komfortérzetet ad a bőrnek, hanem felgyorsítja a regenerációs folyamatokat is. A balzsam helyreállítja a bőr védőfunkcióját, és a fertőzések kialakulása ellen hat. Tulajdonságok: hatékonyan [&hellip;]</p>
