{"id":477398,"date":"2026-08-29T20:03:56","date_gmt":"2026-08-29T18:03:56","guid":{"rendered":"https:\/\/horgaszhely.hu\/hun\/termek\/krok-med-artrhoflex-gel\/"},"modified":"2026-08-29T20:04:39","modified_gmt":"2026-08-29T18:04:39","slug":"krok-med-artrhoflex-gel","status":"publish","type":"product","link":"https:\/\/horgaszhely.hu\/hun\/termek\/krok-med-artrhoflex-gel\/","title":{"rendered":"KROK MED &#8211; Artrhoflex g\u00e9l"},"content":{"rendered":"<p>Jav\u00edtja az \u00edz\u00fcletek mozg\u00e9konys\u00e1g\u00e1t \u00e9s rugalmass\u00e1g\u00e1t, valamint az izmok m\u0171k\u00f6d\u00e9s\u00e9t, serkenti az anyagcsere-folyamatokat, \u00e9s normaliz\u00e1lja a mozg\u00e1sszervrendszer m\u0171k\u00f6d\u00e9s\u00e9t. Sportmassz\u00e1zs-g\u00e9lk\u00e9nt is haszn\u00e1lhat\u00f3.<br \/>\n&nbsp;<br \/>\nA 20%-os feketenad\u00e1lyt\u0151-kivonat&nbsp;a balzsam akt\u00edv \u00f6sszetev\u0151je, amely cs\u00f6kkenti az \u00edz\u00fcletek, a der\u00e9k, a h\u00e1t, az izmok \u00e9s a szalagok gyullad\u00e1sait \u00e9s f\u00e1jdalmait, hat\u00e9konyan helyre\u00e1ll\u00edtja a s\u00e9r\u00fclt sz\u00f6vetet t\u00f6r\u00e9sek, z\u00faz\u00f3d\u00e1sok \u00e9s ficamok eset\u00e9n<br \/>\nA csont- \u00e9s porcsz\u00f6vet anyagcser\u00e9j\u00e9nek korrektorai, a kondroprotektorok \u2013 a gl\u00fck\u00f3zamin \u00e9s a kondroitin.&nbsp;Komplex m\u00f3don hatnak a mozg\u00e1sszervrendszerre, gyullad\u00e1scs\u00f6kkent\u0151 hat\u00e1s\u00faak, enyh\u00edtik a mozg\u00e1sszervi elv\u00e1ltoz\u00e1sokat k\u00eds\u00e9r\u0151 t\u00fcneteket, cs\u00f6kkentik a nemszteroid gyullad\u00e1scs\u00f6kkent\u0151k ir\u00e1nti ig\u00e9nyt, seg\u00edtenek lass\u00edtani az \u00edz\u00fcletek \u00e9s a gerinc degenerat\u00edv folyamatait, er\u0151s\u00edtik a porc m\u00e1trix\u00e1t, v\u00e9dik a porcot a k\u00e1rosod\u00e1st\u00f3l<br \/>\nA metil-nikotin\u00e1t&nbsp;meleg\u00edt\u0151 hat\u00e1s\u00fa, \u00e9s jav\u00edtja a v\u00e9r mikrocirkul\u00e1ci\u00f3j\u00e1t. Egy\u00fattal jav\u00edtja a felesleges folyad\u00e9k \u00e9s a m\u00e9reganyagok elt\u00e1vol\u00edt\u00e1s\u00e1t, valamint a sz\u00f6vetek oxig\u00e9nell\u00e1t\u00e1s\u00e1t<br \/>\n&nbsp;<br \/>\n&nbsp;<br \/>\nHaszn\u00e1lat:<br \/>\n&nbsp; Kis mennyis\u00e9g\u0171 kr\u00e9met vigy\u00e9l fel naponta 2-3 alkalommal az \u00e9rintett ter\u00fcletre, \u00e9s intenz\u00edven d\u00f6rzs\u00f6ld be.<br \/>\n\u00d6sszet\u00e9tel \/INCI:&nbsp;Aqua, Glycerin, Paraffinum Liquidum, Alcohol, Carbomer, Triethanolamine, Sodium Chondroitin Sulfate, Glucosamine H\u0421L, Formic Acid, Harpagophytum Procumbens Root Extract, Vaccinium Vitis-Idaea Fruit Extract, Taraxacum Officinale Rhizome\/Root Extract, Hydrolyzed Comarum Palustre Root\/Stem Extract, Acorus Calamus Root Extract, Camphor, Hydrolyzed Collagen, Vanillyl Butyl Ether, Xanthan Gum, Sodium Benzoate, Phenoxyethanol, Benzoic Acid, Caprylyl Glycol.<br \/>\nEllenjavallatok:<br \/>\nNem aj\u00e1nlott a k\u00e9sz\u00edtm\u00e9ny \u00f6sszetev\u0151ire fokozottan \u00e9rz\u00e9keny szem\u00e9lyeknek.<br \/>\n\u00d3vint\u00e9zked\u00e9sek:<br \/>\nHaszn\u00e1latkor a b\u0151r felsz\u00edn\u00e9n r\u00f6vid ideig tart\u00f3 hiper\u00e9mia (b\u0151rp\u00edr) jelentkezik, meleg\u00edt\u0151 hat\u00e1ssal.<br \/>\nCsak k\u00fcls\u0151leg haszn\u00e1lhat\u00f3. Szembe ker\u00fcl\u00e9s eset\u00e9n \u00f6bl\u00edtsd ki v\u00edzzel.<br \/>\n&nbsp;<br \/>\nT\u00e1rol\u00e1s:&nbsp;T\u00e1rold +5 \u00e9s + 25 \u00b0 C k\u00f6z\u00f6tti h\u0151m\u00e9rs\u00e9kleten.<br \/>\nSz\u00e1rmaz\u00e1si orsz\u00e1g:&nbsp;Ukrajna.<\/p>\n","protected":false},"excerpt":{"rendered":"<p>Jav\u00edtja az \u00edz\u00fcletek mozg\u00e9konys\u00e1g\u00e1t \u00e9s rugalmass\u00e1g\u00e1t, valamint az izmok m\u0171k\u00f6d\u00e9s\u00e9t, serkenti az anyagcsere-folyamatokat, \u00e9s normaliz\u00e1lja a mozg\u00e1sszervrendszer m\u0171k\u00f6d\u00e9s\u00e9t. Sportmassz\u00e1zs-g\u00e9lk\u00e9nt is haszn\u00e1lhat\u00f3. &nbsp; A 20%-os feketenad\u00e1lyt\u0151-kivonat&nbsp;a balzsam akt\u00edv \u00f6sszetev\u0151je, amely cs\u00f6kkenti az \u00edz\u00fcletek, a der\u00e9k, a h\u00e1t, az izmok \u00e9s a szalagok gyullad\u00e1sait \u00e9s f\u00e1jdalmait, hat\u00e9konyan helyre\u00e1ll\u00edtja a s\u00e9r\u00fclt sz\u00f6vetet t\u00f6r\u00e9sek, z\u00faz\u00f3d\u00e1sok \u00e9s ficamok eset\u00e9n A [&hellip;]<\/p>\n","protected":false},"featured_media":477399,"template":"","meta":{"_acf_changed":false},"product_brand":[],"product_cat":[3416,3419,3485,3380],"product_tag":[],"class_list":["post-477398","product","type-product","status-publish","has-post-thumbnail","product_cat-egeszseg-termeszetes-kozmetikumok","product_cat-gyogynovenyes-kremek-es-balzsamok","product_cat-kremek-es-gelek-labakra-erekre-es-visszerekre","product_cat-termeszetes-kozmetikumok","first","instock","product-type-external"],"acf":[],"_links":{"self":[{"href":"https:\/\/horgaszhely.hu\/hun\/wp-json\/wp\/v2\/product\/477398","targetHints":{"allow":["GET"]}}],"collection":[{"href":"https:\/\/horgaszhely.hu\/hun\/wp-json\/wp\/v2\/product"}],"about":[{"href":"https:\/\/horgaszhely.hu\/hun\/wp-json\/wp\/v2\/types\/product"}],"wp:featuredmedia":[{"embeddable":true,"href":"https:\/\/horgaszhely.hu\/hun\/wp-json\/wp\/v2\/media\/477399"}],"wp:attachment":[{"href":"https:\/\/horgaszhely.hu\/hun\/wp-json\/wp\/v2\/media?parent=477398"}],"wp:term":[{"taxonomy":"product_brand","embeddable":true,"href":"https:\/\/horgaszhely.hu\/hun\/wp-json\/wp\/v2\/product_brand?post=477398"},{"taxonomy":"product_cat","embeddable":true,"href":"https:\/\/horgaszhely.hu\/hun\/wp-json\/wp\/v2\/product_cat?post=477398"},{"taxonomy":"product_tag","embeddable":true,"href":"https:\/\/horgaszhely.hu\/hun\/wp-json\/wp\/v2\/product_tag?post=477398"}],"curies":[{"name":"wp","href":"https:\/\/api.w.org\/{rel}","templated":true}]}}

KROK MED &#8211; Artrhoflex gél

<p>Javítja az ízületek mozgékonyságát és rugalmasságát, valamint az izmok működését, serkenti az anyagcsere-folyamatokat, és normalizálja a mozgásszervrendszer működését. Sportmasszázs-gélként is használható.<br />
&nbsp;<br />
A 20%-os feketenadálytő-kivonat&nbsp;a balzsam aktív összetevője, amely csökkenti az ízületek, a derék, a hát, az izmok és a szalagok gyulladásait és fájdalmait, hatékonyan helyreállítja a sérült szövetet törések, zúzódások és ficamok esetén<br />
A csont- és porcszövet anyagcseréjének korrektorai, a kondroprotektorok – a glükózamin és a kondroitin.&nbsp;Komplex módon hatnak a mozgásszervrendszerre, gyulladáscsökkentő hatásúak, enyhítik a mozgásszervi elváltozásokat kísérő tüneteket, csökkentik a nemszteroid gyulladáscsökkentők iránti igényt, segítenek lassítani az ízületek és a gerinc degeneratív folyamatait, erősítik a porc mátrixát, védik a porcot a károsodástól<br />
A metil-nikotinát&nbsp;melegítő hatású, és javítja a vér mikrocirkulációját. Egyúttal javítja a felesleges folyadék és a méreganyagok eltávolítását, valamint a szövetek oxigénellátását<br />
&nbsp;<br />
&nbsp;<br />
Használat:<br />
&nbsp; Kis mennyiségű krémet vigyél fel naponta 2-3 alkalommal az érintett területre, és intenzíven dörzsöld be.<br />
Összetétel /INCI:&nbsp;Aqua, Glycerin, Paraffinum Liquidum, Alcohol, Carbomer, Triethanolamine, Sodium Chondroitin Sulfate, Glucosamine HСL, Formic Acid, Harpagophytum Procumbens Root Extract, Vaccinium Vitis-Idaea Fruit Extract, Taraxacum Officinale Rhizome/Root Extract, Hydrolyzed Comarum Palustre Root/Stem Extract, Acorus Calamus Root Extract, Camphor, Hydrolyzed Collagen, Vanillyl Butyl Ether, Xanthan Gum, Sodium Benzoate, Phenoxyethanol, Benzoic Acid, Caprylyl Glycol.<br />
Ellenjavallatok:<br />
Nem ajánlott a készítmény összetevőire fokozottan érzékeny személyeknek.<br />
Óvintézkedések:<br />
Használatkor a bőr felszínén rövid ideig tartó hiperémia (bőrpír) jelentkezik, melegítő hatással.<br />
Csak külsőleg használható. Szembe kerülés esetén öblítsd ki vízzel.<br />
&nbsp;<br />
Tárolás:&nbsp;Tárold +5 és + 25 ° C közötti hőmérsékleten.<br />
Származási ország:&nbsp;Ukrajna.</p>

<p>Javítja az ízületek mozgékonyságát és rugalmasságát, valamint az izmok működését, serkenti az anyagcsere-folyamatokat, és normalizálja a mozgásszervrendszer működését. Sportmasszázs-gélként is használható. &nbsp; A 20%-os feketenadálytő-kivonat&nbsp;a balzsam aktív összetevője, amely csökkenti az ízületek, a derék, a hát, az izmok és a szalagok gyulladásait és fájdalmait, hatékonyan helyreállítja a sérült szövetet törések, zúzódások és ficamok esetén A [&hellip;]</p>
