{"id":477404,"date":"2026-08-29T20:04:44","date_gmt":"2026-08-29T18:04:44","guid":{"rendered":"https:\/\/horgaszhely.hu\/hun\/termek\/vitateka-koncentralt-krem-balzsam-kondroitinnal-es-glukozaminnal-200ml\/"},"modified":"2026-08-29T20:04:48","modified_gmt":"2026-08-29T18:04:48","slug":"vitateka-koncentralt-krem-balzsam-kondroitinnal-es-glukozaminnal-200ml","status":"publish","type":"product","link":"https:\/\/horgaszhely.hu\/hun\/termek\/vitateka-koncentralt-krem-balzsam-kondroitinnal-es-glukozaminnal-200ml\/","title":{"rendered":"VITATEKA Koncentr\u00e1lt kr\u00e9m-balzsam kondroitinnal \u00e9s gl\u00fck\u00f3zaminnal 200ml"},"content":{"rendered":"<p>Kondroitin-szulf\u00e1t&nbsp;&#8211;&nbsp;a porc f\u0151 szerkezeti alkot\u00f3eleme \u00e9s sejtjeinek term\u00e9szetes v\u00e9delmez\u0151je, serkenti a csontsz\u00f6vet lebont\u00e1s\u00e1t, cs\u00f6kkenti a kalciumvesztes\u00e9get a porcban, jav\u00edtja a porc anyagcser\u00e9j\u00e9t, n\u00f6veli a nedvess\u00e9gtartalmat \u00e9s megakad\u00e1lyozza a porc kisz\u00e1rad\u00e1s\u00e1t&nbsp;,<br \/>\nM\u00fami\u00f3&nbsp;&#8211;&nbsp;egyed\u00fcl\u00e1ll\u00f3 term\u00e9szetes bioserkent\u0151, serkenti az \u00edz\u00fcletek helyre\u00e1ll\u00edt\u00f3 folyamatait \u00e9s a sejtek, valamint a k\u00f6t\u0151sz\u00f6vetek szaporod\u00e1s\u00e1t, \u00f6d\u00e9macs\u00f6kkent\u0151-gyullad\u00e1scs\u00f6kkent\u0151-immuner\u0151s\u00edt\u0151 \u00e9s \u00e1ltal\u00e1nosan er\u0151s\u00edt\u0151 hat\u00e1s\u00fa<br \/>\nGlukosam\u00edn&nbsp;&#8211;&nbsp;a porc legfontosabb eleme.&nbsp; Jav\u00edtja az \u00edz\u00fcletek anyagcsere-folyamatait, serkenti a porc helyre\u00e1ll\u00edt\u00e1s\u00e1hoz sz\u00fcks\u00e9ges gl\u00fck\u00f3zaminoglik\u00e1nok termel\u00e9s\u00e9t, valamint a proteoglik\u00e1nok \u00e9s a hialuronsav szint\u00e9zis\u00e9t az \u00edz\u00fcleti folyad\u00e9kban.&nbsp; Meg\u00e1ll\u00edtja az \u00edz\u00fcletek degenerat\u00edv folyamatait.&nbsp; Gyullad\u00e1sos jelens\u00e9gek eset\u00e9n el\u0151seg\u00edti a porc regener\u00e1ci\u00f3j\u00e1t, cs\u00f6kkenti a f\u00e1jdalmat.&nbsp;<br \/>\nKollag\u00e9n&nbsp;fibrill\u00e1ris feh\u00e9rje, amely a test k\u00f6t\u0151sz\u00f6vet\u00e9nek (inak, porcok \u00e9s csont) alapj\u00e1t k\u00e9pezi \u00e9s biztos\u00edtja annak szil\u00e1rds\u00e1g\u00e1t \u00e9s rugalmass\u00e1g\u00e1t.&nbsp; El\u0151seg\u00edti a sz\u00f6vet gyors helyre\u00e1ll\u00edt\u00e1s\u00e1t \u00e9s meger\u0151s\u00edt\u00e9s\u00e9t.&nbsp;K\u00e1mfor&nbsp;&#8211;&nbsp;antiszeptikum, csillap\u00edtja a f\u00e1jdalmat \u00e9s cs\u00f6kkenti a gyullad\u00e1st reuma, \u00edz\u00fcleti gyullad\u00e1s, artr\u00f3zis \u00e9s poliartr\u00f3zis eset\u00e9n.,mentol<br \/>\n&nbsp;<\/p>\n<p>&nbsp;<\/p>\n<p>Haszn\u00e1lati \u00fatmutat\u00f3:&nbsp;k\u00f6rk\u00f6r\u00f6s massz\u00edroz\u00f3 mozdulatokkal vigye fel az \u00e9rintett \u00edz\u00fclet ter\u00fclet\u00e9re 3 \u2013 5 percen \u00e1t a teljes felsz\u00edv\u00f3d\u00e1sig, naponta 2 \u2013 3 alkalommal.<br \/>\nLehet\u0151s\u00e9g szerint biztos\u00edtson meleget \u00e9s nyugalmat a probl\u00e9m\u00e1s ter\u00fcletnek 1 \u2013 2 \u00f3r\u00e1ra. Minim\u00e1lis haszn\u00e1lati id\u0151 \u2013 1,5 h\u00f3nap. Megel\u0151z\u00e9s c\u00e9lj\u00e1b\u00f3l a k\u00far\u00e1t 2-3 havonta ism\u00e9telje meg.&nbsp;Ellenjavallatok:&nbsp;az egyes \u00f6sszetev\u0151k egy\u00e9ni intoleranci\u00e1ja, ne haszn\u00e1lja ny\u00e1lkah\u00e1rty\u00e1n, ny\u00edlt sebeken \u00e9s 3 \u00e9v alatti gyermekekn\u00e9l.<br \/>\nIngredients\/ INCI:l\u00e1sd a csomagol\u00e1son<br \/>\nGy\u00e1rt\u00f3: \u00c9sztorsz\u00e1g. VITATEKA<br \/>\nT\u00e1rolja +5 \u00e9s +25 \u00b0C k\u00f6z\u00f6tt.<\/p>\n","protected":false},"excerpt":{"rendered":"<p>Kondroitin-szulf\u00e1t&nbsp;&#8211;&nbsp;a porc f\u0151 szerkezeti alkot\u00f3eleme \u00e9s sejtjeinek term\u00e9szetes v\u00e9delmez\u0151je, serkenti a csontsz\u00f6vet lebont\u00e1s\u00e1t, cs\u00f6kkenti a kalciumvesztes\u00e9get a porcban, jav\u00edtja a porc anyagcser\u00e9j\u00e9t, n\u00f6veli a nedvess\u00e9gtartalmat \u00e9s megakad\u00e1lyozza a porc kisz\u00e1rad\u00e1s\u00e1t&nbsp;, M\u00fami\u00f3&nbsp;&#8211;&nbsp;egyed\u00fcl\u00e1ll\u00f3 term\u00e9szetes bioserkent\u0151, serkenti az \u00edz\u00fcletek helyre\u00e1ll\u00edt\u00f3 folyamatait \u00e9s a sejtek, valamint a k\u00f6t\u0151sz\u00f6vetek szaporod\u00e1s\u00e1t, \u00f6d\u00e9macs\u00f6kkent\u0151-gyullad\u00e1scs\u00f6kkent\u0151-immuner\u0151s\u00edt\u0151 \u00e9s \u00e1ltal\u00e1nosan er\u0151s\u00edt\u0151 hat\u00e1s\u00fa Glukosam\u00edn&nbsp;&#8211;&nbsp;a porc legfontosabb eleme.&nbsp; Jav\u00edtja [&hellip;]<\/p>\n","protected":false},"featured_media":477405,"template":"","meta":{"_acf_changed":false},"product_brand":[],"product_cat":[3483,3416,3419,3380],"product_tag":[],"class_list":["post-477404","product","type-product","status-publish","has-post-thumbnail","product_cat-balzsamok-es-kremek-izuletekre-izmokra-es-gerincre","product_cat-egeszseg-termeszetes-kozmetikumok","product_cat-gyogynovenyes-kremek-es-balzsamok","product_cat-termeszetes-kozmetikumok","first","instock","product-type-external"],"acf":[],"_links":{"self":[{"href":"https:\/\/horgaszhely.hu\/hun\/wp-json\/wp\/v2\/product\/477404","targetHints":{"allow":["GET"]}}],"collection":[{"href":"https:\/\/horgaszhely.hu\/hun\/wp-json\/wp\/v2\/product"}],"about":[{"href":"https:\/\/horgaszhely.hu\/hun\/wp-json\/wp\/v2\/types\/product"}],"wp:featuredmedia":[{"embeddable":true,"href":"https:\/\/horgaszhely.hu\/hun\/wp-json\/wp\/v2\/media\/477405"}],"wp:attachment":[{"href":"https:\/\/horgaszhely.hu\/hun\/wp-json\/wp\/v2\/media?parent=477404"}],"wp:term":[{"taxonomy":"product_brand","embeddable":true,"href":"https:\/\/horgaszhely.hu\/hun\/wp-json\/wp\/v2\/product_brand?post=477404"},{"taxonomy":"product_cat","embeddable":true,"href":"https:\/\/horgaszhely.hu\/hun\/wp-json\/wp\/v2\/product_cat?post=477404"},{"taxonomy":"product_tag","embeddable":true,"href":"https:\/\/horgaszhely.hu\/hun\/wp-json\/wp\/v2\/product_tag?post=477404"}],"curies":[{"name":"wp","href":"https:\/\/api.w.org\/{rel}","templated":true}]}}

VITATEKA Koncentrált krém-balzsam kondroitinnal és glükózaminnal 200ml

<p>Kondroitin-szulfát&nbsp;&#8211;&nbsp;a porc fő szerkezeti alkotóeleme és sejtjeinek természetes védelmezője, serkenti a csontszövet lebontását, csökkenti a kalciumveszteséget a porcban, javítja a porc anyagcseréjét, növeli a nedvességtartalmat és megakadályozza a porc kiszáradását&nbsp;,<br />
Múmió&nbsp;&#8211;&nbsp;egyedülálló természetes bioserkentő, serkenti az ízületek helyreállító folyamatait és a sejtek, valamint a kötőszövetek szaporodását, ödémacsökkentő-gyulladáscsökkentő-immunerősítő és általánosan erősítő hatású<br />
Glukosamín&nbsp;&#8211;&nbsp;a porc legfontosabb eleme.&nbsp; Javítja az ízületek anyagcsere-folyamatait, serkenti a porc helyreállításához szükséges glükózaminoglikánok termelését, valamint a proteoglikánok és a hialuronsav szintézisét az ízületi folyadékban.&nbsp; Megállítja az ízületek degeneratív folyamatait.&nbsp; Gyulladásos jelenségek esetén elősegíti a porc regenerációját, csökkenti a fájdalmat.&nbsp;<br />
Kollagén&nbsp;fibrilláris fehérje, amely a test kötőszövetének (inak, porcok és csont) alapját képezi és biztosítja annak szilárdságát és rugalmasságát.&nbsp; Elősegíti a szövet gyors helyreállítását és megerősítését.&nbsp;Kámfor&nbsp;&#8211;&nbsp;antiszeptikum, csillapítja a fájdalmat és csökkenti a gyulladást reuma, ízületi gyulladás, artrózis és poliartrózis esetén.,mentol<br />
&nbsp;</p>
<p>&nbsp;</p>
<p>Használati útmutató:&nbsp;körkörös masszírozó mozdulatokkal vigye fel az érintett ízület területére 3 – 5 percen át a teljes felszívódásig, naponta 2 – 3 alkalommal.<br />
Lehetőség szerint biztosítson meleget és nyugalmat a problémás területnek 1 – 2 órára. Minimális használati idő – 1,5 hónap. Megelőzés céljából a kúrát 2-3 havonta ismételje meg.&nbsp;Ellenjavallatok:&nbsp;az egyes összetevők egyéni intoleranciája, ne használja nyálkahártyán, nyílt sebeken és 3 év alatti gyermekeknél.<br />
Ingredients/ INCI:lásd a csomagoláson<br />
Gyártó: Észtország. VITATEKA<br />
Tárolja +5 és +25 °C között.</p>

<p>Kondroitin-szulfát&nbsp;&#8211;&nbsp;a porc fő szerkezeti alkotóeleme és sejtjeinek természetes védelmezője, serkenti a csontszövet lebontását, csökkenti a kalciumveszteséget a porcban, javítja a porc anyagcseréjét, növeli a nedvességtartalmat és megakadályozza a porc kiszáradását&nbsp;, Múmió&nbsp;&#8211;&nbsp;egyedülálló természetes bioserkentő, serkenti az ízületek helyreállító folyamatait és a sejtek, valamint a kötőszövetek szaporodását, ödémacsökkentő-gyulladáscsökkentő-immunerősítő és általánosan erősítő hatású Glukosamín&nbsp;&#8211;&nbsp;a porc legfontosabb eleme.&nbsp; Javítja [&hellip;]</p>
