{"id":477410,"date":"2026-08-29T20:04:44","date_gmt":"2026-08-29T18:04:44","guid":{"rendered":"https:\/\/horgaszhely.hu\/hun\/termek\/vitateka-koncentralt-krem-balzsam-mumioval-es-12-gyogynoveny-kivonataval-200ml\/"},"modified":"2026-08-29T20:04:55","modified_gmt":"2026-08-29T18:04:55","slug":"vitateka-koncentralt-krem-balzsam-mumioval-es-12-gyogynoveny-kivonataval-200ml","status":"publish","type":"product","link":"https:\/\/horgaszhely.hu\/hun\/termek\/vitateka-koncentralt-krem-balzsam-mumioval-es-12-gyogynoveny-kivonataval-200ml\/","title":{"rendered":"VITATEKA Koncentr\u00e1lt kr\u00e9m-balzsam m\u00fami\u00f3val \u00e9s 12 gy\u00f3gyn\u00f6v\u00e9ny kivonat\u00e1val 200ml"},"content":{"rendered":"<p>Akt\u00edv \u00f6sszetev\u0151k:<br \/>\nM\u00fami\u00f3&nbsp;&#8211;&nbsp;egyed\u00fcl\u00e1ll\u00f3 term\u00e9szetes bioserkent\u0151, serkenti az \u00edz\u00fcletek helyre\u00e1ll\u00edt\u00f3 folyamatait \u00e9s a sejtek, valamint a k\u00f6t\u0151sz\u00f6vetek szaporod\u00e1s\u00e1t, \u00f6d\u00e9macs\u00f6kkent\u0151-gyullad\u00e1scs\u00f6kkent\u0151-immuner\u0151s\u00edt\u0151 \u00e9s \u00e1ltal\u00e1nosan er\u0151s\u00edt\u0151 hat\u00e1s\u00fa<br \/>\nGlukosam\u00edn&nbsp;&#8211;&nbsp;a porc legfontosabb eleme.&nbsp; Jav\u00edtja az \u00edz\u00fcletek anyagcsere-folyamatait, serkenti a porc helyre\u00e1ll\u00edt\u00e1s\u00e1hoz sz\u00fcks\u00e9ges gl\u00fck\u00f3zaminoglik\u00e1nok termel\u00e9s\u00e9t, valamint a proteoglik\u00e1nok \u00e9s a hialuronsav szint\u00e9zis\u00e9t az \u00edz\u00fcleti folyad\u00e9kban.&nbsp; Meg\u00e1ll\u00edtja az \u00edz\u00fcletek degenerat\u00edv folyamatait.&nbsp; Gyullad\u00e1sos jelens\u00e9gek eset\u00e9n el\u0151seg\u00edti a porc regener\u00e1ci\u00f3j\u00e1t, cs\u00f6kkenti a f\u00e1jdalmat.&nbsp;<br \/>\nKollag\u00e9n&nbsp;fibrill\u00e1ris feh\u00e9rje, amely a test k\u00f6t\u0151sz\u00f6vet\u00e9nek (inak, porcok \u00e9s csont) alapj\u00e1t k\u00e9pezi \u00e9s biztos\u00edtja annak szil\u00e1rds\u00e1g\u00e1t \u00e9s rugalmass\u00e1g\u00e1t.&nbsp; El\u0151seg\u00edti a sz\u00f6vet gyors helyre\u00e1ll\u00edt\u00e1s\u00e1t \u00e9s meger\u0151s\u00edt\u00e9s\u00e9t.<br \/>\nKondroitin-szulf\u00e1t&nbsp;&#8211;&nbsp;a porc f\u0151 szerkezeti alkot\u00f3eleme \u00e9s sejtjeinek term\u00e9szetes v\u00e9delmez\u0151je, serkenti a csontsz\u00f6vet lebont\u00e1s\u00e1t, cs\u00f6kkenti a kalciumvesztes\u00e9get a porcban, jav\u00edtja a porc anyagcser\u00e9j\u00e9t, n\u00f6veli a nedvess\u00e9gtartalmat \u00e9s megakad\u00e1lyozza a porc kisz\u00e1rad\u00e1s\u00e1t<br \/>\n&nbsp;Cs\u00edp\u0151spaprika kapszaicin-kivonata&nbsp;(Capsicum frutescens) kifejezett meleg\u00edt\u0151 hat\u00e1s\u00fa, aktiv\u00e1lja az anyagcsere-folyamatokat \u00e9s a mikrocirkul\u00e1ci\u00f3t az \u00edz\u00fcleti sz\u00f6vetekben, \u00e9s cs\u00f6kkenti a f\u00e1jdalom\u00e9rz\u00e9kenys\u00e9get. A n\u00e9pi gy\u00f3gy\u00e1szatban sz\u00e9les k\u00f6rben haszn\u00e1lj\u00e1k reuma, isi\u00e1sz, gy\u00f6k\u00e9rgyullad\u00e1s, poliartritisz kezel\u00e9s\u00e9re, sarkanty\u00fara, z\u00faz\u00f3d\u00e1sokra, ny\u00e1lkat\u00f6ml\u0151-gyullad\u00e1sra, artr\u00f3zisra.&nbsp;<br \/>\nT\u00f6mj\u00e9nfa&nbsp;(Boswellia) jav\u00edtja a hajsz\u00e1l\u00e9r-kering\u00e9st \u00e9s az \u00edz\u00fclet t\u00e1pl\u00e1l\u00e1s\u00e1t, g\u00e1tolja a porcot roncsol\u00f3 lizoszom\u00e1lis enzimek felszabadul\u00e1s\u00e1t, aktiv\u00e1lja a csontok \u00e9s porcok regener\u00e1ci\u00f3s folyamatait.&nbsp; A boswellia hat\u00e1smechanizmusa hasonl\u00f3 az NSAID-ekhez &#8211; nemszteroid gyullad\u00e1scs\u00f6kkent\u0151kh\u00f6z, \u00e1m a t\u00f6mj\u00e9nf\u00e1nak nincsenek mell\u00e9khat\u00e1sai.&nbsp;<br \/>\nBor\u00f3ka-kivonat&nbsp;(Juniperus) \u00e9s a&nbsp;t\u0151zegpimp\u00f3&nbsp;(\u0421omarum palustre) kivonata antibakteri\u00e1lis, f\u00e1jdalomcsillap\u00edt\u00f3, gyullad\u00e1scs\u00f6kkent\u0151, \u00f6d\u00e9macs\u00f6kkent\u0151 hat\u00e1s\u00fa, kiv\u00e1lasztja a s\u00f3szer\u0171 anyagokat, serkenti a porcsz\u00f6vet regener\u00e1ci\u00f3j\u00e1t.<br \/>\n&nbsp;<br \/>\nAloe,&nbsp;fekete gy\u00f6k\u00f6nke (dioscorea communis), \u00f6rm\u00e9nygy\u00f6k\u00e9r, takarm\u00e1nylucerna, skarl\u00e1t sz\u00f6m\u00f6rce, eukaliptusz,&nbsp; fekete nad\u00e1lyt\u0151, t\u0151zegpimp\u00f3, propolisz, kamilla, mentol,&nbsp;szegf\u0171szeg ill\u00f3olaj,&nbsp;fekete ribizli olaj, homokt\u00f6visolaj,&nbsp;k\u00e1mfor<\/p>\n<p>&nbsp;<\/p>\n<p>Haszn\u00e1lati \u00fatmutat\u00f3:&nbsp;k\u00f6rk\u00f6r\u00f6s massz\u00edroz\u00f3 mozdulatokkal vigye fel az \u00e9rintett \u00edz\u00fclet ter\u00fclet\u00e9re 3 \u2013 5 percen \u00e1t a teljes felsz\u00edv\u00f3d\u00e1sig, naponta 2 \u2013 3 alkalommal.<br \/>\nLehet\u0151s\u00e9g szerint biztos\u00edtson meleget \u00e9s nyugalmat a probl\u00e9m\u00e1s ter\u00fcletnek 1 \u2013 2 \u00f3r\u00e1ra. Minim\u00e1lis haszn\u00e1lati id\u0151 \u2013 1,5 h\u00f3nap. Megel\u0151z\u00e9s c\u00e9lj\u00e1b\u00f3l a k\u00far\u00e1t 2-3 havonta ism\u00e9telje meg.&nbsp;Ellenjavallatok:&nbsp;az egyes \u00f6sszetev\u0151k egy\u00e9ni intoleranci\u00e1ja, ne haszn\u00e1lja ny\u00e1lkah\u00e1rty\u00e1n, ny\u00edlt sebeken \u00e9s 3 \u00e9v alatti gyermekekn\u00e9l.<br \/>\nIngredients\/ INCI:l\u00e1sd a csomagol\u00e1son<br \/>\nGy\u00e1rt\u00f3: \u00c9sztorsz\u00e1g, VITATEKA<br \/>\nT\u00e1rolja +5 \u00e9s +25 \u00b0C k\u00f6z\u00f6tt.<br \/>\nKiz\u00e1r\u00f3lag k\u00fcls\u0151 haszn\u00e1latra.<\/p>\n","protected":false},"excerpt":{"rendered":"<p>Akt\u00edv \u00f6sszetev\u0151k: M\u00fami\u00f3&nbsp;&#8211;&nbsp;egyed\u00fcl\u00e1ll\u00f3 term\u00e9szetes bioserkent\u0151, serkenti az \u00edz\u00fcletek helyre\u00e1ll\u00edt\u00f3 folyamatait \u00e9s a sejtek, valamint a k\u00f6t\u0151sz\u00f6vetek szaporod\u00e1s\u00e1t, \u00f6d\u00e9macs\u00f6kkent\u0151-gyullad\u00e1scs\u00f6kkent\u0151-immuner\u0151s\u00edt\u0151 \u00e9s \u00e1ltal\u00e1nosan er\u0151s\u00edt\u0151 hat\u00e1s\u00fa Glukosam\u00edn&nbsp;&#8211;&nbsp;a porc legfontosabb eleme.&nbsp; Jav\u00edtja az \u00edz\u00fcletek anyagcsere-folyamatait, serkenti a porc helyre\u00e1ll\u00edt\u00e1s\u00e1hoz sz\u00fcks\u00e9ges gl\u00fck\u00f3zaminoglik\u00e1nok termel\u00e9s\u00e9t, valamint a proteoglik\u00e1nok \u00e9s a hialuronsav szint\u00e9zis\u00e9t az \u00edz\u00fcleti folyad\u00e9kban.&nbsp; Meg\u00e1ll\u00edtja az \u00edz\u00fcletek degenerat\u00edv folyamatait.&nbsp; Gyullad\u00e1sos jelens\u00e9gek eset\u00e9n [&hellip;]<\/p>\n","protected":false},"featured_media":477411,"template":"","meta":{"_acf_changed":false},"product_brand":[],"product_cat":[3416,3380],"product_tag":[],"class_list":["post-477410","product","type-product","status-publish","has-post-thumbnail","product_cat-egeszseg-termeszetes-kozmetikumok","product_cat-termeszetes-kozmetikumok","first","instock","product-type-external"],"acf":[],"_links":{"self":[{"href":"https:\/\/horgaszhely.hu\/hun\/wp-json\/wp\/v2\/product\/477410","targetHints":{"allow":["GET"]}}],"collection":[{"href":"https:\/\/horgaszhely.hu\/hun\/wp-json\/wp\/v2\/product"}],"about":[{"href":"https:\/\/horgaszhely.hu\/hun\/wp-json\/wp\/v2\/types\/product"}],"wp:featuredmedia":[{"embeddable":true,"href":"https:\/\/horgaszhely.hu\/hun\/wp-json\/wp\/v2\/media\/477411"}],"wp:attachment":[{"href":"https:\/\/horgaszhely.hu\/hun\/wp-json\/wp\/v2\/media?parent=477410"}],"wp:term":[{"taxonomy":"product_brand","embeddable":true,"href":"https:\/\/horgaszhely.hu\/hun\/wp-json\/wp\/v2\/product_brand?post=477410"},{"taxonomy":"product_cat","embeddable":true,"href":"https:\/\/horgaszhely.hu\/hun\/wp-json\/wp\/v2\/product_cat?post=477410"},{"taxonomy":"product_tag","embeddable":true,"href":"https:\/\/horgaszhely.hu\/hun\/wp-json\/wp\/v2\/product_tag?post=477410"}],"curies":[{"name":"wp","href":"https:\/\/api.w.org\/{rel}","templated":true}]}}

VITATEKA Koncentrált krém-balzsam múmióval és 12 gyógynövény kivonatával 200ml

<p>Aktív összetevők:<br />
Múmió&nbsp;&#8211;&nbsp;egyedülálló természetes bioserkentő, serkenti az ízületek helyreállító folyamatait és a sejtek, valamint a kötőszövetek szaporodását, ödémacsökkentő-gyulladáscsökkentő-immunerősítő és általánosan erősítő hatású<br />
Glukosamín&nbsp;&#8211;&nbsp;a porc legfontosabb eleme.&nbsp; Javítja az ízületek anyagcsere-folyamatait, serkenti a porc helyreállításához szükséges glükózaminoglikánok termelését, valamint a proteoglikánok és a hialuronsav szintézisét az ízületi folyadékban.&nbsp; Megállítja az ízületek degeneratív folyamatait.&nbsp; Gyulladásos jelenségek esetén elősegíti a porc regenerációját, csökkenti a fájdalmat.&nbsp;<br />
Kollagén&nbsp;fibrilláris fehérje, amely a test kötőszövetének (inak, porcok és csont) alapját képezi és biztosítja annak szilárdságát és rugalmasságát.&nbsp; Elősegíti a szövet gyors helyreállítását és megerősítését.<br />
Kondroitin-szulfát&nbsp;&#8211;&nbsp;a porc fő szerkezeti alkotóeleme és sejtjeinek természetes védelmezője, serkenti a csontszövet lebontását, csökkenti a kalciumveszteséget a porcban, javítja a porc anyagcseréjét, növeli a nedvességtartalmat és megakadályozza a porc kiszáradását<br />
&nbsp;Csípőspaprika kapszaicin-kivonata&nbsp;(Capsicum frutescens) kifejezett melegítő hatású, aktiválja az anyagcsere-folyamatokat és a mikrocirkulációt az ízületi szövetekben, és csökkenti a fájdalomérzékenységet. A népi gyógyászatban széles körben használják reuma, isiász, gyökérgyulladás, poliartritisz kezelésére, sarkantyúra, zúzódásokra, nyálkatömlő-gyulladásra, artrózisra.&nbsp;<br />
Tömjénfa&nbsp;(Boswellia) javítja a hajszálér-keringést és az ízület táplálását, gátolja a porcot roncsoló lizoszomális enzimek felszabadulását, aktiválja a csontok és porcok regenerációs folyamatait.&nbsp; A boswellia hatásmechanizmusa hasonló az NSAID-ekhez &#8211; nemszteroid gyulladáscsökkentőkhöz, ám a tömjénfának nincsenek mellékhatásai.&nbsp;<br />
Boróka-kivonat&nbsp;(Juniperus) és a&nbsp;tőzegpimpó&nbsp;(Сomarum palustre) kivonata antibakteriális, fájdalomcsillapító, gyulladáscsökkentő, ödémacsökkentő hatású, kiválasztja a sószerű anyagokat, serkenti a porcszövet regenerációját.<br />
&nbsp;<br />
Aloe,&nbsp;fekete gyökönke (dioscorea communis), örménygyökér, takarmánylucerna, skarlát szömörce, eukaliptusz,&nbsp; fekete nadálytő, tőzegpimpó, propolisz, kamilla, mentol,&nbsp;szegfűszeg illóolaj,&nbsp;fekete ribizli olaj, homoktövisolaj,&nbsp;kámfor</p>
<p>&nbsp;</p>
<p>Használati útmutató:&nbsp;körkörös masszírozó mozdulatokkal vigye fel az érintett ízület területére 3 – 5 percen át a teljes felszívódásig, naponta 2 – 3 alkalommal.<br />
Lehetőség szerint biztosítson meleget és nyugalmat a problémás területnek 1 – 2 órára. Minimális használati idő – 1,5 hónap. Megelőzés céljából a kúrát 2-3 havonta ismételje meg.&nbsp;Ellenjavallatok:&nbsp;az egyes összetevők egyéni intoleranciája, ne használja nyálkahártyán, nyílt sebeken és 3 év alatti gyermekeknél.<br />
Ingredients/ INCI:lásd a csomagoláson<br />
Gyártó: Észtország, VITATEKA<br />
Tárolja +5 és +25 °C között.<br />
Kizárólag külső használatra.</p>

<p>Aktív összetevők: Múmió&nbsp;&#8211;&nbsp;egyedülálló természetes bioserkentő, serkenti az ízületek helyreállító folyamatait és a sejtek, valamint a kötőszövetek szaporodását, ödémacsökkentő-gyulladáscsökkentő-immunerősítő és általánosan erősítő hatású Glukosamín&nbsp;&#8211;&nbsp;a porc legfontosabb eleme.&nbsp; Javítja az ízületek anyagcsere-folyamatait, serkenti a porc helyreállításához szükséges glükózaminoglikánok termelését, valamint a proteoglikánok és a hialuronsav szintézisét az ízületi folyadékban.&nbsp; Megállítja az ízületek degeneratív folyamatait.&nbsp; Gyulladásos jelenségek esetén [&hellip;]</p>
