{"id":477420,"date":"2026-08-29T20:04:44","date_gmt":"2026-08-29T18:04:44","guid":{"rendered":"https:\/\/horgaszhely.hu\/hun\/termek\/ecolekpro-testkrem-dupla-kivonat-tozegpimpo-sabelnik-kondroitin-100ml\/"},"modified":"2026-08-29T20:05:11","modified_gmt":"2026-08-29T18:05:11","slug":"ecolekpro-testkrem-dupla-kivonat-tozegpimpo-sabelnik-kondroitin-100ml","status":"publish","type":"product","link":"https:\/\/horgaszhely.hu\/hun\/termek\/ecolekpro-testkrem-dupla-kivonat-tozegpimpo-sabelnik-kondroitin-100ml\/","title":{"rendered":"ECOLEKpro &#8211; testkr\u00e9m dupla kivonat T\u0150ZEGPIMP\u00d3-SABELNIK + KONDROITIN 100ml"},"content":{"rendered":"<p>ECOLEKpro Testkr\u00e9m<br \/>\nDUPLA KIVONAT&nbsp;Mocs\u00e1ri t\u0151zegpimp\u00f3 &#8211;&nbsp; SABELNIK + KONDROITIN 100ml<br \/>\n&nbsp;<br \/>\nMocs\u00e1ri t\u0151zegpimp\u00f3 &#8211; Sabelnik: gy\u00f6kerei \u00e9s levelei&nbsp; pektint, flavonoidokat (izokvercetin, rutin), szerves savakat \u00e9s mikroelemeket tartalmaznak. Kiv\u00e1l\u00f3 gyullad\u00e1scs\u00f6kkent\u0151 szer.<br \/>\nKondroitin-szulf\u00e1t&nbsp;visszaadja a porc rugalmass\u00e1g\u00e1t \u00e9s seg\u00edt meg\u0151rizni annak mechanikai \u00e9s funkcion\u00e1lis tulajdons\u00e1gait.&nbsp; Regener\u00e1l\u00f3 hat\u00e1s\u00fa.<br \/>\nFekete nad\u00e1lyt\u0151&nbsp;er\u0151s bakt\u00e9rium\u00f6l\u0151 \u00e9s gyullad\u00e1scs\u00f6kkent\u0151 hat\u00e1s\u00fa, \u00e9s egyed\u00fcl\u00e1ll\u00f3 k\u00e9pess\u00e9ge van \u00faj, eg\u00e9szs\u00e9ges sejtek k\u00e9pz\u0151d\u00e9s\u00e9nek serkent\u00e9s\u00e9re. Aktiv\u00e1lja a porcok meg\u00fajul\u00e1si \u00e9s regener\u00e1ci\u00f3s folyamatait.&nbsp; Antibakteri\u00e1lis tulajdons\u00e1gokkal rendelkezik.<br \/>\nJegenyefeny\u0151 ill\u00f3olaj (Abies silica)&nbsp;&nbsp;nyugtat\u00f3 hat\u00e1s\u00fa a b\u0151rre, cserz\u0151anyagokat, flavonoidokat, alkaloidot \u00e9s szerves savakat tartalmaz.<br \/>\nHat\u00f3anyagok: fekete nad\u00e1lyt\u0151 kivonat, gl\u00fck\u00f3zamin, jegenyefeny\u0151 ill\u00f3olaj.<br \/>\nEtoxidiglikol&nbsp;&#8211; hordoz\u00f3, amely el\u0151seg\u00edti az akt\u00edv \u00f6sszetev\u0151k bejuttat\u00e1s\u00e1t az epidermisz m\u00e9lyebb r\u00e9tegeibe, jelent\u0151sen n\u00f6veli a kr\u00e9mben tal\u00e1lhat\u00f3 bioakt\u00edv anyagok hat\u00e1s\u00e1t \u00e9s hat\u00e1s\u00e1nak id\u0151tartam\u00e1t.<br \/>\n&nbsp;<br \/>\nHaszn\u00e1lat m\u00f3dja:<br \/>\nVigyen fel kis mennyis\u00e9g\u0171 kr\u00e9met a test probl\u00e9m\u00e1s ter\u00fcleteinek tiszta b\u0151r\u00e9re \u00e9s massz\u00edrozza 3-5 percig, naponta 2-3 alkalommal.<br \/>\n&nbsp;<br \/>\nIngredients\/INCI:<br \/>\nAqua, extrakt z Comarum Palustre, extrakt z listov Symphytum officinale, kukuri\u010dn\u00fd olej, mollis vazel\u00edna, cetearylalkohol, ceteareth-20, etoxydiglykol, hondroit\u00edn sulf\u00e1t, karbom\u00e9r, PEG-40 hydrogenovan\u00fd ric\u00ednov\u00fd olej, esenci\u00e1lny olej Abies, trietanolam\u00edn, fenylhexyletanol, fenylhexyletanol<br \/>\n&nbsp;<br \/>\nFigyelmeztet\u00e9s:<br \/>\nNe haszn\u00e1lja a kr\u00e9m valamely \u00f6sszetev\u0151j\u00e9vel szembeni egy\u00e9ni intolerancia vagy t\u00fal\u00e9rz\u00e9kenys\u00e9g eset\u00e9n, ny\u00e1lkah\u00e1rty\u00e1n, ny\u00edlt sebeken \u00e9s 3 \u00e9v alatti gyermekekn\u00e9l.<br \/>\nDermatol\u00f3giailag tesztelt.&nbsp; Kiz\u00e1r\u00f3lag k\u00fcls\u0151 haszn\u00e1latra. Nem gy\u00f3gyszer.<br \/>\nUkrajn\u00e1ban k\u00e9sz\u00fclt.<br \/>\nT\u00e1rolja +5 \u00b0C \u00e9s +25 \u00b0C k\u00f6z\u00f6tti h\u0151m\u00e9rs\u00e9kleten.<\/p>\n","protected":false},"excerpt":{"rendered":"<p>ECOLEKpro Testkr\u00e9m DUPLA KIVONAT&nbsp;Mocs\u00e1ri t\u0151zegpimp\u00f3 &#8211;&nbsp; SABELNIK + KONDROITIN 100ml &nbsp; Mocs\u00e1ri t\u0151zegpimp\u00f3 &#8211; Sabelnik: gy\u00f6kerei \u00e9s levelei&nbsp; pektint, flavonoidokat (izokvercetin, rutin), szerves savakat \u00e9s mikroelemeket tartalmaznak. Kiv\u00e1l\u00f3 gyullad\u00e1scs\u00f6kkent\u0151 szer. Kondroitin-szulf\u00e1t&nbsp;visszaadja a porc rugalmass\u00e1g\u00e1t \u00e9s seg\u00edt meg\u0151rizni annak mechanikai \u00e9s funkcion\u00e1lis tulajdons\u00e1gait.&nbsp; Regener\u00e1l\u00f3 hat\u00e1s\u00fa. Fekete nad\u00e1lyt\u0151&nbsp;er\u0151s bakt\u00e9rium\u00f6l\u0151 \u00e9s gyullad\u00e1scs\u00f6kkent\u0151 hat\u00e1s\u00fa, \u00e9s egyed\u00fcl\u00e1ll\u00f3 k\u00e9pess\u00e9ge van \u00faj, [&hellip;]<\/p>\n","protected":false},"featured_media":477421,"template":"","meta":{"_acf_changed":false},"product_brand":[],"product_cat":[3483,3416,3419,3380],"product_tag":[],"class_list":["post-477420","product","type-product","status-publish","has-post-thumbnail","product_cat-balzsamok-es-kremek-izuletekre-izmokra-es-gerincre","product_cat-egeszseg-termeszetes-kozmetikumok","product_cat-gyogynovenyes-kremek-es-balzsamok","product_cat-termeszetes-kozmetikumok","first","instock","product-type-external"],"acf":[],"_links":{"self":[{"href":"https:\/\/horgaszhely.hu\/hun\/wp-json\/wp\/v2\/product\/477420","targetHints":{"allow":["GET"]}}],"collection":[{"href":"https:\/\/horgaszhely.hu\/hun\/wp-json\/wp\/v2\/product"}],"about":[{"href":"https:\/\/horgaszhely.hu\/hun\/wp-json\/wp\/v2\/types\/product"}],"wp:featuredmedia":[{"embeddable":true,"href":"https:\/\/horgaszhely.hu\/hun\/wp-json\/wp\/v2\/media\/477421"}],"wp:attachment":[{"href":"https:\/\/horgaszhely.hu\/hun\/wp-json\/wp\/v2\/media?parent=477420"}],"wp:term":[{"taxonomy":"product_brand","embeddable":true,"href":"https:\/\/horgaszhely.hu\/hun\/wp-json\/wp\/v2\/product_brand?post=477420"},{"taxonomy":"product_cat","embeddable":true,"href":"https:\/\/horgaszhely.hu\/hun\/wp-json\/wp\/v2\/product_cat?post=477420"},{"taxonomy":"product_tag","embeddable":true,"href":"https:\/\/horgaszhely.hu\/hun\/wp-json\/wp\/v2\/product_tag?post=477420"}],"curies":[{"name":"wp","href":"https:\/\/api.w.org\/{rel}","templated":true}]}}

ECOLEKpro &#8211; testkrém dupla kivonat TŐZEGPIMPÓ-SABELNIK + KONDROITIN 100ml

<p>ECOLEKpro Testkrém<br />
DUPLA KIVONAT&nbsp;Mocsári tőzegpimpó &#8211;&nbsp; SABELNIK + KONDROITIN 100ml<br />
&nbsp;<br />
Mocsári tőzegpimpó &#8211; Sabelnik: gyökerei és levelei&nbsp; pektint, flavonoidokat (izokvercetin, rutin), szerves savakat és mikroelemeket tartalmaznak. Kiváló gyulladáscsökkentő szer.<br />
Kondroitin-szulfát&nbsp;visszaadja a porc rugalmasságát és segít megőrizni annak mechanikai és funkcionális tulajdonságait.&nbsp; Regeneráló hatású.<br />
Fekete nadálytő&nbsp;erős baktériumölő és gyulladáscsökkentő hatású, és egyedülálló képessége van új, egészséges sejtek képződésének serkentésére. Aktiválja a porcok megújulási és regenerációs folyamatait.&nbsp; Antibakteriális tulajdonságokkal rendelkezik.<br />
Jegenyefenyő illóolaj (Abies silica)&nbsp;&nbsp;nyugtató hatású a bőrre, cserzőanyagokat, flavonoidokat, alkaloidot és szerves savakat tartalmaz.<br />
Hatóanyagok: fekete nadálytő kivonat, glükózamin, jegenyefenyő illóolaj.<br />
Etoxidiglikol&nbsp;&#8211; hordozó, amely elősegíti az aktív összetevők bejuttatását az epidermisz mélyebb rétegeibe, jelentősen növeli a krémben található bioaktív anyagok hatását és hatásának időtartamát.<br />
&nbsp;<br />
Használat módja:<br />
Vigyen fel kis mennyiségű krémet a test problémás területeinek tiszta bőrére és masszírozza 3-5 percig, naponta 2-3 alkalommal.<br />
&nbsp;<br />
Ingredients/INCI:<br />
Aqua, extrakt z Comarum Palustre, extrakt z listov Symphytum officinale, kukuričný olej, mollis vazelína, cetearylalkohol, ceteareth-20, etoxydiglykol, hondroitín sulfát, karbomér, PEG-40 hydrogenovaný ricínový olej, esenciálny olej Abies, trietanolamín, fenylhexyletanol, fenylhexyletanol<br />
&nbsp;<br />
Figyelmeztetés:<br />
Ne használja a krém valamely összetevőjével szembeni egyéni intolerancia vagy túlérzékenység esetén, nyálkahártyán, nyílt sebeken és 3 év alatti gyermekeknél.<br />
Dermatológiailag tesztelt.&nbsp; Kizárólag külső használatra. Nem gyógyszer.<br />
Ukrajnában készült.<br />
Tárolja +5 °C és +25 °C közötti hőmérsékleten.</p>

<p>ECOLEKpro Testkrém DUPLA KIVONAT&nbsp;Mocsári tőzegpimpó &#8211;&nbsp; SABELNIK + KONDROITIN 100ml &nbsp; Mocsári tőzegpimpó &#8211; Sabelnik: gyökerei és levelei&nbsp; pektint, flavonoidokat (izokvercetin, rutin), szerves savakat és mikroelemeket tartalmaznak. Kiváló gyulladáscsökkentő szer. Kondroitin-szulfát&nbsp;visszaadja a porc rugalmasságát és segít megőrizni annak mechanikai és funkcionális tulajdonságait.&nbsp; Regeneráló hatású. Fekete nadálytő&nbsp;erős baktériumölő és gyulladáscsökkentő hatású, és egyedülálló képessége van új, [&hellip;]</p>
