{"id":477440,"date":"2026-09-05T02:04:18","date_gmt":"2026-09-05T00:04:18","guid":{"rendered":"https:\/\/horgaszhely.hu\/hun\/termek\/parfum-minta-vesna\/"},"modified":"2026-09-05T02:04:19","modified_gmt":"2026-09-05T00:04:19","slug":"parfum-minta-vesna","status":"publish","type":"product","link":"https:\/\/horgaszhely.hu\/hun\/termek\/parfum-minta-vesna\/","title":{"rendered":"Parf\u00fcm (minta) VESNA"},"content":{"rendered":"<p>Parf\u00fcm VESNA.<br \/>\nEz az illat az \u00e9let\u00f6r\u00f6m \u00e9s a term\u00e9szetes sz\u00e9ps\u00e9g \u00fcnnepe. A zamatos k\u00f6rte \u00e9s a feketeribizli finom \u00e9dess\u00e9g\u00e9vel ny\u00edlik, amely azonnal a frissess\u00e9g \u00e9s a k\u00f6nnyeds\u00e9g \u00e9rz\u00e9s\u00e9t id\u00e9zi. Sz\u00edv\u00e9ben az \u00edrisz, a j\u00e1zmin \u00e9s a narancsvir\u00e1g cs\u00e1b\u00edt\u00f3 csokra bontakozik ki, a n\u0151iess\u00e9g \u00e9s az el\u0151kel\u0151s\u00e9g jelk\u00e9pek\u00e9nt. Az alapjegyek a tonkabab, a pralin\u00e9, a van\u00edlia \u00e9s a pacsuli l\u00e1gy harm\u00f3ni\u00e1j\u00e1ba burkolj\u00e1k a b\u0151rt, meleg\u00edt\u0151 \u00e9dess\u00e9get \u00e9s \u00f6sszet\u00e9veszthetetlen m\u00e9lys\u00e9get adva az illatnak.<br \/>\nEz a parf\u00fcm annak a n\u0151nek sz\u00f3l, aki mosolyt, optimizmust \u00e9s s\u00e1rmot hordoz mag\u00e1ban \u2013 \u00e9rz\u00e9ki \u00e9s ragyog\u00f3 egyszerre.<br \/>\n&nbsp;<\/p>\n","protected":false},"excerpt":{"rendered":"<p>Parf\u00fcm VESNA. Ez az illat az \u00e9let\u00f6r\u00f6m \u00e9s a term\u00e9szetes sz\u00e9ps\u00e9g \u00fcnnepe. A zamatos k\u00f6rte \u00e9s a feketeribizli finom \u00e9dess\u00e9g\u00e9vel ny\u00edlik, amely azonnal a frissess\u00e9g \u00e9s a k\u00f6nnyeds\u00e9g \u00e9rz\u00e9s\u00e9t id\u00e9zi. Sz\u00edv\u00e9ben az \u00edrisz, a j\u00e1zmin \u00e9s a narancsvir\u00e1g cs\u00e1b\u00edt\u00f3 csokra bontakozik ki, a n\u0151iess\u00e9g \u00e9s az el\u0151kel\u0151s\u00e9g jelk\u00e9pek\u00e9nt. Az alapjegyek a tonkabab, a pralin\u00e9, a [&hellip;]<\/p>\n","protected":false},"featured_media":477441,"template":"","meta":{"_acf_changed":false},"product_brand":[],"product_cat":[3414,3458,3437,3380,3425],"product_tag":[],"class_list":["post-477440","product","type-product","status-publish","has-post-thumbnail","product_cat-panakeia-naturkozmetikumok","product_cat-parfum-mintak","product_cat-parfumok","product_cat-termeszetes-kozmetikumok","product_cat-testapolo-kozmetikumok","first","instock","product-type-external"],"acf":[],"_links":{"self":[{"href":"https:\/\/horgaszhely.hu\/hun\/wp-json\/wp\/v2\/product\/477440","targetHints":{"allow":["GET"]}}],"collection":[{"href":"https:\/\/horgaszhely.hu\/hun\/wp-json\/wp\/v2\/product"}],"about":[{"href":"https:\/\/horgaszhely.hu\/hun\/wp-json\/wp\/v2\/types\/product"}],"wp:featuredmedia":[{"embeddable":true,"href":"https:\/\/horgaszhely.hu\/hun\/wp-json\/wp\/v2\/media\/477441"}],"wp:attachment":[{"href":"https:\/\/horgaszhely.hu\/hun\/wp-json\/wp\/v2\/media?parent=477440"}],"wp:term":[{"taxonomy":"product_brand","embeddable":true,"href":"https:\/\/horgaszhely.hu\/hun\/wp-json\/wp\/v2\/product_brand?post=477440"},{"taxonomy":"product_cat","embeddable":true,"href":"https:\/\/horgaszhely.hu\/hun\/wp-json\/wp\/v2\/product_cat?post=477440"},{"taxonomy":"product_tag","embeddable":true,"href":"https:\/\/horgaszhely.hu\/hun\/wp-json\/wp\/v2\/product_tag?post=477440"}],"curies":[{"name":"wp","href":"https:\/\/api.w.org\/{rel}","templated":true}]}}

Parfüm (minta) VESNA

<p>Parfüm VESNA.<br />
Ez az illat az életöröm és a természetes szépség ünnepe. A zamatos körte és a feketeribizli finom édességével nyílik, amely azonnal a frissesség és a könnyedség érzését idézi. Szívében az írisz, a jázmin és a narancsvirág csábító csokra bontakozik ki, a nőiesség és az előkelőség jelképeként. Az alapjegyek a tonkabab, a praliné, a vanília és a pacsuli lágy harmóniájába burkolják a bőrt, melegítő édességet és összetéveszthetetlen mélységet adva az illatnak.<br />
Ez a parfüm annak a nőnek szól, aki mosolyt, optimizmust és sármot hordoz magában – érzéki és ragyogó egyszerre.<br />
&nbsp;</p>

<p>Parfüm VESNA. Ez az illat az életöröm és a természetes szépség ünnepe. A zamatos körte és a feketeribizli finom édességével nyílik, amely azonnal a frissesség és a könnyedség érzését idézi. Szívében az írisz, a jázmin és a narancsvirág csábító csokra bontakozik ki, a nőiesség és az előkelőség jelképeként. Az alapjegyek a tonkabab, a praliné, a [&hellip;]</p>
