{"id":477442,"date":"2026-08-29T20:05:36","date_gmt":"2026-08-29T18:05:36","guid":{"rendered":"https:\/\/horgaszhely.hu\/hun\/termek\/parfum-minta-marky\/"},"modified":"2026-08-29T20:05:37","modified_gmt":"2026-08-29T18:05:37","slug":"parfum-minta-marky","status":"publish","type":"product","link":"https:\/\/horgaszhely.hu\/hun\/termek\/parfum-minta-marky\/","title":{"rendered":"Parf\u00fcm (minta) MARKY"},"content":{"rendered":"<p>Parf\u00fcm Marky.&nbsp;<br \/>\nEz a parf\u00fcm a n\u0151i elegancia \u00e9s magabiztoss\u00e1g \u00f3d\u00e1ja. Kompoz\u00edci\u00f3ja a citrusf\u00e9l\u00e9k szikr\u00e1z\u00f3 jegyeivel ny\u00edlik, amelyek frissess\u00e9get \u00e9s energi\u00e1t adnak. Fokozatosan bontakozik ki a r\u00f3zsa \u00e9s a j\u00e1zmin gyeng\u00e9d csokr\u00e1val teli sz\u00edvjegyekbe, amelyek t\u00f6r\u00e9kenys\u00e9get \u00e9s el\u0151kel\u0151s\u00e9get hordoznak magukban. Az alapot a pacsuli m\u00e9lys\u00e9ge, a feh\u00e9r p\u00e9zsma \u00e9rz\u00e9kis\u00e9ge \u00e9s az \u00e9des van\u00edlia meleg \u00e9rint\u00e9se alkotja, amelyek \u00f6sszet\u00e9veszthetetlen kifinomults\u00e1got \u00e9s tart\u00f3ss\u00e1got k\u00f6lcs\u00f6n\u00f6znek az illatnak.<br \/>\nEz az illat annak a n\u0151nek sz\u00f3l, aki tudja, mit akar \u2013 modern, mer\u00e9sz \u00e9s m\u00e9gis v\u00e9gtelen\u00fcl n\u0151ies.<br \/>\n&nbsp;<\/p>\n","protected":false},"excerpt":{"rendered":"<p>Parf\u00fcm Marky.&nbsp; Ez a parf\u00fcm a n\u0151i elegancia \u00e9s magabiztoss\u00e1g \u00f3d\u00e1ja. Kompoz\u00edci\u00f3ja a citrusf\u00e9l\u00e9k szikr\u00e1z\u00f3 jegyeivel ny\u00edlik, amelyek frissess\u00e9get \u00e9s energi\u00e1t adnak. Fokozatosan bontakozik ki a r\u00f3zsa \u00e9s a j\u00e1zmin gyeng\u00e9d csokr\u00e1val teli sz\u00edvjegyekbe, amelyek t\u00f6r\u00e9kenys\u00e9get \u00e9s el\u0151kel\u0151s\u00e9get hordoznak magukban. Az alapot a pacsuli m\u00e9lys\u00e9ge, a feh\u00e9r p\u00e9zsma \u00e9rz\u00e9kis\u00e9ge \u00e9s az \u00e9des van\u00edlia meleg \u00e9rint\u00e9se [&hellip;]<\/p>\n","protected":false},"featured_media":477443,"template":"","meta":{"_acf_changed":false},"product_brand":[],"product_cat":[3414,3458,3437,3380,3425],"product_tag":[],"class_list":["post-477442","product","type-product","status-publish","has-post-thumbnail","product_cat-panakeia-naturkozmetikumok","product_cat-parfum-mintak","product_cat-parfumok","product_cat-termeszetes-kozmetikumok","product_cat-testapolo-kozmetikumok","first","instock","product-type-external"],"acf":[],"_links":{"self":[{"href":"https:\/\/horgaszhely.hu\/hun\/wp-json\/wp\/v2\/product\/477442","targetHints":{"allow":["GET"]}}],"collection":[{"href":"https:\/\/horgaszhely.hu\/hun\/wp-json\/wp\/v2\/product"}],"about":[{"href":"https:\/\/horgaszhely.hu\/hun\/wp-json\/wp\/v2\/types\/product"}],"wp:featuredmedia":[{"embeddable":true,"href":"https:\/\/horgaszhely.hu\/hun\/wp-json\/wp\/v2\/media\/477443"}],"wp:attachment":[{"href":"https:\/\/horgaszhely.hu\/hun\/wp-json\/wp\/v2\/media?parent=477442"}],"wp:term":[{"taxonomy":"product_brand","embeddable":true,"href":"https:\/\/horgaszhely.hu\/hun\/wp-json\/wp\/v2\/product_brand?post=477442"},{"taxonomy":"product_cat","embeddable":true,"href":"https:\/\/horgaszhely.hu\/hun\/wp-json\/wp\/v2\/product_cat?post=477442"},{"taxonomy":"product_tag","embeddable":true,"href":"https:\/\/horgaszhely.hu\/hun\/wp-json\/wp\/v2\/product_tag?post=477442"}],"curies":[{"name":"wp","href":"https:\/\/api.w.org\/{rel}","templated":true}]}}

Parfüm (minta) MARKY

<p>Parfüm Marky.&nbsp;<br />
Ez a parfüm a női elegancia és magabiztosság ódája. Kompozíciója a citrusfélék szikrázó jegyeivel nyílik, amelyek frissességet és energiát adnak. Fokozatosan bontakozik ki a rózsa és a jázmin gyengéd csokrával teli szívjegyekbe, amelyek törékenységet és előkelőséget hordoznak magukban. Az alapot a pacsuli mélysége, a fehér pézsma érzékisége és az édes vanília meleg érintése alkotja, amelyek összetéveszthetetlen kifinomultságot és tartósságot kölcsönöznek az illatnak.<br />
Ez az illat annak a nőnek szól, aki tudja, mit akar – modern, merész és mégis végtelenül nőies.<br />
&nbsp;</p>

<p>Parfüm Marky.&nbsp; Ez a parfüm a női elegancia és magabiztosság ódája. Kompozíciója a citrusfélék szikrázó jegyeivel nyílik, amelyek frissességet és energiát adnak. Fokozatosan bontakozik ki a rózsa és a jázmin gyengéd csokrával teli szívjegyekbe, amelyek törékenységet és előkelőséget hordoznak magukban. Az alapot a pacsuli mélysége, a fehér pézsma érzékisége és az édes vanília meleg érintése [&hellip;]</p>
