{"id":477471,"date":"2026-08-29T20:05:36","date_gmt":"2026-08-29T18:05:36","guid":{"rendered":"https:\/\/horgaszhely.hu\/hun\/termek\/karacsonyi-alom-folyekony-szappan-200ml\/"},"modified":"2026-08-29T20:06:11","modified_gmt":"2026-08-29T18:06:11","slug":"karacsonyi-alom-folyekony-szappan-200ml","status":"publish","type":"product","link":"https:\/\/horgaszhely.hu\/hun\/termek\/karacsonyi-alom-folyekony-szappan-200ml\/","title":{"rendered":"Kar\u00e1csonyi \u00e1lom &#8211; foly\u00e9kony szappan 200ml"},"content":{"rendered":"<p>Minden haszn\u00e1lat kis ritu\u00e1l\u00e9v\u00e1 v\u00e1lik.<br \/>\nA van\u00edlia, fah\u00e9j, narancs \u00e9s szegf\u0171szeg illata melegs\u00e9gbe burkol, lelass\u00edtja a gondolataidat, \u00e9s a legszebb pillanatokat id\u00e9zi fel \u2013 a nyugalmat, a csal\u00e1dot, az otthont.<br \/>\n&nbsp;<br \/>\nMi\u00e9rt fogod im\u00e1dni:<\/p>\n<p>k\u00edm\u00e9letesen tiszt\u00edtja a k\u00e9z \u00e9s a test b\u0151r\u00e9t, an\u00e9lk\u00fcl hogy megbontan\u00e1 term\u00e9szetes v\u00e9delm\u00e9t<\/p>\n<p>a Panthenol nyugtat \u00e9s regener\u00e1l<\/p>\n<p>az Aloe vera hidrat\u00e1l \u00e9s puhas\u00e1got ad<\/p>\n<p>term\u00e9szetes \u00f6sszet\u00e9tel, mindennapi haszn\u00e1latra alkalmas<\/p>\n<p>illat, amely simogatja a lelket<\/p>\n<p>&nbsp;<br \/>\nHaszn\u00e1lat:<br \/>\nVigy\u00e9l fel kis mennyis\u00e9get nedves k\u00e9zre vagy testre, habos\u00edtsd fel, \u00e9s hagyd, hogy mag\u00e1val ragadjon a kar\u00e1csony illata.<\/p>\n","protected":false},"excerpt":{"rendered":"<p>Minden haszn\u00e1lat kis ritu\u00e1l\u00e9v\u00e1 v\u00e1lik. A van\u00edlia, fah\u00e9j, narancs \u00e9s szegf\u0171szeg illata melegs\u00e9gbe burkol, lelass\u00edtja a gondolataidat, \u00e9s a legszebb pillanatokat id\u00e9zi fel \u2013 a nyugalmat, a csal\u00e1dot, az otthont. &nbsp; Mi\u00e9rt fogod im\u00e1dni: k\u00edm\u00e9letesen tiszt\u00edtja a k\u00e9z \u00e9s a test b\u0151r\u00e9t, an\u00e9lk\u00fcl hogy megbontan\u00e1 term\u00e9szetes v\u00e9delm\u00e9t a Panthenol nyugtat \u00e9s regener\u00e1l az Aloe vera [&hellip;]<\/p>\n","protected":false},"featured_media":477472,"template":"","meta":{"_acf_changed":false},"product_brand":[],"product_cat":[3414,3380,3426,3425],"product_tag":[],"class_list":["post-477471","product","type-product","status-publish","has-post-thumbnail","product_cat-panakeia-naturkozmetikumok","product_cat-termeszetes-kozmetikumok","product_cat-termeszetes-szappanok","product_cat-testapolo-kozmetikumok","first","instock","product-type-external"],"acf":[],"_links":{"self":[{"href":"https:\/\/horgaszhely.hu\/hun\/wp-json\/wp\/v2\/product\/477471","targetHints":{"allow":["GET"]}}],"collection":[{"href":"https:\/\/horgaszhely.hu\/hun\/wp-json\/wp\/v2\/product"}],"about":[{"href":"https:\/\/horgaszhely.hu\/hun\/wp-json\/wp\/v2\/types\/product"}],"wp:featuredmedia":[{"embeddable":true,"href":"https:\/\/horgaszhely.hu\/hun\/wp-json\/wp\/v2\/media\/477472"}],"wp:attachment":[{"href":"https:\/\/horgaszhely.hu\/hun\/wp-json\/wp\/v2\/media?parent=477471"}],"wp:term":[{"taxonomy":"product_brand","embeddable":true,"href":"https:\/\/horgaszhely.hu\/hun\/wp-json\/wp\/v2\/product_brand?post=477471"},{"taxonomy":"product_cat","embeddable":true,"href":"https:\/\/horgaszhely.hu\/hun\/wp-json\/wp\/v2\/product_cat?post=477471"},{"taxonomy":"product_tag","embeddable":true,"href":"https:\/\/horgaszhely.hu\/hun\/wp-json\/wp\/v2\/product_tag?post=477471"}],"curies":[{"name":"wp","href":"https:\/\/api.w.org\/{rel}","templated":true}]}}

Karácsonyi álom &#8211; folyékony szappan 200ml

<p>Minden használat kis rituálévá válik.<br />
A vanília, fahéj, narancs és szegfűszeg illata melegségbe burkol, lelassítja a gondolataidat, és a legszebb pillanatokat idézi fel – a nyugalmat, a családot, az otthont.<br />
&nbsp;<br />
Miért fogod imádni:</p>
<p>kíméletesen tisztítja a kéz és a test bőrét, anélkül hogy megbontaná természetes védelmét</p>
<p>a Panthenol nyugtat és regenerál</p>
<p>az Aloe vera hidratál és puhaságot ad</p>
<p>természetes összetétel, mindennapi használatra alkalmas</p>
<p>illat, amely simogatja a lelket</p>
<p>&nbsp;<br />
Használat:<br />
Vigyél fel kis mennyiséget nedves kézre vagy testre, habosítsd fel, és hagyd, hogy magával ragadjon a karácsony illata.</p>

<p>Minden használat kis rituálévá válik. A vanília, fahéj, narancs és szegfűszeg illata melegségbe burkol, lelassítja a gondolataidat, és a legszebb pillanatokat idézi fel – a nyugalmat, a családot, az otthont. &nbsp; Miért fogod imádni: kíméletesen tisztítja a kéz és a test bőrét, anélkül hogy megbontaná természetes védelmét a Panthenol nyugtat és regenerál az Aloe vera [&hellip;]</p>
