{"id":477495,"date":"2026-08-29T20:06:20","date_gmt":"2026-08-29T18:06:20","guid":{"rendered":"https:\/\/horgaszhely.hu\/hun\/termek\/gyermek-ajakbalzsam-bubacik\/"},"modified":"2026-08-29T20:06:33","modified_gmt":"2026-08-29T18:06:33","slug":"gyermek-ajakbalzsam-bubacik","status":"publish","type":"product","link":"https:\/\/horgaszhely.hu\/hun\/termek\/gyermek-ajakbalzsam-bubacik\/","title":{"rendered":"Gyermek ajakbalzsam &#8211; Bub\u00e1\u010dik"},"content":{"rendered":"<p>Gyermek ajakbalzsam &#8211; Bub\u00e1\u010dik<\/p>\n<p>A hideg \u00e9vszakban a gyermekek ajk\u00e1t sok minden megviseli. A sz\u00e9l, a hideg, a sz\u00e1raz leveg\u0151 \u00e9s az ajkak \u00e1lland\u00f3 nyalogat\u00e1sa gyorsan kisz\u00e1r\u00edthatja \u00e9s irrit\u00e1lhatja a finom gyermekb\u0151rt. Olyan balzsamot tal\u00e1lni azonban, amely val\u00f3ban term\u00e9szetes, biztons\u00e1gos \u00e9s egyben hat\u00e9kony is, nem egyszer\u0171. Ez\u00e9rt alkottuk meg a gyermek ajakbalzsamunkat, amely a gyeng\u00e9d \u00f6sszet\u00e9telt val\u00f3di v\u00e9delemmel \u00f6tv\u00f6zi, a t\u00e9li id\u0151j\u00e1r\u00e1sban is.<br \/>\nEz a balzsam tiszta, min\u0151s\u00e9gi \u00f6sszetev\u0151kb\u0151l k\u00e9sz\u00fcl, amelyek felesleges vegyszerek n\u00e9lk\u00fcl gondoskodnak az \u00e9rz\u00e9keny gyermekajkakr\u00f3l. Biztons\u00e1gos, illatanyagmentes \u00e9s a legkisebbek sz\u00e1m\u00e1ra is megfelel\u0151 \u2014 ugyanakkor kell\u0151en hat\u00e9kony a sz\u00e1raz, cserepes ajk\u00fa feln\u0151tteknek is.<br \/>\nT\u00e1pl\u00e1l\u00f3 \u00e9s biztons\u00e1gos \u00f6sszet\u00e9tel az \u00e9rz\u00e9keny gyermekajkakra<\/p>\n<p>A kaka\u00f3vaj \u00e9s a mang\u00f3vaj t\u00e1pl\u00e1l, rugalmass\u00e1got ad \u00e9s v\u00e9d a kisz\u00e1rad\u00e1st\u00f3l.<\/p>\n<p>A mandulaolaj \u00e9s a zabolaj nyugtatja \u00e9s puh\u00edtja az irrit\u00e1lt ajkakat.<\/p>\n<p>A m\u00e9hviasz finom v\u00e9d\u0151filmet k\u00e9pez, amely bez\u00e1rja a nedvess\u00e9get.<\/p>\n<p>A lanolin intenz\u00edven hidrat\u00e1l \u00e9s helyre\u00e1ll\u00edtja a s\u00e9r\u00fclt b\u0151rt.<\/p>\n<p>Az AvenaPlex er\u0151s\u00edti a b\u0151r term\u00e9szetes v\u00e9d\u0151g\u00e1tj\u00e1t \u00e9s t\u00e1mogatja a regener\u00e1l\u00f3d\u00e1st.<\/p>\n<p>E-vitamin v\u00e9di az ajkakat, \u00e9s puh\u00e1n, sim\u00e1n tartja \u0151ket.<\/p>\n<p>Mire k\u00e9pes a balzsam<\/p>\n<p>V\u00e9di az ajkakat a cserepesed\u00e9st\u0151l \u00e9s a kisz\u00e1rad\u00e1st\u00f3l.<br \/>\nT\u00e1pl\u00e1lja \u00e9s regener\u00e1lja a nagyon \u00e9rz\u00e9keny ajkakat is.<br \/>\nV\u00e9d\u0151filmet k\u00e9pez, ragacsos \u00e9rz\u00e9s n\u00e9lk\u00fcl.<br \/>\nIde\u00e1lis a t\u00e9li id\u0151szakra \u00e9s a mindennapi haszn\u00e1latra is.<\/p>\n<p>Hogyan haszn\u00e1ld<br \/>\nVigy\u00e9l fel kis mennyis\u00e9g\u0171 balzsamot az ajkakra sz\u00fcks\u00e9g szerint. T\u00f6k\u00e9letes gyermekeknek, \u00e9s megfelel\u0151 a sz\u00e1raz vagy \u00e9rz\u00e9keny ajk\u00fa feln\u0151tteknek is.Mesters\u00e9ges sz\u00ednez\u00e9kek, illatanyagok \u00e9s parab\u00e9nek n\u00e9lk\u00fcl.<\/p>\n<p>Haszn\u00e1lati \u00fatmutat\u00f3:<\/p>\n<p>Vigy\u00e9l fel v\u00e9kony r\u00e9teg balzsamot az ajkakra, lehet\u0151leg naponta 2-szer.<\/p>\n<p>Figyelmeztet\u00e9s:<\/p>\n<p>Csak k\u00fcls\u0151leg haszn\u00e1lhat\u00f3. Ker\u00fcld az \u00e9rintkez\u00e9st a&nbsp;szemmel \u00e9s a ny\u00e1lkah\u00e1rty\u00e1kkal. Ne haszn\u00e1ld irrit\u00e1lt vagy \u00e9rz\u00e9keny b\u0151r\u00f6n. Ne haszn\u00e1ld, ha \u00e9rz\u00e9keny vagy a term\u00e9kben tal\u00e1lhat\u00f3 \u00f6sszetev\u0151k b\u00e1rmelyik\u00e9re. A term\u00e9k 3 \u00e9ves kort\u00f3l gyermekek sz\u00e1m\u00e1ra alkalmas. Gyermekekt\u0151l elz\u00e1rva tartand\u00f3.<\/p>\n<p>T\u00e1rol\u00e1s:<\/p>\n<p>A term\u00e9ket szobah\u0151m\u00e9rs\u00e9kleten, h\u0151forr\u00e1sokt\u00f3l \u00e9s k\u00f6zvetlen napf\u00e9nyt\u0151l t\u00e1vol t\u00e1rold.<\/p>\n<p>Tartalom:<\/p>\n<p>5 ml<\/p>\n<p>Ingredients:<\/p>\n<p>Theobroma Cacao Seed Butter, Mangifera Indica Seed Butter, Cera Alba, Avena Sativa Kernel Oil, Prunus Amygdalus Dulcis Oil, Lanolin, Avena Sativa Kernel Extract, Tocopherol, Helianthus Annuus Seed Oil<\/p>\n<p>Felel\u0151s szem\u00e9ly \u00e9s gy\u00e1rt\u00f3:<\/p>\n<p>PANAKEIA SK s.r.o., \u017dabinsk\u00e1 2, 91105 Tren\u010d\u00edn, Slovensk\u00e1 republika,<br \/>\nwww.panakeia.sk<\/p>\n","protected":false},"excerpt":{"rendered":"<p>Gyermek ajakbalzsam &#8211; Bub\u00e1\u010dik A hideg \u00e9vszakban a gyermekek ajk\u00e1t sok minden megviseli. A sz\u00e9l, a hideg, a sz\u00e1raz leveg\u0151 \u00e9s az ajkak \u00e1lland\u00f3 nyalogat\u00e1sa gyorsan kisz\u00e1r\u00edthatja \u00e9s irrit\u00e1lhatja a finom gyermekb\u0151rt. Olyan balzsamot tal\u00e1lni azonban, amely val\u00f3ban term\u00e9szetes, biztons\u00e1gos \u00e9s egyben hat\u00e9kony is, nem egyszer\u0171. Ez\u00e9rt alkottuk meg a gyermek ajakbalzsamunkat, amely a gyeng\u00e9d [&hellip;]<\/p>\n","protected":false},"featured_media":477496,"template":"","meta":{"_acf_changed":false},"product_brand":[],"product_cat":[3494,3493,3414,3380],"product_tag":[],"class_list":["post-477495","product","type-product","status-publish","has-post-thumbnail","product_cat-bubacik-gyermek-kiadas","product_cat-kozmetikai-kiadasok","product_cat-panakeia-naturkozmetikumok","product_cat-termeszetes-kozmetikumok","first","instock","product-type-external"],"acf":[],"_links":{"self":[{"href":"https:\/\/horgaszhely.hu\/hun\/wp-json\/wp\/v2\/product\/477495","targetHints":{"allow":["GET"]}}],"collection":[{"href":"https:\/\/horgaszhely.hu\/hun\/wp-json\/wp\/v2\/product"}],"about":[{"href":"https:\/\/horgaszhely.hu\/hun\/wp-json\/wp\/v2\/types\/product"}],"wp:featuredmedia":[{"embeddable":true,"href":"https:\/\/horgaszhely.hu\/hun\/wp-json\/wp\/v2\/media\/477496"}],"wp:attachment":[{"href":"https:\/\/horgaszhely.hu\/hun\/wp-json\/wp\/v2\/media?parent=477495"}],"wp:term":[{"taxonomy":"product_brand","embeddable":true,"href":"https:\/\/horgaszhely.hu\/hun\/wp-json\/wp\/v2\/product_brand?post=477495"},{"taxonomy":"product_cat","embeddable":true,"href":"https:\/\/horgaszhely.hu\/hun\/wp-json\/wp\/v2\/product_cat?post=477495"},{"taxonomy":"product_tag","embeddable":true,"href":"https:\/\/horgaszhely.hu\/hun\/wp-json\/wp\/v2\/product_tag?post=477495"}],"curies":[{"name":"wp","href":"https:\/\/api.w.org\/{rel}","templated":true}]}}

Gyermek ajakbalzsam &#8211; Bubáčik

<p>Gyermek ajakbalzsam &#8211; Bubáčik</p>
<p>A hideg évszakban a gyermekek ajkát sok minden megviseli. A szél, a hideg, a száraz levegő és az ajkak állandó nyalogatása gyorsan kiszáríthatja és irritálhatja a finom gyermekbőrt. Olyan balzsamot találni azonban, amely valóban természetes, biztonságos és egyben hatékony is, nem egyszerű. Ezért alkottuk meg a gyermek ajakbalzsamunkat, amely a gyengéd összetételt valódi védelemmel ötvözi, a téli időjárásban is.<br />
Ez a balzsam tiszta, minőségi összetevőkből készül, amelyek felesleges vegyszerek nélkül gondoskodnak az érzékeny gyermekajkakról. Biztonságos, illatanyagmentes és a legkisebbek számára is megfelelő — ugyanakkor kellően hatékony a száraz, cserepes ajkú felnőtteknek is.<br />
Tápláló és biztonságos összetétel az érzékeny gyermekajkakra</p>
<p>A kakaóvaj és a mangóvaj táplál, rugalmasságot ad és véd a kiszáradástól.</p>
<p>A mandulaolaj és a zabolaj nyugtatja és puhítja az irritált ajkakat.</p>
<p>A méhviasz finom védőfilmet képez, amely bezárja a nedvességet.</p>
<p>A lanolin intenzíven hidratál és helyreállítja a sérült bőrt.</p>
<p>Az AvenaPlex erősíti a bőr természetes védőgátját és támogatja a regenerálódást.</p>
<p>E-vitamin védi az ajkakat, és puhán, simán tartja őket.</p>
<p>Mire képes a balzsam</p>
<p>Védi az ajkakat a cserepesedéstől és a kiszáradástól.<br />
Táplálja és regenerálja a nagyon érzékeny ajkakat is.<br />
Védőfilmet képez, ragacsos érzés nélkül.<br />
Ideális a téli időszakra és a mindennapi használatra is.</p>
<p>Hogyan használd<br />
Vigyél fel kis mennyiségű balzsamot az ajkakra szükség szerint. Tökéletes gyermekeknek, és megfelelő a száraz vagy érzékeny ajkú felnőtteknek is.Mesterséges színezékek, illatanyagok és parabének nélkül.</p>
<p>Használati útmutató:</p>
<p>Vigyél fel vékony réteg balzsamot az ajkakra, lehetőleg naponta 2-szer.</p>
<p>Figyelmeztetés:</p>
<p>Csak külsőleg használható. Kerüld az érintkezést a&nbsp;szemmel és a nyálkahártyákkal. Ne használd irritált vagy érzékeny bőrön. Ne használd, ha érzékeny vagy a termékben található összetevők bármelyikére. A termék 3 éves kortól gyermekek számára alkalmas. Gyermekektől elzárva tartandó.</p>
<p>Tárolás:</p>
<p>A terméket szobahőmérsékleten, hőforrásoktól és közvetlen napfénytől távol tárold.</p>
<p>Tartalom:</p>
<p>5 ml</p>
<p>Ingredients:</p>
<p>Theobroma Cacao Seed Butter, Mangifera Indica Seed Butter, Cera Alba, Avena Sativa Kernel Oil, Prunus Amygdalus Dulcis Oil, Lanolin, Avena Sativa Kernel Extract, Tocopherol, Helianthus Annuus Seed Oil</p>
<p>Felelős személy és gyártó:</p>
<p>PANAKEIA SK s.r.o., Žabinská 2, 91105 Trenčín, Slovenská republika,<br />
www.panakeia.sk</p>

<p>Gyermek ajakbalzsam &#8211; Bubáčik A hideg évszakban a gyermekek ajkát sok minden megviseli. A szél, a hideg, a száraz levegő és az ajkak állandó nyalogatása gyorsan kiszáríthatja és irritálhatja a finom gyermekbőrt. Olyan balzsamot találni azonban, amely valóban természetes, biztonságos és egyben hatékony is, nem egyszerű. Ezért alkottuk meg a gyermek ajakbalzsamunkat, amely a gyengéd [&hellip;]</p>
