{"id":477503,"date":"2026-08-29T20:06:20","date_gmt":"2026-08-29T18:06:20","guid":{"rendered":"https:\/\/horgaszhely.hu\/hun\/termek\/911-sabelnik-gel-masszazsbalzsam-izuletekre-mocsari-pimpoval-100ml\/"},"modified":"2026-08-29T20:06:41","modified_gmt":"2026-08-29T18:06:41","slug":"911-sabelnik-gel-masszazsbalzsam-izuletekre-mocsari-pimpoval-100ml","status":"publish","type":"product","link":"https:\/\/horgaszhely.hu\/hun\/termek\/911-sabelnik-gel-masszazsbalzsam-izuletekre-mocsari-pimpoval-100ml\/","title":{"rendered":"911 SABELNIK G\u00e9l &#8211; massz\u00e1zsbalzsam \u00edz\u00fcletekre mocs\u00e1ri pimp\u00f3val 100ml"},"content":{"rendered":"<p>SABELNIK G\u00e9l &#8211; massz\u00e1zsbalzsam mocs\u00e1ri pimp\u00f3val 100ml<br \/>\n&nbsp;<br \/>\nEr\u0151s gyullad\u00e1scs\u00f6kkent\u0151 \u00e9s f\u00e1jdalomcsillap\u00edt\u00f3 tulajdons\u00e1gokkal rendelkezik, seg\u00edt cs\u00f6kkenteni a duzzanatokat, \u00e9s el\u0151seg\u00edti a sz\u00f6vetek gyors regener\u00e1l\u00f3d\u00e1s\u00e1t. \u00d6sszetev\u0151inek k\u00f6sz\u00f6nhet\u0151en kieg\u00e9sz\u00edt\u00e9sk\u00e9nt aj\u00e1nlott az izmok \u00e9s \u00edz\u00fcletek betegs\u00e9gein\u00e9l, valamint r\u00e1ndul\u00e1sokn\u00e1l.<br \/>\nMocs\u00e1ri pimp\u00f3&nbsp;: Akt\u00edv biostimul\u00e1tor, antiszeptikum \u00e9s term\u00e9szetes f\u00e1jdalomcsillap\u00edt\u00f3.<br \/>\nEnyh\u00edti a f\u00e1jdalmat, hat\u00e9konyan sz\u00fcnteti meg a gyullad\u00e1st, antibakteri\u00e1lis hat\u00e1s\u00fa, emellett k\u00e9pes regener\u00e1lni a porcsz\u00f6veteket \u00e9s elvezetni a lerak\u00f3dott s\u00f3kat.<br \/>\nKondroitin&nbsp;&#8211; az \u00edz\u00fcleti folyad\u00e9k alapvet\u0151 \u00f6sszetev\u0151jek\u00e9nt &#8211; regener\u00e1l\u00f3 hat\u00e1ssal van az \u00edz\u00fcletek \u00e9s a gerinc porcfelsz\u00edneire,<br \/>\ncs\u00f6kkenti az \u00edz\u00fcletek degenerat\u00edv elv\u00e1ltoz\u00e1sait, t\u00e1mogatja az \u00edz\u00fcletek &#8222;ken\u00e9s\u00e9t&#8221;, jav\u00edtja mozg\u00e9konys\u00e1gukat, \u00e9s serkenti a porcsz\u00f6vet regener\u00e1l\u00f3d\u00e1s\u00e1t.<br \/>\nGl\u00fckozamin&nbsp;\u2013 jelent\u0151sen jav\u00edtja a szervezet kollag\u00e9n- \u00e9s proteoglik\u00e1n-termel\u0151 k\u00e9pess\u00e9g\u00e9t, amelyek az \u00edz\u00fcletek regener\u00e1l\u00f3d\u00e1s\u00e1hoz n\u00e9lk\u00fcl\u00f6zhetetlenek. Gyullad\u00e1scs\u00f6kkent\u0151 tulajdons\u00e1g\u00fa.&nbsp;<br \/>\nBor\u00f3kaolaj&nbsp;\u2013 gyullad\u00e1scs\u00f6kkent\u0151 \u00e9s fert\u0151tlen\u00edt\u0151 tulajdons\u00e1gokkal rendelkezik.<br \/>\nKakukkf\u0171olaj&nbsp;\u2013 er\u0151s antiszeptikum antibakteri\u00e1lis \u00e9s gombaellenes tulajdons\u00e1gokkal.&nbsp;Ill\u00f3olaj-komplex&nbsp;&#8211; meleg\u00edt\u0151 \u00e9s nyugtat\u00f3 tulajdons\u00e1g\u00fa.<br \/>\nFigyelmeztet\u00e9s: Ne haszn\u00e1ld a balzsam b\u00e1rmely \u00f6sszetev\u0151j\u00e9vel szembeni egy\u00e9ni intolerancia vagy t\u00fal\u00e9rz\u00e9kenys\u00e9g eset\u00e9n, ny\u00e1lkah\u00e1rty\u00e1n, ny\u00edlt sebeken, valamint 3 \u00e9v alatti gyermekekn\u00e9l.<br \/>\nHaszn\u00e1lat:&nbsp;A g\u00e9lt naponta 2-3 alkalommal vidd fel a f\u00e1j\u00f3 ter\u00fcletre, \u00e9s finoman massz\u00edrozd be a teljes felsz\u00edv\u00f3d\u00e1sig. Gyermekekt\u0151l elz\u00e1rva tartand\u00f3! T\u00e1rol\u00e1s: 5 \u00b0 \u00e9s 25 \u00b0 C k\u00f6z\u00f6tti h\u0151m\u00e9rs\u00e9kleten. Gy\u00e1rt\u00f3: Oroszorsz\u00e1g.<br \/>\nIngredients\/INCI:Aqua, Ethylhexyl Stearate, Ammonium Acryloyldimmethyltaurate\/VP Copolymer, Tormentil extract, Camphor, Amica Montana extract, Urtica extract, Glucosamine hydrochloride, Sodium Chondroitin Sulfate, Juniperus commuris oil, Eucalyptus oil, Thymus vulgaris oil, Diazolidinyl Urea (and) lodopropynyl Butylcarbamate (and) Propylene Glycol.<br \/>\nCsak k\u00fcls\u0151 haszn\u00e1latra. Nem gy\u00f3gyszer.<\/p>\n","protected":false},"excerpt":{"rendered":"<p>SABELNIK G\u00e9l &#8211; massz\u00e1zsbalzsam mocs\u00e1ri pimp\u00f3val 100ml &nbsp; Er\u0151s gyullad\u00e1scs\u00f6kkent\u0151 \u00e9s f\u00e1jdalomcsillap\u00edt\u00f3 tulajdons\u00e1gokkal rendelkezik, seg\u00edt cs\u00f6kkenteni a duzzanatokat, \u00e9s el\u0151seg\u00edti a sz\u00f6vetek gyors regener\u00e1l\u00f3d\u00e1s\u00e1t. \u00d6sszetev\u0151inek k\u00f6sz\u00f6nhet\u0151en kieg\u00e9sz\u00edt\u00e9sk\u00e9nt aj\u00e1nlott az izmok \u00e9s \u00edz\u00fcletek betegs\u00e9gein\u00e9l, valamint r\u00e1ndul\u00e1sokn\u00e1l. Mocs\u00e1ri pimp\u00f3&nbsp;: Akt\u00edv biostimul\u00e1tor, antiszeptikum \u00e9s term\u00e9szetes f\u00e1jdalomcsillap\u00edt\u00f3. Enyh\u00edti a f\u00e1jdalmat, hat\u00e9konyan sz\u00fcnteti meg a gyullad\u00e1st, antibakteri\u00e1lis hat\u00e1s\u00fa, emellett k\u00e9pes [&hellip;]<\/p>\n","protected":false},"featured_media":477504,"template":"","meta":{"_acf_changed":false},"product_brand":[],"product_cat":[3483,3416,3419,3380],"product_tag":[],"class_list":["post-477503","product","type-product","status-publish","has-post-thumbnail","product_cat-balzsamok-es-kremek-izuletekre-izmokra-es-gerincre","product_cat-egeszseg-termeszetes-kozmetikumok","product_cat-gyogynovenyes-kremek-es-balzsamok","product_cat-termeszetes-kozmetikumok","first","instock","product-type-external"],"acf":[],"_links":{"self":[{"href":"https:\/\/horgaszhely.hu\/hun\/wp-json\/wp\/v2\/product\/477503","targetHints":{"allow":["GET"]}}],"collection":[{"href":"https:\/\/horgaszhely.hu\/hun\/wp-json\/wp\/v2\/product"}],"about":[{"href":"https:\/\/horgaszhely.hu\/hun\/wp-json\/wp\/v2\/types\/product"}],"wp:featuredmedia":[{"embeddable":true,"href":"https:\/\/horgaszhely.hu\/hun\/wp-json\/wp\/v2\/media\/477504"}],"wp:attachment":[{"href":"https:\/\/horgaszhely.hu\/hun\/wp-json\/wp\/v2\/media?parent=477503"}],"wp:term":[{"taxonomy":"product_brand","embeddable":true,"href":"https:\/\/horgaszhely.hu\/hun\/wp-json\/wp\/v2\/product_brand?post=477503"},{"taxonomy":"product_cat","embeddable":true,"href":"https:\/\/horgaszhely.hu\/hun\/wp-json\/wp\/v2\/product_cat?post=477503"},{"taxonomy":"product_tag","embeddable":true,"href":"https:\/\/horgaszhely.hu\/hun\/wp-json\/wp\/v2\/product_tag?post=477503"}],"curies":[{"name":"wp","href":"https:\/\/api.w.org\/{rel}","templated":true}]}}

911 SABELNIK Gél &#8211; masszázsbalzsam ízületekre mocsári pimpóval 100ml

<p>SABELNIK Gél &#8211; masszázsbalzsam mocsári pimpóval 100ml<br />
&nbsp;<br />
Erős gyulladáscsökkentő és fájdalomcsillapító tulajdonságokkal rendelkezik, segít csökkenteni a duzzanatokat, és elősegíti a szövetek gyors regenerálódását. Összetevőinek köszönhetően kiegészítésként ajánlott az izmok és ízületek betegségeinél, valamint rándulásoknál.<br />
Mocsári pimpó&nbsp;: Aktív biostimulátor, antiszeptikum és természetes fájdalomcsillapító.<br />
Enyhíti a fájdalmat, hatékonyan szünteti meg a gyulladást, antibakteriális hatású, emellett képes regenerálni a porcszöveteket és elvezetni a lerakódott sókat.<br />
Kondroitin&nbsp;&#8211; az ízületi folyadék alapvető összetevőjeként &#8211; regeneráló hatással van az ízületek és a gerinc porcfelszíneire,<br />
csökkenti az ízületek degeneratív elváltozásait, támogatja az ízületek &#8222;kenését&#8221;, javítja mozgékonyságukat, és serkenti a porcszövet regenerálódását.<br />
Glükozamin&nbsp;– jelentősen javítja a szervezet kollagén- és proteoglikán-termelő képességét, amelyek az ízületek regenerálódásához nélkülözhetetlenek. Gyulladáscsökkentő tulajdonságú.&nbsp;<br />
Borókaolaj&nbsp;– gyulladáscsökkentő és fertőtlenítő tulajdonságokkal rendelkezik.<br />
Kakukkfűolaj&nbsp;– erős antiszeptikum antibakteriális és gombaellenes tulajdonságokkal.&nbsp;Illóolaj-komplex&nbsp;&#8211; melegítő és nyugtató tulajdonságú.<br />
Figyelmeztetés: Ne használd a balzsam bármely összetevőjével szembeni egyéni intolerancia vagy túlérzékenység esetén, nyálkahártyán, nyílt sebeken, valamint 3 év alatti gyermekeknél.<br />
Használat:&nbsp;A gélt naponta 2-3 alkalommal vidd fel a fájó területre, és finoman masszírozd be a teljes felszívódásig. Gyermekektől elzárva tartandó! Tárolás: 5 ° és 25 ° C közötti hőmérsékleten. Gyártó: Oroszország.<br />
Ingredients/INCI:Aqua, Ethylhexyl Stearate, Ammonium Acryloyldimmethyltaurate/VP Copolymer, Tormentil extract, Camphor, Amica Montana extract, Urtica extract, Glucosamine hydrochloride, Sodium Chondroitin Sulfate, Juniperus commuris oil, Eucalyptus oil, Thymus vulgaris oil, Diazolidinyl Urea (and) lodopropynyl Butylcarbamate (and) Propylene Glycol.<br />
Csak külső használatra. Nem gyógyszer.</p>

<p>SABELNIK Gél &#8211; masszázsbalzsam mocsári pimpóval 100ml &nbsp; Erős gyulladáscsökkentő és fájdalomcsillapító tulajdonságokkal rendelkezik, segít csökkenteni a duzzanatokat, és elősegíti a szövetek gyors regenerálódását. Összetevőinek köszönhetően kiegészítésként ajánlott az izmok és ízületek betegségeinél, valamint rándulásoknál. Mocsári pimpó&nbsp;: Aktív biostimulátor, antiszeptikum és természetes fájdalomcsillapító. Enyhíti a fájdalmat, hatékonyan szünteti meg a gyulladást, antibakteriális hatású, emellett képes [&hellip;]</p>
