{"id":477547,"date":"2026-08-29T20:07:04","date_gmt":"2026-08-29T18:07:04","guid":{"rendered":"https:\/\/horgaszhely.hu\/hun\/termek\/fekete-nadalyto-kondroitinnal-75-ml\/"},"modified":"2026-08-29T20:07:33","modified_gmt":"2026-08-29T18:07:33","slug":"fekete-nadalyto-kondroitinnal-75-ml","status":"publish","type":"product","link":"https:\/\/horgaszhely.hu\/hun\/termek\/fekete-nadalyto-kondroitinnal-75-ml\/","title":{"rendered":"Fekete nad\u00e1lyt\u0151 kondroitinnal 75 ml"},"content":{"rendered":"<p>Lehets\u00e9ges felhaszn\u00e1l\u00e1s:<\/p>\n<p>serkenti a csont- \u00e9s \u00edz\u00fcleti sz\u00f6vet meg\u00fajul\u00e1s\u00e1t<br \/>\nhozz\u00e1j\u00e1rul az \u00edz\u00fcleti folyad\u00e9k mennyis\u00e9g\u00e9nek \u00e9s \u00e1llag\u00e1nak normaliz\u00e1l\u00e1s\u00e1hoz<br \/>\ncs\u00f6kkenti a gyullad\u00e1sokat \u00e9s a duzzanatokat<br \/>\njav\u00edtja \u00e9s helyre\u00e1ll\u00edtja az \u00edz\u00fcletek mozg\u00e9konys\u00e1g\u00e1t<br \/>\na fekete&nbsp;nad\u00e1lyt\u0151&nbsp;seg\u00edt cs\u00f6kkenteni az \u00edz\u00fcletek, a h\u00e1t, a der\u00e9k, az izmok \u00e9s a szalagok gyullad\u00e1sait, felgyors\u00edtja a s\u00e9r\u00fclt sz\u00f6vetek regener\u00e1l\u00f3d\u00e1s\u00e1t t\u00f6r\u00e9sek, r\u00e1ndul\u00e1sok, z\u00faz\u00f3d\u00e1sok eset\u00e9n<br \/>\na kondroitin&nbsp;jav\u00edtja a sz\u00f6vetek szerkezeti param\u00e9tereit, hozz\u00e1j\u00e1rul gyors regener\u00e1ci\u00f3jukhoz, cs\u00f6kkenti az \u00edz\u00fcleti f\u00e1jdalmakat \u00e9s serkenti a gerinc norm\u00e1l m\u0171k\u00f6d\u00e9s\u00e9t<\/p>\n<p>&nbsp;Haszn\u00e1lati \u00fatmutat\u00f3:<\/p>\n<p>k\u00f6nnyed massz\u00edroz\u00f3 mozdulatokkal vigy\u00e9l fel kis mennyis\u00e9g\u0171 balzsamot a probl\u00e9m\u00e1s ter\u00fcletekre, am\u00edg teljesen fel nem sz\u00edv\u00f3dik<br \/>\nalkalmazd naponta 2-3 alkalommal<\/p>\n<p>&nbsp;\u00d6sszet\u00e9tel:<\/p>\n<p>v\u00edz, glicerin, gliceril-sztear\u00e1t, k\u00e1lium-cetil-foszf\u00e1t, cetearil-alkohol, fekete nad\u00e1lyt\u0151 gy\u00f6ker\u00e9nek kivonata, n\u00e1trium-kondroitin-szulf\u00e1t, z\u00f6ld ciprus level\u00e9nek &#8211; term\u00e9s\u00e9nek &#8211; sz\u00e1r\u00e1nak olaja, eukaliptusz lev\u00e9lolaj, O-2, bor\u00f3ka, Ceholteare 12, cetil-palmit\u00e1t, akril\u00e1tok\/C10-30 alkil-akril\u00e1t keresztpolimer, trietanol-amin, xant\u00e1ngumi, parf\u00fcm, alkohol, n\u00e1trium-benzo\u00e1t, fenoxietanol, etilhexilglicerin, benzil-szalicil\u00e1t, hexil-cinnamal, limon\u00e9n, linalool<\/p>\n<p>&nbsp;<br \/>\nGy\u00e1rt\u00f3:&nbsp; Fitobiotechnologii, Kijev, Ukrajna, \u0171rtartalom 75 ml<\/p>\n","protected":false},"excerpt":{"rendered":"<p>Lehets\u00e9ges felhaszn\u00e1l\u00e1s: serkenti a csont- \u00e9s \u00edz\u00fcleti sz\u00f6vet meg\u00fajul\u00e1s\u00e1t hozz\u00e1j\u00e1rul az \u00edz\u00fcleti folyad\u00e9k mennyis\u00e9g\u00e9nek \u00e9s \u00e1llag\u00e1nak normaliz\u00e1l\u00e1s\u00e1hoz cs\u00f6kkenti a gyullad\u00e1sokat \u00e9s a duzzanatokat jav\u00edtja \u00e9s helyre\u00e1ll\u00edtja az \u00edz\u00fcletek mozg\u00e9konys\u00e1g\u00e1t a fekete&nbsp;nad\u00e1lyt\u0151&nbsp;seg\u00edt cs\u00f6kkenteni az \u00edz\u00fcletek, a h\u00e1t, a der\u00e9k, az izmok \u00e9s a szalagok gyullad\u00e1sait, felgyors\u00edtja a s\u00e9r\u00fclt sz\u00f6vetek regener\u00e1l\u00f3d\u00e1s\u00e1t t\u00f6r\u00e9sek, r\u00e1ndul\u00e1sok, z\u00faz\u00f3d\u00e1sok eset\u00e9n a kondroitin&nbsp;jav\u00edtja [&hellip;]<\/p>\n","protected":false},"featured_media":477548,"template":"","meta":{"_acf_changed":false},"product_brand":[],"product_cat":[3483,3416,3419,3380],"product_tag":[],"class_list":["post-477547","product","type-product","status-publish","has-post-thumbnail","product_cat-balzsamok-es-kremek-izuletekre-izmokra-es-gerincre","product_cat-egeszseg-termeszetes-kozmetikumok","product_cat-gyogynovenyes-kremek-es-balzsamok","product_cat-termeszetes-kozmetikumok","first","instock","product-type-external"],"acf":[],"_links":{"self":[{"href":"https:\/\/horgaszhely.hu\/hun\/wp-json\/wp\/v2\/product\/477547","targetHints":{"allow":["GET"]}}],"collection":[{"href":"https:\/\/horgaszhely.hu\/hun\/wp-json\/wp\/v2\/product"}],"about":[{"href":"https:\/\/horgaszhely.hu\/hun\/wp-json\/wp\/v2\/types\/product"}],"wp:featuredmedia":[{"embeddable":true,"href":"https:\/\/horgaszhely.hu\/hun\/wp-json\/wp\/v2\/media\/477548"}],"wp:attachment":[{"href":"https:\/\/horgaszhely.hu\/hun\/wp-json\/wp\/v2\/media?parent=477547"}],"wp:term":[{"taxonomy":"product_brand","embeddable":true,"href":"https:\/\/horgaszhely.hu\/hun\/wp-json\/wp\/v2\/product_brand?post=477547"},{"taxonomy":"product_cat","embeddable":true,"href":"https:\/\/horgaszhely.hu\/hun\/wp-json\/wp\/v2\/product_cat?post=477547"},{"taxonomy":"product_tag","embeddable":true,"href":"https:\/\/horgaszhely.hu\/hun\/wp-json\/wp\/v2\/product_tag?post=477547"}],"curies":[{"name":"wp","href":"https:\/\/api.w.org\/{rel}","templated":true}]}}

Fekete nadálytő kondroitinnal 75 ml

<p>Lehetséges felhasználás:</p>
<p>serkenti a csont- és ízületi szövet megújulását<br />
hozzájárul az ízületi folyadék mennyiségének és állagának normalizálásához<br />
csökkenti a gyulladásokat és a duzzanatokat<br />
javítja és helyreállítja az ízületek mozgékonyságát<br />
a fekete&nbsp;nadálytő&nbsp;segít csökkenteni az ízületek, a hát, a derék, az izmok és a szalagok gyulladásait, felgyorsítja a sérült szövetek regenerálódását törések, rándulások, zúzódások esetén<br />
a kondroitin&nbsp;javítja a szövetek szerkezeti paramétereit, hozzájárul gyors regenerációjukhoz, csökkenti az ízületi fájdalmakat és serkenti a gerinc normál működését</p>
<p>&nbsp;Használati útmutató:</p>
<p>könnyed masszírozó mozdulatokkal vigyél fel kis mennyiségű balzsamot a problémás területekre, amíg teljesen fel nem szívódik<br />
alkalmazd naponta 2-3 alkalommal</p>
<p>&nbsp;Összetétel:</p>
<p>víz, glicerin, gliceril-sztearát, kálium-cetil-foszfát, cetearil-alkohol, fekete nadálytő gyökerének kivonata, nátrium-kondroitin-szulfát, zöld ciprus levelének &#8211; termésének &#8211; szárának olaja, eukaliptusz levélolaj, O-2, boróka, Ceholteare 12, cetil-palmitát, akrilátok/C10-30 alkil-akrilát keresztpolimer, trietanol-amin, xantángumi, parfüm, alkohol, nátrium-benzoát, fenoxietanol, etilhexilglicerin, benzil-szalicilát, hexil-cinnamal, limonén, linalool</p>
<p>&nbsp;<br />
Gyártó:&nbsp; Fitobiotechnologii, Kijev, Ukrajna, űrtartalom 75 ml</p>

<p>Lehetséges felhasználás: serkenti a csont- és ízületi szövet megújulását hozzájárul az ízületi folyadék mennyiségének és állagának normalizálásához csökkenti a gyulladásokat és a duzzanatokat javítja és helyreállítja az ízületek mozgékonyságát a fekete&nbsp;nadálytő&nbsp;segít csökkenteni az ízületek, a hát, a derék, az izmok és a szalagok gyulladásait, felgyorsítja a sérült szövetek regenerálódását törések, rándulások, zúzódások esetén a kondroitin&nbsp;javítja [&hellip;]</p>
