{"id":477577,"date":"2026-08-29T20:07:49","date_gmt":"2026-08-29T18:07:49","guid":{"rendered":"https:\/\/horgaszhely.hu\/hun\/termek\/eliksir-sabelnik-husito-krem-balzsam-75ml\/"},"modified":"2026-08-29T20:08:08","modified_gmt":"2026-08-29T18:08:08","slug":"eliksir-sabelnik-husito-krem-balzsam-75ml","status":"publish","type":"product","link":"https:\/\/horgaszhely.hu\/hun\/termek\/eliksir-sabelnik-husito-krem-balzsam-75ml\/","title":{"rendered":"ELIKS\u00cdR SABELNIK h\u0171s\u00edt\u0151 kr\u00e9m-balzsam 75ml"},"content":{"rendered":"<p>Figyelmeztet\u00e9s: ne haszn\u00e1ld b\u0151rbetegs\u00e9gek, valamint a kr\u00e9m-balzsam \u00f6sszetev\u0151ire val\u00f3 egy\u00e9ni \u00e9rz\u00e9kenys\u00e9g eset\u00e9n. A kr\u00e9m-balzsamot ne vidd fel s\u00e9r\u00fclt b\u0151rre, ny\u00e1lkah\u00e1rty\u00e1ra, ekc\u00e9m\u00e1s fel\u00fcletekre \u00e9s ny\u00edlt fek\u00e9lyekre. Ha szembe ker\u00fcl, \u00f6bl\u00edtsd ki b\u0151 v\u00edzzel.<br \/>\nAlkalmaz\u00e1s:&nbsp;Naponta 2-3 alkalommal vidd fel a f\u00e1jdalmas testt\u00e1j\u00e9kra, \u00e9s massz\u00edrozd be a teljes felsz\u00edv\u00f3d\u00e1sig. A nagyobb hat\u00e1s \u00e9rdek\u00e9ben a kr\u00e9m-balzsam felvitel\u00e9nek hely\u00e9t k\u00f6sd \u00e1t gyapj\u00fakend\u0151vel. Gy\u00e1rt\u00f3: UA.<br \/>\nIngredients\/INCI:Aqua, Stearic Acid, Corn Oil (Zea Mays Oil), Glyceryl Stearate, Paraffinum Liquidum, \u0421etearyl Alcohol, Mentha Arvensis Herb Oil, Salvia Sclarea Flower\/Leaf\/Stem Oil,&nbsp; Comarum Palustre Root\/Stem Extract, Laminaria Digitata Extract, Cymbopogon Martini Herb Extract, Arnica Montana Flower Extract, Equisetum Arvense Extract,&nbsp; Rosmarinus Officinalis Extract, Triethanolamine, Menthol, Tocopheryl Acetate, Methylparaben, Propylparaben, 2-Bromo-2-Nitropropane-1,3-Diol<br \/>\nCsak k\u00fcls\u0151leg haszn\u00e1lhat\u00f3. Ez nem gy\u00f3gyszer.<br \/>\nT\u00e1rold +5 \u00e9s +25 \u00b0C k\u00f6z\u00f6tt.<\/p>\n","protected":false},"excerpt":{"rendered":"<p>Figyelmeztet\u00e9s: ne haszn\u00e1ld b\u0151rbetegs\u00e9gek, valamint a kr\u00e9m-balzsam \u00f6sszetev\u0151ire val\u00f3 egy\u00e9ni \u00e9rz\u00e9kenys\u00e9g eset\u00e9n. A kr\u00e9m-balzsamot ne vidd fel s\u00e9r\u00fclt b\u0151rre, ny\u00e1lkah\u00e1rty\u00e1ra, ekc\u00e9m\u00e1s fel\u00fcletekre \u00e9s ny\u00edlt fek\u00e9lyekre. Ha szembe ker\u00fcl, \u00f6bl\u00edtsd ki b\u0151 v\u00edzzel. Alkalmaz\u00e1s:&nbsp;Naponta 2-3 alkalommal vidd fel a f\u00e1jdalmas testt\u00e1j\u00e9kra, \u00e9s massz\u00edrozd be a teljes felsz\u00edv\u00f3d\u00e1sig. A nagyobb hat\u00e1s \u00e9rdek\u00e9ben a kr\u00e9m-balzsam felvitel\u00e9nek hely\u00e9t k\u00f6sd [&hellip;]<\/p>\n","protected":false},"featured_media":477578,"template":"","meta":{"_acf_changed":false},"product_brand":[],"product_cat":[3416,3419,3485,3380],"product_tag":[],"class_list":["post-477577","product","type-product","status-publish","has-post-thumbnail","product_cat-egeszseg-termeszetes-kozmetikumok","product_cat-gyogynovenyes-kremek-es-balzsamok","product_cat-kremek-es-gelek-labakra-erekre-es-visszerekre","product_cat-termeszetes-kozmetikumok","first","instock","product-type-external"],"acf":[],"_links":{"self":[{"href":"https:\/\/horgaszhely.hu\/hun\/wp-json\/wp\/v2\/product\/477577","targetHints":{"allow":["GET"]}}],"collection":[{"href":"https:\/\/horgaszhely.hu\/hun\/wp-json\/wp\/v2\/product"}],"about":[{"href":"https:\/\/horgaszhely.hu\/hun\/wp-json\/wp\/v2\/types\/product"}],"wp:featuredmedia":[{"embeddable":true,"href":"https:\/\/horgaszhely.hu\/hun\/wp-json\/wp\/v2\/media\/477578"}],"wp:attachment":[{"href":"https:\/\/horgaszhely.hu\/hun\/wp-json\/wp\/v2\/media?parent=477577"}],"wp:term":[{"taxonomy":"product_brand","embeddable":true,"href":"https:\/\/horgaszhely.hu\/hun\/wp-json\/wp\/v2\/product_brand?post=477577"},{"taxonomy":"product_cat","embeddable":true,"href":"https:\/\/horgaszhely.hu\/hun\/wp-json\/wp\/v2\/product_cat?post=477577"},{"taxonomy":"product_tag","embeddable":true,"href":"https:\/\/horgaszhely.hu\/hun\/wp-json\/wp\/v2\/product_tag?post=477577"}],"curies":[{"name":"wp","href":"https:\/\/api.w.org\/{rel}","templated":true}]}}

ELIKSÍR SABELNIK hűsítő krém-balzsam 75ml

<p>Figyelmeztetés: ne használd bőrbetegségek, valamint a krém-balzsam összetevőire való egyéni érzékenység esetén. A krém-balzsamot ne vidd fel sérült bőrre, nyálkahártyára, ekcémás felületekre és nyílt fekélyekre. Ha szembe kerül, öblítsd ki bő vízzel.<br />
Alkalmazás:&nbsp;Naponta 2-3 alkalommal vidd fel a fájdalmas testtájékra, és masszírozd be a teljes felszívódásig. A nagyobb hatás érdekében a krém-balzsam felvitelének helyét kösd át gyapjúkendővel. Gyártó: UA.<br />
Ingredients/INCI:Aqua, Stearic Acid, Corn Oil (Zea Mays Oil), Glyceryl Stearate, Paraffinum Liquidum, Сetearyl Alcohol, Mentha Arvensis Herb Oil, Salvia Sclarea Flower/Leaf/Stem Oil,&nbsp; Comarum Palustre Root/Stem Extract, Laminaria Digitata Extract, Cymbopogon Martini Herb Extract, Arnica Montana Flower Extract, Equisetum Arvense Extract,&nbsp; Rosmarinus Officinalis Extract, Triethanolamine, Menthol, Tocopheryl Acetate, Methylparaben, Propylparaben, 2-Bromo-2-Nitropropane-1,3-Diol<br />
Csak külsőleg használható. Ez nem gyógyszer.<br />
Tárold +5 és +25 °C között.</p>

<p>Figyelmeztetés: ne használd bőrbetegségek, valamint a krém-balzsam összetevőire való egyéni érzékenység esetén. A krém-balzsamot ne vidd fel sérült bőrre, nyálkahártyára, ekcémás felületekre és nyílt fekélyekre. Ha szembe kerül, öblítsd ki bő vízzel. Alkalmazás:&nbsp;Naponta 2-3 alkalommal vidd fel a fájdalmas testtájékra, és masszírozd be a teljes felszívódásig. A nagyobb hatás érdekében a krém-balzsam felvitelének helyét kösd [&hellip;]</p>
