{"id":477607,"date":"2026-08-29T20:08:35","date_gmt":"2026-08-29T18:08:35","guid":{"rendered":"https:\/\/horgaszhely.hu\/hun\/termek\/emeszto-enzimek-37-nap-konnyu-emesztes-110-tabletta\/"},"modified":"2026-08-29T20:08:41","modified_gmt":"2026-08-29T18:08:41","slug":"emeszto-enzimek-37-nap-konnyu-emesztes-110-tabletta","status":"publish","type":"product","link":"https:\/\/horgaszhely.hu\/hun\/termek\/emeszto-enzimek-37-nap-konnyu-emesztes-110-tabletta\/","title":{"rendered":"Em\u00e9szt\u0151 enzimek \u2013 37 nap k\u00f6nny\u0171 em\u00e9szt\u00e9s \u2013 110 tabletta"},"content":{"rendered":"<p>Em\u00e9szt\u0151&nbsp;enzimek \u2013 megb\u00edzhat\u00f3 kulcs a k\u00f6nny\u0171 \u00e9s gondtalan em\u00e9szt\u00e9shez<br \/>\nElf\u00e1radt\u00e1l m\u00e1r a kellemetlen hasi \u00e9rz\u00e9sekt\u0151l, amelyeket \u00e9tkez\u00e9s ut\u00e1n tapasztalsz?&nbsp;Puffad\u00e1s, neh\u00e9zs\u00e9g\u00e9rzet, felf\u00fav\u00f3d\u00e1s?&nbsp;Ezek a probl\u00e9m\u00e1k megkeser\u00edthetik a mindennapjaidat, \u00e9s elvehetik t\u0151led az&nbsp;energi\u00e1t. K\u00e9pzeld el, milyen lenne, ha \u00e9tkez\u00e9s ut\u00e1n k\u00f6nny\u0171nek \u00e9s frissnek \u00e9rezn\u00e9d magad, tele vitalit\u00e1ssal.&nbsp;A Herbatica em\u00e9szt\u0151 enzimeivel ez lehets\u00e9ges!<br \/>\nAz em\u00e9szt\u0151 enzimek&nbsp;szervezet\u00fcnk sz\u00e1m\u00e1ra felt\u00e9tlen\u00fcl sz\u00fcks\u00e9gesek. Egyfajta&nbsp;\u201ekataliz\u00e1torok\u201d, amelyek a t\u00e1pl\u00e1l\u00e9kot kisebb, em\u00e9szthet\u0151 r\u00e9szekre bontj\u00e1k. N\u00e9lk\u00fcl\u00fck a test\u00fcnk nem tudn\u00e1 hat\u00e9konyan hasznos\u00edtani a t\u00e1pl\u00e1l\u00e9kb\u00f3l sz\u00e1rmaz\u00f3 t\u00e1panyagokat. Gyakran el\u0151fordul, hogy a saj\u00e1t enzimek termel\u00e9se a korral vagy az eg\u00e9szs\u00e9gtelen \u00e9letm\u00f3d hat\u00e1s\u00e1ra (alkohol, gy\u00f3gyszerek, kiegyens\u00falyozatlan \u00e9trend stb.) cs\u00f6kken, ami k\u00fcl\u00f6nf\u00e9le&nbsp;em\u00e9szt\u00e9si panaszokhoz&nbsp;&#8211;&nbsp;puffad\u00e1s, b\u00f6f\u00f6g\u00e9s, reflux, gyomor\u00e9g\u00e9s, sz\u00e9kreked\u00e9s, hasmen\u00e9s, g\u00f6rcs\u00f6k \u00e9s nyom\u00e1s\u00e9rzet a hasban stb.<br \/>\nAz em\u00e9szt\u0151 enzimeket k\u00fcl\u00f6nb\u00f6z\u0151 szervek termelik, bele\u00e9rtve a&nbsp;gyomrot, a hasny\u00e1lmirigyet \u00e9s a v\u00e9konybelet. &nbsp;Minden enzimfajta egy adott t\u00e1panyag-\u00f6sszetev\u0151 lebont\u00e1s\u00e1ra szolg\u00e1l, p\u00e9ld\u00e1ul&nbsp;feh\u00e9rj\u00e9k, zs\u00edrok, sz\u00e9nhidr\u00e1tok vagy lakt\u00f3z lebont\u00e1s\u00e1ra.<\/p>\n<p>Az eg\u00e9szs\u00e9ges&nbsp;em\u00e9szt\u00e9s&nbsp;alapja az&nbsp;\u00e1ltal\u00e1nos eg\u00e9szs\u00e9gnek, valamint a&nbsp;lelki j\u00f3ll\u00e9t\u00fcnknek. A hat\u00e9kony em\u00e9szt\u00e9s biztos\u00edtja a&nbsp;megfelel\u0151 t\u00e1panyagbevitelt,&nbsp;t\u00e1mogatja az&nbsp;immunrendszert&nbsp;\u00e9s&nbsp;hozz\u00e1j\u00e1rul a jobb hangulathoz. A leg\u00fajabb tanulm\u00e1nyok eredm\u00e9nyei meger\u0151s\u00edtik az em\u00e9szt\u00e9s \u00e9s a b\u00e9l&nbsp;mikrobiomj\u00e1nak&nbsp;jelent\u0151s hat\u00e1s\u00e1t az \u00e1ltal\u00e1nos&nbsp;immunit\u00e1sunkra, az&nbsp;agyunk&nbsp;eg\u00e9szs\u00e9g\u00e9re, valamint kognit\u00edv k\u00e9pess\u00e9geinkre \u00e9s lelki j\u00f3ll\u00e9t\u00fcnkre.<br \/>\nMi\u00e9rt v\u00e1laszd a Herbatica em\u00e9szt\u0151 enzimeit?<br \/>\nTablett\u00e1ink gondosan kiv\u00e1lasztott enzimek komplex\u00e9t tartalmazz\u00e1k, amelyek szinergikusan hatnak az em\u00e9szt\u00e9sed maxim\u00e1lis t\u00e1mogat\u00e1s\u00e1\u00e9rt. A&nbsp;konkr\u00e9t probl\u00e9m\u00e1k megold\u00e1s\u00e1ra \u00f6sszpontos\u00edtunk, amelyekkel rengeteg ember szembes\u00fcl:<\/p>\n<p>Neh\u00e9zs\u00e9g\u00e9rzet \u00e9tkez\u00e9s ut\u00e1n:&nbsp;Enzimkever\u00e9k\u00fcnk seg\u00edti a t\u00e1pl\u00e1l\u00e9k hat\u00e9kony lebont\u00e1s\u00e1t, ez\u00e1ltal cs\u00f6kkenti a telts\u00e9g- \u00e9s neh\u00e9zs\u00e9g\u00e9rzetet.<br \/>\nPuffad\u00e1s \u00e9s felf\u00fav\u00f3d\u00e1s:&nbsp;Az enzimek t\u00e1mogatj\u00e1k a helyes&nbsp;b\u00e9lfl\u00f3r\u00e1t&nbsp;\u00e9s minimaliz\u00e1lj\u00e1k a kellemetlen g\u00e1zokat.<br \/>\nEl\u00e9gtelen t\u00e1panyagfelsz\u00edv\u00f3d\u00e1s: A Herbatica em\u00e9szt\u0151 enzimeivel a legt\u00f6bbet hozod ki a t\u00e1pl\u00e1l\u00e9kb\u00f3l, ami az energia \u00e9s a vitalit\u00e1s n\u00f6veked\u00e9s\u00e9ben nyilv\u00e1nul meg.<\/p>\n<p>&nbsp;<br \/>\nA Herbatica em\u00e9szt\u0151 enzimeinek rendszeres szed\u00e9s\u00e9vel a k\u00f6vetkez\u0151&nbsp;el\u0151ny\u00f6ket nyered:<\/p>\n<p>37 nap k\u00f6nny\u0171 em\u00e9szt\u00e9s:&nbsp;Egy csomag t\u00f6bb mint egy h\u00f3napnyi k\u00e9nyelmes em\u00e9szt\u00e9sre elegend\u0151.<br \/>\nKomplex \u00f6sszet\u00e9tel:&nbsp;Az enzimek sz\u00e9les spektrum\u00e1t tartalmazza a maxim\u00e1lis hat\u00e9konys\u00e1g\u00e9rt.<br \/>\nTerm\u00e9szetes \u00f6sszet\u00e9tel:&nbsp;Felesleges adal\u00e9kanyagok \u00e9s vegyszerek n\u00e9lk\u00fcl.<br \/>\nEgyszer\u0171 adagol\u00e1s:&nbsp;Naponta csak 3 tabletta \u00e9tkez\u00e9s ut\u00e1n.<\/p>\n<p>Alkalmaz\u00e1s m\u00f3dja \u00e9s aj\u00e1nlott adagol\u00e1s:&nbsp;Naponta 3-szor vegy\u00e9l be 1 tablett\u00e1t \u00e9tkez\u00e9s ut\u00e1n, \u00f6bl\u00edtsd le elegend\u0151 mennyis\u00e9g\u0171 v\u00edzzel. Aj\u00e1nlott napi adag: 3 tabletta<\/p>\n<p>Eg\u00e9szs\u00e9g\u00fcgyi figyelmeztet\u00e9sek:&nbsp;Ne l\u00e9pd t\u00fal az el\u0151\u00edrt aj\u00e1nlott adagot. Az \u00e9trend-kieg\u00e9sz\u00edt\u0151 nem haszn\u00e1lhat\u00f3 \u00e9tkez\u00e9s helyettes\u00edt\u00e9s\u00e9re. Gyermekek el\u0151l elz\u00e1rva tartand\u00f3. Ne haszn\u00e1ld az egyes \u00f6sszetev\u0151k egy\u00e9ni intoleranci\u00e1ja vagy t\u00fal\u00e9rz\u00e9kenys\u00e9ge eset\u00e9n. Szed\u00e9se nem&nbsp;aj\u00e1nlott gyermekeknek, 18 \u00e9v alatti szem\u00e9lyeknek, terhes \u00e9s szoptat\u00f3 n\u0151knek.<br \/>\n\u00d6sszet\u00e9tel:<\/p>\n<p>Akt\u00edv hat\u00f3anyagok az ANA-ban (3 tabletta):&nbsp;Digestive Enzymes &#8211; enzimkever\u00e9k 150mg*.<br \/>\n*a referencia-beviteli \u00e9rt\u00e9k nincs meghat\u00e1rozva<br \/>\nT\u00e1rol\u00e1s:&nbsp;S\u00f6t\u00e9t helyen, gyermekek el\u0151l elz\u00e1rva, 6 \u00e9s 25 \u00baC k\u00f6z\u00f6tti h\u0151m\u00e9rs\u00e9kleten t\u00e1rold. Ne tedd ki fagynak \u00e9s nedvess\u00e9gnek.<\/p>\n<p>Kiszerel\u00e9s\/T\u00e9rfogat:&nbsp;110 tabletta<\/p>\n<p>Sz\u00e1rmaz\u00e1si orsz\u00e1g:&nbsp;India<br \/>\n&nbsp;<\/p>\n","protected":false},"excerpt":{"rendered":"<p>Em\u00e9szt\u0151&nbsp;enzimek \u2013 megb\u00edzhat\u00f3 kulcs a k\u00f6nny\u0171 \u00e9s gondtalan em\u00e9szt\u00e9shez Elf\u00e1radt\u00e1l m\u00e1r a kellemetlen hasi \u00e9rz\u00e9sekt\u0151l, amelyeket \u00e9tkez\u00e9s ut\u00e1n tapasztalsz?&nbsp;Puffad\u00e1s, neh\u00e9zs\u00e9g\u00e9rzet, felf\u00fav\u00f3d\u00e1s?&nbsp;Ezek a probl\u00e9m\u00e1k megkeser\u00edthetik a mindennapjaidat, \u00e9s elvehetik t\u0151led az&nbsp;energi\u00e1t. K\u00e9pzeld el, milyen lenne, ha \u00e9tkez\u00e9s ut\u00e1n k\u00f6nny\u0171nek \u00e9s frissnek \u00e9rezn\u00e9d magad, tele vitalit\u00e1ssal.&nbsp;A Herbatica em\u00e9szt\u0151 enzimeivel ez lehets\u00e9ges! Az em\u00e9szt\u0151 enzimek&nbsp;szervezet\u00fcnk sz\u00e1m\u00e1ra felt\u00e9tlen\u00fcl sz\u00fcks\u00e9gesek. [&hellip;]<\/p>\n","protected":false},"featured_media":477608,"template":"","meta":{"_acf_changed":false},"product_brand":[],"product_cat":[3416,3421,3380,3488],"product_tag":[],"class_list":["post-477607","product","type-product","status-publish","has-post-thumbnail","product_cat-egeszseg-termeszetes-kozmetikumok","product_cat-etrendkiegeszitok","product_cat-termeszetes-kozmetikumok","product_cat-vitaminok-es-etrendkiegeszitok","first","instock","product-type-external"],"acf":[],"_links":{"self":[{"href":"https:\/\/horgaszhely.hu\/hun\/wp-json\/wp\/v2\/product\/477607","targetHints":{"allow":["GET"]}}],"collection":[{"href":"https:\/\/horgaszhely.hu\/hun\/wp-json\/wp\/v2\/product"}],"about":[{"href":"https:\/\/horgaszhely.hu\/hun\/wp-json\/wp\/v2\/types\/product"}],"wp:featuredmedia":[{"embeddable":true,"href":"https:\/\/horgaszhely.hu\/hun\/wp-json\/wp\/v2\/media\/477608"}],"wp:attachment":[{"href":"https:\/\/horgaszhely.hu\/hun\/wp-json\/wp\/v2\/media?parent=477607"}],"wp:term":[{"taxonomy":"product_brand","embeddable":true,"href":"https:\/\/horgaszhely.hu\/hun\/wp-json\/wp\/v2\/product_brand?post=477607"},{"taxonomy":"product_cat","embeddable":true,"href":"https:\/\/horgaszhely.hu\/hun\/wp-json\/wp\/v2\/product_cat?post=477607"},{"taxonomy":"product_tag","embeddable":true,"href":"https:\/\/horgaszhely.hu\/hun\/wp-json\/wp\/v2\/product_tag?post=477607"}],"curies":[{"name":"wp","href":"https:\/\/api.w.org\/{rel}","templated":true}]}}

Emésztő enzimek – 37 nap könnyű emésztés – 110 tabletta

<p>Emésztő&nbsp;enzimek – megbízható kulcs a könnyű és gondtalan emésztéshez<br />
Elfáradtál már a kellemetlen hasi érzésektől, amelyeket étkezés után tapasztalsz?&nbsp;Puffadás, nehézségérzet, felfúvódás?&nbsp;Ezek a problémák megkeseríthetik a mindennapjaidat, és elvehetik tőled az&nbsp;energiát. Képzeld el, milyen lenne, ha étkezés után könnyűnek és frissnek éreznéd magad, tele vitalitással.&nbsp;A Herbatica emésztő enzimeivel ez lehetséges!<br />
Az emésztő enzimek&nbsp;szervezetünk számára feltétlenül szükségesek. Egyfajta&nbsp;„katalizátorok”, amelyek a táplálékot kisebb, emészthető részekre bontják. Nélkülük a testünk nem tudná hatékonyan hasznosítani a táplálékból származó tápanyagokat. Gyakran előfordul, hogy a saját enzimek termelése a korral vagy az egészségtelen életmód hatására (alkohol, gyógyszerek, kiegyensúlyozatlan étrend stb.) csökken, ami különféle&nbsp;emésztési panaszokhoz&nbsp;&#8211;&nbsp;puffadás, böfögés, reflux, gyomorégés, székrekedés, hasmenés, görcsök és nyomásérzet a hasban stb.<br />
Az emésztő enzimeket különböző szervek termelik, beleértve a&nbsp;gyomrot, a hasnyálmirigyet és a vékonybelet. &nbsp;Minden enzimfajta egy adott tápanyag-összetevő lebontására szolgál, például&nbsp;fehérjék, zsírok, szénhidrátok vagy laktóz lebontására.</p>
<p>Az egészséges&nbsp;emésztés&nbsp;alapja az&nbsp;általános egészségnek, valamint a&nbsp;lelki jóllétünknek. A hatékony emésztés biztosítja a&nbsp;megfelelő tápanyagbevitelt,&nbsp;támogatja az&nbsp;immunrendszert&nbsp;és&nbsp;hozzájárul a jobb hangulathoz. A legújabb tanulmányok eredményei megerősítik az emésztés és a bél&nbsp;mikrobiomjának&nbsp;jelentős hatását az általános&nbsp;immunitásunkra, az&nbsp;agyunk&nbsp;egészségére, valamint kognitív képességeinkre és lelki jóllétünkre.<br />
Miért válaszd a Herbatica emésztő enzimeit?<br />
Tablettáink gondosan kiválasztott enzimek komplexét tartalmazzák, amelyek szinergikusan hatnak az emésztésed maximális támogatásáért. A&nbsp;konkrét problémák megoldására összpontosítunk, amelyekkel rengeteg ember szembesül:</p>
<p>Nehézségérzet étkezés után:&nbsp;Enzimkeverékünk segíti a táplálék hatékony lebontását, ezáltal csökkenti a teltség- és nehézségérzetet.<br />
Puffadás és felfúvódás:&nbsp;Az enzimek támogatják a helyes&nbsp;bélflórát&nbsp;és minimalizálják a kellemetlen gázokat.<br />
Elégtelen tápanyagfelszívódás: A Herbatica emésztő enzimeivel a legtöbbet hozod ki a táplálékból, ami az energia és a vitalitás növekedésében nyilvánul meg.</p>
<p>&nbsp;<br />
A Herbatica emésztő enzimeinek rendszeres szedésével a következő&nbsp;előnyöket nyered:</p>
<p>37 nap könnyű emésztés:&nbsp;Egy csomag több mint egy hónapnyi kényelmes emésztésre elegendő.<br />
Komplex összetétel:&nbsp;Az enzimek széles spektrumát tartalmazza a maximális hatékonyságért.<br />
Természetes összetétel:&nbsp;Felesleges adalékanyagok és vegyszerek nélkül.<br />
Egyszerű adagolás:&nbsp;Naponta csak 3 tabletta étkezés után.</p>
<p>Alkalmazás módja és ajánlott adagolás:&nbsp;Naponta 3-szor vegyél be 1 tablettát étkezés után, öblítsd le elegendő mennyiségű vízzel. Ajánlott napi adag: 3 tabletta</p>
<p>Egészségügyi figyelmeztetések:&nbsp;Ne lépd túl az előírt ajánlott adagot. Az étrend-kiegészítő nem használható étkezés helyettesítésére. Gyermekek elől elzárva tartandó. Ne használd az egyes összetevők egyéni intoleranciája vagy túlérzékenysége esetén. Szedése nem&nbsp;ajánlott gyermekeknek, 18 év alatti személyeknek, terhes és szoptató nőknek.<br />
Összetétel:</p>
<p>Aktív hatóanyagok az ANA-ban (3 tabletta):&nbsp;Digestive Enzymes &#8211; enzimkeverék 150mg*.<br />
*a referencia-beviteli érték nincs meghatározva<br />
Tárolás:&nbsp;Sötét helyen, gyermekek elől elzárva, 6 és 25 ºC közötti hőmérsékleten tárold. Ne tedd ki fagynak és nedvességnek.</p>
<p>Kiszerelés/Térfogat:&nbsp;110 tabletta</p>
<p>Származási ország:&nbsp;India<br />
&nbsp;</p>

<p>Emésztő&nbsp;enzimek – megbízható kulcs a könnyű és gondtalan emésztéshez Elfáradtál már a kellemetlen hasi érzésektől, amelyeket étkezés után tapasztalsz?&nbsp;Puffadás, nehézségérzet, felfúvódás?&nbsp;Ezek a problémák megkeseríthetik a mindennapjaidat, és elvehetik tőled az&nbsp;energiát. Képzeld el, milyen lenne, ha étkezés után könnyűnek és frissnek éreznéd magad, tele vitalitással.&nbsp;A Herbatica emésztő enzimeivel ez lehetséges! Az emésztő enzimek&nbsp;szervezetünk számára feltétlenül szükségesek. [&hellip;]</p>
