{"id":477665,"date":"2026-09-05T02:04:32","date_gmt":"2026-09-05T00:04:32","guid":{"rendered":"https:\/\/horgaszhely.hu\/hun\/termek\/cukorkak-propolisszal-mentollal-es-citromfuvel-6-db-19-g\/"},"modified":"2026-09-05T02:04:35","modified_gmt":"2026-09-05T00:04:35","slug":"cukorkak-propolisszal-mentollal-es-citromfuvel-6-db-19-g","status":"publish","type":"product","link":"https:\/\/horgaszhely.hu\/hun\/termek\/cukorkak-propolisszal-mentollal-es-citromfuvel-6-db-19-g\/","title":{"rendered":"Cukork\u00e1k propolisszal, mentollal \u00e9s citromf\u0171vel &#8211; 6 db\/19 g"},"content":{"rendered":"<p>Cukork\u00e1k&nbsp;propolisszal, mentollal \u00e9s citromf\u0171vel \u2013 friss\u00edt\u0151 pasztill\u00e1k term\u00e9szetes \u00f6sszetev\u0151kkel<br \/>\nAz ELEO cukork\u00e1k propolisszal, mentollal \u00e9s citromf\u0171vel&nbsp;hagyom\u00e1nyos term\u00e9szetes \u00f6sszetev\u0151k harmonikus tal\u00e1lkoz\u00e1s\u00e1t k\u00edn\u00e1lj\u00e1k praktikus pasztilla form\u00e1ban. A&nbsp;propolisz, a mentol \u00e9s az&nbsp;orvosi&nbsp;citromf\u0171&nbsp;kombin\u00e1ci\u00f3ja kellemes, friss\u00edt\u0151 karakter\u0171 gy\u00f3gyn\u00f6v\u00e9nyes \u00edzt eredm\u00e9nyez. A pasztill\u00e1k mindennapi haszn\u00e1latra alkalmasak, \u00e9s a kompakt csomagol\u00e1snak k\u00f6sz\u00f6nhet\u0151en mindig magadn\u00e1l tarthatod \u0151ket.<br \/>\nA term\u00e9k n\u00f6v\u00e9nyi bioakt\u00edv \u00f6sszetev\u0151ket tartalmaz, \u00e9s mindazoknak k\u00e9sz\u00fclt, akik kedvelik a propoliszt \u00e9s a&nbsp;gy\u00f3gyn\u00f6v\u00e9nykivonatokat tartalmaz\u00f3 term\u00e9keket. A praktikus pasztilla forma egyszer\u0171 haszn\u00e1latot tesz lehet\u0151v\u00e9 a nap folyam\u00e1n.<br \/>\nA term\u00e9k hat\u00e1sai \u00e9s el\u0151nyei<\/p>\n<p>Propoliszt tartalmaz&nbsp;\u2013 hagyom\u00e1nyosan haszn\u00e1lt m\u00e9h\u00e9szeti term\u00e9k.<br \/>\nMentollal&nbsp;\u2013 kellemesen friss\u00edt\u0151 \u00e9rz\u00e9st ny\u00fajt.<br \/>\nOrvosi citromf\u00fcvet tartalmaz&nbsp;\u2013 j\u00f3l ismert arom\u00e1s gy\u00f3gyn\u00f6v\u00e9ny.<br \/>\nPraktikus pasztilla forma&nbsp;\u2013 otthoni haszn\u00e1latra \u00e9s utaz\u00e1shoz egyar\u00e1nt.<br \/>\nN\u00f6v\u00e9nyi bioakt\u00edv \u00f6sszetev\u0151ket tartalmaz.<br \/>\nKellemes gy\u00f3gyn\u00f6v\u00e9nyes \u00edz&nbsp;friss\u00edt\u0151 karakterrel.<br \/>\nEgyszer\u0171, ig\u00e9ny szerinti adagol\u00e1s.<\/p>\n<p>Kinek aj\u00e1nljuk a cukork\u00e1kat<br \/>\nA pasztill\u00e1k feln\u0151tteknek \u00e9s nagyobb gyermekeknek aj\u00e1nlottak, akik kedvelik a m\u00e9h\u00e9szeti \u00e9s gy\u00f3gyn\u00f6v\u00e9nyes \u00f6sszetev\u0151ket tartalmaz\u00f3 term\u00e9keket. K\u00fcl\u00f6n\u00f6sen azok \u00f6r\u00fclnek majd nekik, akik mentolos, term\u00e9szetes n\u00f6v\u00e9nyi \u00f6sszetev\u0151kkel k\u00e9sz\u00fclt friss\u00edt\u0151 cukork\u00e1kat keresnek.<br \/>\nAkt\u00edv hat\u00f3anyagok<br \/>\nA propolisz&nbsp;a m\u00e9hek \u00e1ltal termelt term\u00e9szetes anyag, amely a hagyom\u00e1nyosan haszn\u00e1lt m\u00e9h\u00e9szeti term\u00e9kek k\u00f6z\u00e9 tartozik. Term\u00e9szetes bioakt\u00edv vegy\u00fcleteinek tartalma miatt nagyra \u00e9rt\u00e9kelik.<br \/>\nA mentol&nbsp;jellegzetesen friss \u00edzt \u00e9s kellemesen h\u0171s\u00edt\u0151 \u00e9rz\u00e9st k\u00f6lcs\u00f6n\u00f6z a pasztill\u00e1knak.<br \/>\nAz orvosi citromf\u0171 (Melissa officinalis)&nbsp;finom citromos illat\u00fa arom\u00e1s gy\u00f3gyn\u00f6v\u00e9ny, amelyet hagyom\u00e1nyosan gy\u00f3gyn\u00f6v\u00e9nyes term\u00e9kekben \u00e9s teakever\u00e9kekben haszn\u00e1lnak.<br \/>\nA n\u00f6v\u00e9nyi bioakt\u00edv \u00f6sszetev\u0151k&nbsp;kieg\u00e9sz\u00edtik a term\u00e9k recept\u00far\u00e1j\u00e1t, \u00e9s hozz\u00e1j\u00e1rulnak jellegzetes \u00edz\u00e9hez.<br \/>\nHaszn\u00e1lati \u00fatmutat\u00f3<br \/>\nAj\u00e1nlott haszn\u00e1lat:&nbsp;Hagyj elolvadni a sz\u00e1dban 1 pasztill\u00e1t ig\u00e9ny szerint.<br \/>\nA term\u00e9k k\u00f6zvetlen fogyaszt\u00e1sra val\u00f3.<br \/>\nTipp a m\u00e9g jobb \u00e9lm\u00e9nyhez<\/p>\n<p>Hagyd a pasztill\u00e1t lassan elolvadni a sz\u00e1dban, hogy \u00edze teljesen kibontakozhasson.<br \/>\nTartsd magadn\u00e1l a csomagot a munkanap vagy az utaz\u00e1s sor\u00e1n.<br \/>\nSz\u00e1raz helyen t\u00e1rold, \u00f3vd a nedvess\u00e9gt\u0151l.<\/p>\n<p>T\u00e1rol\u00e1s<br \/>\nSz\u00e1raz helyen t\u00e1rold. \u00d3vd a nedvess\u00e9gt\u0151l \u00e9s a k\u00f6zvetlen napf\u00e9nyt\u0151l. Gyermekek el\u0151l elz\u00e1rva tartand\u00f3.<br \/>\nBiztons\u00e1gi figyelmeztet\u00e9sek<br \/>\nNe haszn\u00e1ld, ha a term\u00e9k b\u00e1rmely \u00f6sszetev\u0151j\u00e9re \u00e9rz\u00e9keny vagy. A m\u00e9h\u00e9szeti term\u00e9kekre&nbsp;allergi\u00e1s&nbsp;szem\u00e9lyek \u00f3vatosan haszn\u00e1lj\u00e1k. Allergi\u00e1s reakci\u00f3 eset\u00e9n hagyd abba a haszn\u00e1lat\u00e1t, \u00e9s fordulj orvoshoz. Gyermekek el\u0151l elz\u00e1rva tartand\u00f3.<br \/>\nA term\u00e9k el\u0151nyei<\/p>\n<p>Propoliszt, mentolt \u00e9s citromf\u00fcvet tartalmaz<br \/>\nKellemes gy\u00f3gyn\u00f6v\u00e9nyes, friss\u00edt\u0151 \u00edz<br \/>\nTerm\u00e9szetes n\u00f6v\u00e9nyi \u00f6sszetev\u0151ket tartalmaz<br \/>\nPraktikus csomagol\u00e1s utaz\u00e1shoz<br \/>\nEgyszer\u0171, ig\u00e9ny szerinti haszn\u00e1lat<br \/>\nA gy\u00f3gyn\u00f6v\u00e9nyes term\u00e9kek kedvel\u0151inek ide\u00e1lis<br \/>\nKompakt csomagol\u00e1s 6 pasztill\u00e1val<\/p>\n<p>A csomag tartalma:&nbsp;6 pasztilla \/ 19 g<\/p>\n","protected":false},"excerpt":{"rendered":"<p>Cukork\u00e1k&nbsp;propolisszal, mentollal \u00e9s citromf\u0171vel \u2013 friss\u00edt\u0151 pasztill\u00e1k term\u00e9szetes \u00f6sszetev\u0151kkel Az ELEO cukork\u00e1k propolisszal, mentollal \u00e9s citromf\u0171vel&nbsp;hagyom\u00e1nyos term\u00e9szetes \u00f6sszetev\u0151k harmonikus tal\u00e1lkoz\u00e1s\u00e1t k\u00edn\u00e1lj\u00e1k praktikus pasztilla form\u00e1ban. A&nbsp;propolisz, a mentol \u00e9s az&nbsp;orvosi&nbsp;citromf\u0171&nbsp;kombin\u00e1ci\u00f3ja kellemes, friss\u00edt\u0151 karakter\u0171 gy\u00f3gyn\u00f6v\u00e9nyes \u00edzt eredm\u00e9nyez. A pasztill\u00e1k mindennapi haszn\u00e1latra alkalmasak, \u00e9s a kompakt csomagol\u00e1snak k\u00f6sz\u00f6nhet\u0151en mindig magadn\u00e1l tarthatod \u0151ket. A term\u00e9k n\u00f6v\u00e9nyi bioakt\u00edv \u00f6sszetev\u0151ket tartalmaz, [&hellip;]<\/p>\n","protected":false},"featured_media":477666,"template":"","meta":{"_acf_changed":false},"product_brand":[],"product_cat":[3502,3416,3417,3465,3380],"product_tag":[],"class_list":["post-477665","product","type-product","status-publish","has-post-thumbnail","product_cat-cukorkak","product_cat-egeszseg-termeszetes-kozmetikumok","product_cat-elelmiszerek-es-italok","product_cat-nassolnivalok","product_cat-termeszetes-kozmetikumok","first","instock","product-type-external"],"acf":[],"_links":{"self":[{"href":"https:\/\/horgaszhely.hu\/hun\/wp-json\/wp\/v2\/product\/477665","targetHints":{"allow":["GET"]}}],"collection":[{"href":"https:\/\/horgaszhely.hu\/hun\/wp-json\/wp\/v2\/product"}],"about":[{"href":"https:\/\/horgaszhely.hu\/hun\/wp-json\/wp\/v2\/types\/product"}],"wp:featuredmedia":[{"embeddable":true,"href":"https:\/\/horgaszhely.hu\/hun\/wp-json\/wp\/v2\/media\/477666"}],"wp:attachment":[{"href":"https:\/\/horgaszhely.hu\/hun\/wp-json\/wp\/v2\/media?parent=477665"}],"wp:term":[{"taxonomy":"product_brand","embeddable":true,"href":"https:\/\/horgaszhely.hu\/hun\/wp-json\/wp\/v2\/product_brand?post=477665"},{"taxonomy":"product_cat","embeddable":true,"href":"https:\/\/horgaszhely.hu\/hun\/wp-json\/wp\/v2\/product_cat?post=477665"},{"taxonomy":"product_tag","embeddable":true,"href":"https:\/\/horgaszhely.hu\/hun\/wp-json\/wp\/v2\/product_tag?post=477665"}],"curies":[{"name":"wp","href":"https:\/\/api.w.org\/{rel}","templated":true}]}}

Cukorkák propolisszal, mentollal és citromfűvel &#8211; 6 db/19 g

<p>Cukorkák&nbsp;propolisszal, mentollal és citromfűvel – frissítő pasztillák természetes összetevőkkel<br />
Az ELEO cukorkák propolisszal, mentollal és citromfűvel&nbsp;hagyományos természetes összetevők harmonikus találkozását kínálják praktikus pasztilla formában. A&nbsp;propolisz, a mentol és az&nbsp;orvosi&nbsp;citromfű&nbsp;kombinációja kellemes, frissítő karakterű gyógynövényes ízt eredményez. A pasztillák mindennapi használatra alkalmasak, és a kompakt csomagolásnak köszönhetően mindig magadnál tarthatod őket.<br />
A termék növényi bioaktív összetevőket tartalmaz, és mindazoknak készült, akik kedvelik a propoliszt és a&nbsp;gyógynövénykivonatokat tartalmazó termékeket. A praktikus pasztilla forma egyszerű használatot tesz lehetővé a nap folyamán.<br />
A termék hatásai és előnyei</p>
<p>Propoliszt tartalmaz&nbsp;– hagyományosan használt méhészeti termék.<br />
Mentollal&nbsp;– kellemesen frissítő érzést nyújt.<br />
Orvosi citromfüvet tartalmaz&nbsp;– jól ismert aromás gyógynövény.<br />
Praktikus pasztilla forma&nbsp;– otthoni használatra és utazáshoz egyaránt.<br />
Növényi bioaktív összetevőket tartalmaz.<br />
Kellemes gyógynövényes íz&nbsp;frissítő karakterrel.<br />
Egyszerű, igény szerinti adagolás.</p>
<p>Kinek ajánljuk a cukorkákat<br />
A pasztillák felnőtteknek és nagyobb gyermekeknek ajánlottak, akik kedvelik a méhészeti és gyógynövényes összetevőket tartalmazó termékeket. Különösen azok örülnek majd nekik, akik mentolos, természetes növényi összetevőkkel készült frissítő cukorkákat keresnek.<br />
Aktív hatóanyagok<br />
A propolisz&nbsp;a méhek által termelt természetes anyag, amely a hagyományosan használt méhészeti termékek közé tartozik. Természetes bioaktív vegyületeinek tartalma miatt nagyra értékelik.<br />
A mentol&nbsp;jellegzetesen friss ízt és kellemesen hűsítő érzést kölcsönöz a pasztilláknak.<br />
Az orvosi citromfű (Melissa officinalis)&nbsp;finom citromos illatú aromás gyógynövény, amelyet hagyományosan gyógynövényes termékekben és teakeverékekben használnak.<br />
A növényi bioaktív összetevők&nbsp;kiegészítik a termék receptúráját, és hozzájárulnak jellegzetes ízéhez.<br />
Használati útmutató<br />
Ajánlott használat:&nbsp;Hagyj elolvadni a szádban 1 pasztillát igény szerint.<br />
A termék közvetlen fogyasztásra való.<br />
Tipp a még jobb élményhez</p>
<p>Hagyd a pasztillát lassan elolvadni a szádban, hogy íze teljesen kibontakozhasson.<br />
Tartsd magadnál a csomagot a munkanap vagy az utazás során.<br />
Száraz helyen tárold, óvd a nedvességtől.</p>
<p>Tárolás<br />
Száraz helyen tárold. Óvd a nedvességtől és a közvetlen napfénytől. Gyermekek elől elzárva tartandó.<br />
Biztonsági figyelmeztetések<br />
Ne használd, ha a termék bármely összetevőjére érzékeny vagy. A méhészeti termékekre&nbsp;allergiás&nbsp;személyek óvatosan használják. Allergiás reakció esetén hagyd abba a használatát, és fordulj orvoshoz. Gyermekek elől elzárva tartandó.<br />
A termék előnyei</p>
<p>Propoliszt, mentolt és citromfüvet tartalmaz<br />
Kellemes gyógynövényes, frissítő íz<br />
Természetes növényi összetevőket tartalmaz<br />
Praktikus csomagolás utazáshoz<br />
Egyszerű, igény szerinti használat<br />
A gyógynövényes termékek kedvelőinek ideális<br />
Kompakt csomagolás 6 pasztillával</p>
<p>A csomag tartalma:&nbsp;6 pasztilla / 19 g</p>

<p>Cukorkák&nbsp;propolisszal, mentollal és citromfűvel – frissítő pasztillák természetes összetevőkkel Az ELEO cukorkák propolisszal, mentollal és citromfűvel&nbsp;hagyományos természetes összetevők harmonikus találkozását kínálják praktikus pasztilla formában. A&nbsp;propolisz, a mentol és az&nbsp;orvosi&nbsp;citromfű&nbsp;kombinációja kellemes, frissítő karakterű gyógynövényes ízt eredményez. A pasztillák mindennapi használatra alkalmasak, és a kompakt csomagolásnak köszönhetően mindig magadnál tarthatod őket. A termék növényi bioaktív összetevőket tartalmaz, [&hellip;]</p>
