{"id":477669,"date":"2026-08-29T20:09:21","date_gmt":"2026-08-29T18:09:21","guid":{"rendered":"https:\/\/horgaszhely.hu\/hun\/termek\/karamellcukorkak-jegenyefenyo-kivonattal-6-db-19-g\/"},"modified":"2026-08-29T20:09:53","modified_gmt":"2026-08-29T18:09:53","slug":"karamellcukorkak-jegenyefenyo-kivonattal-6-db-19-g","status":"publish","type":"product","link":"https:\/\/horgaszhely.hu\/hun\/termek\/karamellcukorkak-jegenyefenyo-kivonattal-6-db-19-g\/","title":{"rendered":"Karamellcukork\u00e1k jegenyefeny\u0151-kivonattal &#8211; 6 db\/19 g"},"content":{"rendered":"<p>Karamellcukork\u00e1k jegenyefeny\u0151-kivonattal \u2013 az erd\u0151 friss \u00edze praktikus pasztill\u00e1kban<br \/>\nAz ELEO karamellcukork\u00e1k jegenyefeny\u0151-kivonattal&nbsp;term\u00e9szetes&nbsp;jegenyefeny\u0151-kivonatot tartalmaznak, amely jellegzetesen friss, erdei \u00edzt \u00e9s arom\u00e1t k\u00f6lcs\u00f6n\u00f6z nekik. Az egyszer\u0171 \u00f6sszet\u00e9telnek \u00e9s a term\u00e9szetes n\u00f6v\u00e9nyi \u00f6sszetev\u0151knek k\u00f6sz\u00f6nhet\u0151en \u00e9rdekes alternat\u00edv\u00e1t jelentenek a klasszikus cukork\u00e1k helyett.<br \/>\nA cukork\u00e1k napk\u00f6zbeni, mindennapi haszn\u00e1latra alkalmasak. A praktikus csomagol\u00e1s 6 karamellpasztill\u00e1t tartalmaz, amelyeket magaddal vihetsz a munk\u00e1ba, az iskol\u00e1ba vagy utaz\u00e1shoz. A term\u00e9k nem tartalmaz tart\u00f3s\u00edt\u00f3szereket, mesters\u00e9ges sz\u00ednez\u00e9keket \u00e9s \u00edzfokoz\u00f3kat.<br \/>\nA term\u00e9k hat\u00e1sai \u00e9s el\u0151nyei<\/p>\n<p>Jegenyefeny\u0151-kivonatot tartalmaz&nbsp;\u2013 hagyom\u00e1nyosan haszn\u00e1lt n\u00f6v\u00e9nyi \u00f6sszetev\u0151.<br \/>\nEredeti erdei \u00edz&nbsp;kellemesen friss arom\u00e1val.<br \/>\nTart\u00f3s\u00edt\u00f3szer-mentes&nbsp;\u2013 egyszer\u0171 \u00f6sszet\u00e9tel felesleges adal\u00e9kok n\u00e9lk\u00fcl.<br \/>\nMesters\u00e9ges sz\u00ednez\u00e9kekt\u0151l \u00e9s \u00edzfokoz\u00f3kt\u00f3l mentes.<br \/>\nTerm\u00e9szetes n\u00f6v\u00e9nyi \u00f6sszetev\u0151ket tartalmaz.<br \/>\nPraktikus csomagol\u00e1s&nbsp;mindennapi hordoz\u00e1sra.<br \/>\nFeln\u0151tteknek \u00e9s nagyobb gyermekeknek egyar\u00e1nt megfelel\u0151.<\/p>\n<p>Kinek aj\u00e1nljuk a cukork\u00e1kat<br \/>\nA term\u00e9k a term\u00e9szetes, erdei \u00edzek minden kedvel\u0151j\u00e9nek j\u00f3 v\u00e1laszt\u00e1s. Azok \u00f6r\u00fclnek majd neki igaz\u00e1n, akik n\u00f6v\u00e9nyi kivonatokat tartalmaz\u00f3 cukork\u00e1kat keresnek, \u00e9s sz\u00edvesen k\u00e9nyeztetik magukat egy k\u00fcl\u00f6nleges \u00edz\u00e9lm\u00e9nnyel a nap folyam\u00e1n.<br \/>\nAkt\u00edv hat\u00f3anyag \u2013 jegenyefeny\u0151-kivonat<br \/>\nA jegenyefeny\u0151-kivonat&nbsp;a jegenyefeny\u0151b\u0151l nyert term\u00e9szetes n\u00f6v\u00e9nyi \u00f6sszetev\u0151. Jellegzetesen friss illat \u00e9s \u00edz jellemzi, amely a tiszta erdei k\u00f6rnyezetet id\u00e9zi. A t\u0171level\u0171 f\u00e1k kivonatai hagyom\u00e1nyosan a kedvelt n\u00f6v\u00e9nyi \u00f6sszetev\u0151k k\u00f6z\u00e9 tartoznak, amelyeket k\u00fcl\u00f6nf\u00e9le \u00e9lelmiszerekben \u00e9s gy\u00f3gyn\u00f6v\u00e9nyes term\u00e9kekben haszn\u00e1lnak.<br \/>\nHaszn\u00e1lati \u00fatmutat\u00f3<br \/>\nA cukork\u00e1k k\u00f6zvetlen fogyaszt\u00e1sra val\u00f3k. Fogyaszd \u0151ket ig\u00e9ny szerint, v\u00e1ltozatos \u00e9s kiegyens\u00falyozott \u00e9trend r\u00e9szek\u00e9nt.<br \/>\nTipp a m\u00e9g jobb \u00e9lm\u00e9nyhez<\/p>\n<p>Hagyd a cukork\u00e1t lassan elolvadni a sz\u00e1dban, hogy \u00edze \u00e9s arom\u00e1ja teljesen kibontakozhasson.<br \/>\nTartsd magadn\u00e1l a csomagot utaz\u00e1s vagy a munkanap sor\u00e1n.<br \/>\nA frissess\u00e9g meg\u0151rz\u00e9s\u00e9hez sz\u00e1raz helyen, az aj\u00e1nlott h\u0151m\u00e9rs\u00e9kleten t\u00e1rold.<\/p>\n<p>T\u00e1rol\u00e1s<br \/>\n+5 \u00b0C \u00e9s +25 \u00b0C k\u00f6z\u00f6tti h\u0151m\u00e9rs\u00e9kleten, legfeljebb 75%-os relat\u00edv p\u00e1ratartalom mellett t\u00e1rold. \u00d3vd a k\u00f6zvetlen napf\u00e9nyt\u0151l \u00e9s a nedvess\u00e9gt\u0151l.<br \/>\nBiztons\u00e1gi figyelmeztet\u00e9sek<br \/>\nGyermekek el\u0151l elz\u00e1rva tartand\u00f3. Ha a term\u00e9k valamely \u00f6sszetev\u0151j\u00e9re \u00e9rz\u00e9keny vagy, hagyd abba a haszn\u00e1lat\u00e1t vagy fogyaszt\u00e1s\u00e1t. A term\u00e9k nem helyettes\u00edti a v\u00e1ltozatos, kiegyens\u00falyozott \u00e9trendet \u00e9s az eg\u00e9szs\u00e9ges \u00e9letm\u00f3dot.<br \/>\nA term\u00e9k el\u0151nyei<\/p>\n<p>Term\u00e9szetes jegenyefeny\u0151-kivonatot tartalmaz<br \/>\nEredeti erdei \u00edz \u00e9s aroma<br \/>\nTart\u00f3s\u00edt\u00f3szer-mentes<br \/>\nMesters\u00e9ges sz\u00ednez\u00e9kekt\u0151l mentes<br \/>\n\u00cdzfokoz\u00f3kt\u00f3l mentes<br \/>\nTerm\u00e9szetes n\u00f6v\u00e9nyi \u00f6sszetev\u0151ket tartalmaz<br \/>\nPraktikus csomagol\u00e1s utaz\u00e1shoz<\/p>\n<p>A csomag tartalma:&nbsp;6 cukorka \/ 19 g<br \/>\nT\u00e1p\u00e9rt\u00e9kadatok 100 g-ban:&nbsp;Sz\u00e9nhidr\u00e1t 97 g; Energia\u00e9rt\u00e9k 1630 kJ \/ 390 kcal.<\/p>\n","protected":false},"excerpt":{"rendered":"<p>Karamellcukork\u00e1k jegenyefeny\u0151-kivonattal \u2013 az erd\u0151 friss \u00edze praktikus pasztill\u00e1kban Az ELEO karamellcukork\u00e1k jegenyefeny\u0151-kivonattal&nbsp;term\u00e9szetes&nbsp;jegenyefeny\u0151-kivonatot tartalmaznak, amely jellegzetesen friss, erdei \u00edzt \u00e9s arom\u00e1t k\u00f6lcs\u00f6n\u00f6z nekik. Az egyszer\u0171 \u00f6sszet\u00e9telnek \u00e9s a term\u00e9szetes n\u00f6v\u00e9nyi \u00f6sszetev\u0151knek k\u00f6sz\u00f6nhet\u0151en \u00e9rdekes alternat\u00edv\u00e1t jelentenek a klasszikus cukork\u00e1k helyett. A cukork\u00e1k napk\u00f6zbeni, mindennapi haszn\u00e1latra alkalmasak. A praktikus csomagol\u00e1s 6 karamellpasztill\u00e1t tartalmaz, amelyeket magaddal vihetsz a [&hellip;]<\/p>\n","protected":false},"featured_media":477670,"template":"","meta":{"_acf_changed":false},"product_brand":[],"product_cat":[3502,3416,3417,3465,3380],"product_tag":[],"class_list":["post-477669","product","type-product","status-publish","has-post-thumbnail","product_cat-cukorkak","product_cat-egeszseg-termeszetes-kozmetikumok","product_cat-elelmiszerek-es-italok","product_cat-nassolnivalok","product_cat-termeszetes-kozmetikumok","first","instock","product-type-external"],"acf":[],"_links":{"self":[{"href":"https:\/\/horgaszhely.hu\/hun\/wp-json\/wp\/v2\/product\/477669","targetHints":{"allow":["GET"]}}],"collection":[{"href":"https:\/\/horgaszhely.hu\/hun\/wp-json\/wp\/v2\/product"}],"about":[{"href":"https:\/\/horgaszhely.hu\/hun\/wp-json\/wp\/v2\/types\/product"}],"wp:featuredmedia":[{"embeddable":true,"href":"https:\/\/horgaszhely.hu\/hun\/wp-json\/wp\/v2\/media\/477670"}],"wp:attachment":[{"href":"https:\/\/horgaszhely.hu\/hun\/wp-json\/wp\/v2\/media?parent=477669"}],"wp:term":[{"taxonomy":"product_brand","embeddable":true,"href":"https:\/\/horgaszhely.hu\/hun\/wp-json\/wp\/v2\/product_brand?post=477669"},{"taxonomy":"product_cat","embeddable":true,"href":"https:\/\/horgaszhely.hu\/hun\/wp-json\/wp\/v2\/product_cat?post=477669"},{"taxonomy":"product_tag","embeddable":true,"href":"https:\/\/horgaszhely.hu\/hun\/wp-json\/wp\/v2\/product_tag?post=477669"}],"curies":[{"name":"wp","href":"https:\/\/api.w.org\/{rel}","templated":true}]}}

Karamellcukorkák jegenyefenyő-kivonattal &#8211; 6 db/19 g

<p>Karamellcukorkák jegenyefenyő-kivonattal – az erdő friss íze praktikus pasztillákban<br />
Az ELEO karamellcukorkák jegenyefenyő-kivonattal&nbsp;természetes&nbsp;jegenyefenyő-kivonatot tartalmaznak, amely jellegzetesen friss, erdei ízt és aromát kölcsönöz nekik. Az egyszerű összetételnek és a természetes növényi összetevőknek köszönhetően érdekes alternatívát jelentenek a klasszikus cukorkák helyett.<br />
A cukorkák napközbeni, mindennapi használatra alkalmasak. A praktikus csomagolás 6 karamellpasztillát tartalmaz, amelyeket magaddal vihetsz a munkába, az iskolába vagy utazáshoz. A termék nem tartalmaz tartósítószereket, mesterséges színezékeket és ízfokozókat.<br />
A termék hatásai és előnyei</p>
<p>Jegenyefenyő-kivonatot tartalmaz&nbsp;– hagyományosan használt növényi összetevő.<br />
Eredeti erdei íz&nbsp;kellemesen friss aromával.<br />
Tartósítószer-mentes&nbsp;– egyszerű összetétel felesleges adalékok nélkül.<br />
Mesterséges színezékektől és ízfokozóktól mentes.<br />
Természetes növényi összetevőket tartalmaz.<br />
Praktikus csomagolás&nbsp;mindennapi hordozásra.<br />
Felnőtteknek és nagyobb gyermekeknek egyaránt megfelelő.</p>
<p>Kinek ajánljuk a cukorkákat<br />
A termék a természetes, erdei ízek minden kedvelőjének jó választás. Azok örülnek majd neki igazán, akik növényi kivonatokat tartalmazó cukorkákat keresnek, és szívesen kényeztetik magukat egy különleges ízélménnyel a nap folyamán.<br />
Aktív hatóanyag – jegenyefenyő-kivonat<br />
A jegenyefenyő-kivonat&nbsp;a jegenyefenyőből nyert természetes növényi összetevő. Jellegzetesen friss illat és íz jellemzi, amely a tiszta erdei környezetet idézi. A tűlevelű fák kivonatai hagyományosan a kedvelt növényi összetevők közé tartoznak, amelyeket különféle élelmiszerekben és gyógynövényes termékekben használnak.<br />
Használati útmutató<br />
A cukorkák közvetlen fogyasztásra valók. Fogyaszd őket igény szerint, változatos és kiegyensúlyozott étrend részeként.<br />
Tipp a még jobb élményhez</p>
<p>Hagyd a cukorkát lassan elolvadni a szádban, hogy íze és aromája teljesen kibontakozhasson.<br />
Tartsd magadnál a csomagot utazás vagy a munkanap során.<br />
A frissesség megőrzéséhez száraz helyen, az ajánlott hőmérsékleten tárold.</p>
<p>Tárolás<br />
+5 °C és +25 °C közötti hőmérsékleten, legfeljebb 75%-os relatív páratartalom mellett tárold. Óvd a közvetlen napfénytől és a nedvességtől.<br />
Biztonsági figyelmeztetések<br />
Gyermekek elől elzárva tartandó. Ha a termék valamely összetevőjére érzékeny vagy, hagyd abba a használatát vagy fogyasztását. A termék nem helyettesíti a változatos, kiegyensúlyozott étrendet és az egészséges életmódot.<br />
A termék előnyei</p>
<p>Természetes jegenyefenyő-kivonatot tartalmaz<br />
Eredeti erdei íz és aroma<br />
Tartósítószer-mentes<br />
Mesterséges színezékektől mentes<br />
Ízfokozóktól mentes<br />
Természetes növényi összetevőket tartalmaz<br />
Praktikus csomagolás utazáshoz</p>
<p>A csomag tartalma:&nbsp;6 cukorka / 19 g<br />
Tápértékadatok 100 g-ban:&nbsp;Szénhidrát 97 g; Energiaérték 1630 kJ / 390 kcal.</p>

<p>Karamellcukorkák jegenyefenyő-kivonattal – az erdő friss íze praktikus pasztillákban Az ELEO karamellcukorkák jegenyefenyő-kivonattal&nbsp;természetes&nbsp;jegenyefenyő-kivonatot tartalmaznak, amely jellegzetesen friss, erdei ízt és aromát kölcsönöz nekik. Az egyszerű összetételnek és a természetes növényi összetevőknek köszönhetően érdekes alternatívát jelentenek a klasszikus cukorkák helyett. A cukorkák napközbeni, mindennapi használatra alkalmasak. A praktikus csomagolás 6 karamellpasztillát tartalmaz, amelyeket magaddal vihetsz a [&hellip;]</p>
