{"id":477671,"date":"2026-08-29T20:09:21","date_gmt":"2026-08-29T18:09:21","guid":{"rendered":"https:\/\/horgaszhely.hu\/hun\/termek\/karamellcukorkak-grepfruttal-es-feketekomeny-olajjal-6-db-19-g\/"},"modified":"2026-08-29T20:09:54","modified_gmt":"2026-08-29T18:09:54","slug":"karamellcukorkak-grepfruttal-es-feketekomeny-olajjal-6-db-19-g","status":"publish","type":"product","link":"https:\/\/horgaszhely.hu\/hun\/termek\/karamellcukorkak-grepfruttal-es-feketekomeny-olajjal-6-db-19-g\/","title":{"rendered":"Karamellcukork\u00e1k gr\u00e9pfr\u00fattal \u00e9s feketek\u00f6m\u00e9ny-olajjal &#8211; 6 db\/19 g"},"content":{"rendered":"<p>Karamellcukork\u00e1k gr\u00e9pfr\u00fattal \u00e9s&nbsp;feketek\u00f6m\u00e9ny-olajjal&nbsp;\u2013 term\u00e9szetes \u00f6sszetev\u0151k friss\u00edt\u0151 kombin\u00e1ci\u00f3ja<br \/>\nAz ELEO karamellcukork\u00e1k gr\u00e9pfr\u00fattal \u00e9s feketek\u00f6m\u00e9ny-olajjal&nbsp;a friss\u00edt\u0151 citrusos \u00edz \u00e9s a hagyom\u00e1nyosan haszn\u00e1lt n\u00f6v\u00e9nyi \u00f6sszetev\u0151k egyed\u00fcl\u00e1ll\u00f3 tal\u00e1lkoz\u00e1s\u00e1t k\u00edn\u00e1lj\u00e1k. Tartalmaznak&nbsp;feketek\u00f6m\u00e9ny-olajat (Nigella sativa),&nbsp;gr\u00e9pfr\u00fat-ill\u00f3olajat&nbsp;&nbsp;\u00e9s tov\u00e1bbi n\u00f6v\u00e9nyi \u00f6sszetev\u0151ket, amelyek kellemes \u00edz\u00e9lm\u00e9nyt teremtenek.<br \/>\nA pasztill\u00e1k mindennapi haszn\u00e1latra alkalmasak a nap folyam\u00e1n, otthon, a munkahelyen vagy \u00fatk\u00f6zben. A praktikus csomagol\u00e1s 6 cukork\u00e1t tartalmaz, \u00e9s m\u00e9ret\u00e9nek k\u00f6sz\u00f6nhet\u0151en k\u00f6nnyen elf\u00e9r a zsebedben vagy a t\u00e1sk\u00e1dban.<br \/>\nA term\u00e9k hat\u00e1sai \u00e9s el\u0151nyei<\/p>\n<p>Feketek\u00f6m\u00e9ny-olajat tartalmaz&nbsp;\u2013 hagyom\u00e1nyosan haszn\u00e1lt n\u00f6v\u00e9nyi alapanyag.<br \/>\nGr\u00e9pfr\u00fat-ill\u00f3olajjal&nbsp;\u2013 friss citrusos \u00edzt \u00e9s arom\u00e1t ad.<br \/>\nPraktikus pasztilla forma&nbsp;\u2013 egyszer\u0171 haszn\u00e1lat b\u00e1rhol a nap folyam\u00e1n.<br \/>\nN\u00f6v\u00e9nyi bioakt\u00edv \u00f6sszetev\u0151ket tartalmaz.<br \/>\nEredeti \u00edzkombin\u00e1ci\u00f3&nbsp;\u2013 a finom \u00e9dess\u00e9get citrusos frissess\u00e9ggel \u00f6tv\u00f6zi.<br \/>\nMindennapi haszn\u00e1latra alkalmas.<\/p>\n<p>Kinek aj\u00e1nljuk a cukork\u00e1kat<br \/>\nA term\u00e9k feln\u0151tteknek \u00e9s nagyobb gyermekeknek k\u00e9sz\u00fclt, akik kedvelik a k\u00fcl\u00f6nleges \u00edzkombin\u00e1ci\u00f3kat, \u00e9s sz\u00edvesen v\u00e1lasztanak term\u00e9szetes n\u00f6v\u00e9nyi \u00f6sszetev\u0151ket tartalmaz\u00f3 cukork\u00e1kat. K\u00fcl\u00f6n\u00f6sen a citrusos \u00edzek \u00e9s a feketek\u00f6m\u00e9ny-olajat tartalmaz\u00f3 term\u00e9kek kedvel\u0151i \u00f6r\u00fclnek majd nekik.<br \/>\nAkt\u00edv hat\u00f3anyagok<br \/>\nA feketek\u00f6m\u00e9ny-olaj (Nigella sativa)&nbsp;a hagyom\u00e1nyosan haszn\u00e1lt&nbsp;n\u00f6v\u00e9nyi olajok k\u00f6z\u00e9 tartozik. A fekete k\u00f6m\u00e9ny magjaib\u00f3l nyerik, \u00e9s term\u00e9szetes bioakt\u00edvanyag-tartalma miatt nagyra \u00e9rt\u00e9kelik.<br \/>\nA gr\u00e9pfr\u00fat-ill\u00f3olaj (Citrus paradisi)&nbsp;jellegzetesen friss citrusos illatot \u00e9s \u00edzt k\u00f6lcs\u00f6n\u00f6z a cukork\u00e1knak.<br \/>\nA n\u00f6v\u00e9nyi \u00f6sszetev\u0151k&nbsp;kieg\u00e9sz\u00edtik a term\u00e9k recept\u00far\u00e1j\u00e1t, \u00e9s hozz\u00e1j\u00e1rulnak eredeti \u00edzprofilj\u00e1hoz.<br \/>\nHaszn\u00e1lati \u00fatmutat\u00f3<br \/>\nAj\u00e1nlott haszn\u00e1lat:&nbsp;Hagyj elolvadni a sz\u00e1dban 1 pasztill\u00e1t ig\u00e9ny szerint.<br \/>\nA term\u00e9k k\u00f6zvetlen fogyaszt\u00e1sra val\u00f3.<br \/>\nTipp a m\u00e9g jobb \u00e9lm\u00e9nyhez<\/p>\n<p>Tartsd a pasztill\u00e1kat mindig k\u00e9zn\u00e9l a munkanap vagy az utaz\u00e1s sor\u00e1n.<br \/>\nHagyd \u0151ket lassan elolvadni a sz\u00e1dban, hogy teljes \u00edz\u00fcket \u00e9lvezhesd.<br \/>\nSz\u00e1raz helyen, k\u00f6zvetlen napf\u00e9nyt\u0151l v\u00e9dve t\u00e1rold \u0151ket.<\/p>\n<p>T\u00e1rol\u00e1s<br \/>\nSz\u00e1raz helyen t\u00e1rold. \u00d3vd a nedvess\u00e9gt\u0151l, a k\u00f6zvetlen napf\u00e9nyt\u0151l \u00e9s a h\u0151forr\u00e1sokt\u00f3l.<br \/>\nBiztons\u00e1gi figyelmeztet\u00e9sek<br \/>\nNe haszn\u00e1ld, ha a term\u00e9k b\u00e1rmely \u00f6sszetev\u0151j\u00e9re \u00e9rz\u00e9keny vagy. Ne l\u00e9pd t\u00fal az aj\u00e1nlott mennyis\u00e9get. Gyermekek el\u0151l elz\u00e1rva tartand\u00f3. A term\u00e9k nem helyettes\u00edti a v\u00e1ltozatos, kiegyens\u00falyozott \u00e9trendet \u00e9s az eg\u00e9szs\u00e9ges \u00e9letm\u00f3dot.<br \/>\nA term\u00e9k el\u0151nyei<\/p>\n<p>Feketek\u00f6m\u00e9ny-olajat tartalmaz<br \/>\nGr\u00e9pfr\u00fat-ill\u00f3olajat tartalmaz<br \/>\nKellemes citrusos \u00edz<br \/>\nPraktikus pasztilla forma<br \/>\nTerm\u00e9szetes n\u00f6v\u00e9nyi \u00f6sszetev\u0151ket tartalmaz<br \/>\nMindennapi haszn\u00e1latra alkalmas<br \/>\nPraktikus csomagol\u00e1s utaz\u00e1shoz<\/p>\n<p>A csomag tartalma:&nbsp;6 pasztilla \/ 19 g<br \/>\n&nbsp;<\/p>\n","protected":false},"excerpt":{"rendered":"<p>Karamellcukork\u00e1k gr\u00e9pfr\u00fattal \u00e9s&nbsp;feketek\u00f6m\u00e9ny-olajjal&nbsp;\u2013 term\u00e9szetes \u00f6sszetev\u0151k friss\u00edt\u0151 kombin\u00e1ci\u00f3ja Az ELEO karamellcukork\u00e1k gr\u00e9pfr\u00fattal \u00e9s feketek\u00f6m\u00e9ny-olajjal&nbsp;a friss\u00edt\u0151 citrusos \u00edz \u00e9s a hagyom\u00e1nyosan haszn\u00e1lt n\u00f6v\u00e9nyi \u00f6sszetev\u0151k egyed\u00fcl\u00e1ll\u00f3 tal\u00e1lkoz\u00e1s\u00e1t k\u00edn\u00e1lj\u00e1k. Tartalmaznak&nbsp;feketek\u00f6m\u00e9ny-olajat (Nigella sativa),&nbsp;gr\u00e9pfr\u00fat-ill\u00f3olajat&nbsp;&nbsp;\u00e9s tov\u00e1bbi n\u00f6v\u00e9nyi \u00f6sszetev\u0151ket, amelyek kellemes \u00edz\u00e9lm\u00e9nyt teremtenek. A pasztill\u00e1k mindennapi haszn\u00e1latra alkalmasak a nap folyam\u00e1n, otthon, a munkahelyen vagy \u00fatk\u00f6zben. A praktikus csomagol\u00e1s 6 cukork\u00e1t tartalmaz, \u00e9s [&hellip;]<\/p>\n","protected":false},"featured_media":477672,"template":"","meta":{"_acf_changed":false},"product_brand":[],"product_cat":[3502,3416,3417,3465,3380],"product_tag":[],"class_list":["post-477671","product","type-product","status-publish","has-post-thumbnail","product_cat-cukorkak","product_cat-egeszseg-termeszetes-kozmetikumok","product_cat-elelmiszerek-es-italok","product_cat-nassolnivalok","product_cat-termeszetes-kozmetikumok","first","instock","product-type-external"],"acf":[],"_links":{"self":[{"href":"https:\/\/horgaszhely.hu\/hun\/wp-json\/wp\/v2\/product\/477671","targetHints":{"allow":["GET"]}}],"collection":[{"href":"https:\/\/horgaszhely.hu\/hun\/wp-json\/wp\/v2\/product"}],"about":[{"href":"https:\/\/horgaszhely.hu\/hun\/wp-json\/wp\/v2\/types\/product"}],"wp:featuredmedia":[{"embeddable":true,"href":"https:\/\/horgaszhely.hu\/hun\/wp-json\/wp\/v2\/media\/477672"}],"wp:attachment":[{"href":"https:\/\/horgaszhely.hu\/hun\/wp-json\/wp\/v2\/media?parent=477671"}],"wp:term":[{"taxonomy":"product_brand","embeddable":true,"href":"https:\/\/horgaszhely.hu\/hun\/wp-json\/wp\/v2\/product_brand?post=477671"},{"taxonomy":"product_cat","embeddable":true,"href":"https:\/\/horgaszhely.hu\/hun\/wp-json\/wp\/v2\/product_cat?post=477671"},{"taxonomy":"product_tag","embeddable":true,"href":"https:\/\/horgaszhely.hu\/hun\/wp-json\/wp\/v2\/product_tag?post=477671"}],"curies":[{"name":"wp","href":"https:\/\/api.w.org\/{rel}","templated":true}]}}

Karamellcukorkák grépfrúttal és feketekömény-olajjal &#8211; 6 db/19 g

<p>Karamellcukorkák grépfrúttal és&nbsp;feketekömény-olajjal&nbsp;– természetes összetevők frissítő kombinációja<br />
Az ELEO karamellcukorkák grépfrúttal és feketekömény-olajjal&nbsp;a frissítő citrusos íz és a hagyományosan használt növényi összetevők egyedülálló találkozását kínálják. Tartalmaznak&nbsp;feketekömény-olajat (Nigella sativa),&nbsp;grépfrút-illóolajat&nbsp;&nbsp;és további növényi összetevőket, amelyek kellemes ízélményt teremtenek.<br />
A pasztillák mindennapi használatra alkalmasak a nap folyamán, otthon, a munkahelyen vagy útközben. A praktikus csomagolás 6 cukorkát tartalmaz, és méretének köszönhetően könnyen elfér a zsebedben vagy a táskádban.<br />
A termék hatásai és előnyei</p>
<p>Feketekömény-olajat tartalmaz&nbsp;– hagyományosan használt növényi alapanyag.<br />
Grépfrút-illóolajjal&nbsp;– friss citrusos ízt és aromát ad.<br />
Praktikus pasztilla forma&nbsp;– egyszerű használat bárhol a nap folyamán.<br />
Növényi bioaktív összetevőket tartalmaz.<br />
Eredeti ízkombináció&nbsp;– a finom édességet citrusos frissességgel ötvözi.<br />
Mindennapi használatra alkalmas.</p>
<p>Kinek ajánljuk a cukorkákat<br />
A termék felnőtteknek és nagyobb gyermekeknek készült, akik kedvelik a különleges ízkombinációkat, és szívesen választanak természetes növényi összetevőket tartalmazó cukorkákat. Különösen a citrusos ízek és a feketekömény-olajat tartalmazó termékek kedvelői örülnek majd nekik.<br />
Aktív hatóanyagok<br />
A feketekömény-olaj (Nigella sativa)&nbsp;a hagyományosan használt&nbsp;növényi olajok közé tartozik. A fekete kömény magjaiból nyerik, és természetes bioaktívanyag-tartalma miatt nagyra értékelik.<br />
A grépfrút-illóolaj (Citrus paradisi)&nbsp;jellegzetesen friss citrusos illatot és ízt kölcsönöz a cukorkáknak.<br />
A növényi összetevők&nbsp;kiegészítik a termék receptúráját, és hozzájárulnak eredeti ízprofiljához.<br />
Használati útmutató<br />
Ajánlott használat:&nbsp;Hagyj elolvadni a szádban 1 pasztillát igény szerint.<br />
A termék közvetlen fogyasztásra való.<br />
Tipp a még jobb élményhez</p>
<p>Tartsd a pasztillákat mindig kéznél a munkanap vagy az utazás során.<br />
Hagyd őket lassan elolvadni a szádban, hogy teljes ízüket élvezhesd.<br />
Száraz helyen, közvetlen napfénytől védve tárold őket.</p>
<p>Tárolás<br />
Száraz helyen tárold. Óvd a nedvességtől, a közvetlen napfénytől és a hőforrásoktól.<br />
Biztonsági figyelmeztetések<br />
Ne használd, ha a termék bármely összetevőjére érzékeny vagy. Ne lépd túl az ajánlott mennyiséget. Gyermekek elől elzárva tartandó. A termék nem helyettesíti a változatos, kiegyensúlyozott étrendet és az egészséges életmódot.<br />
A termék előnyei</p>
<p>Feketekömény-olajat tartalmaz<br />
Grépfrút-illóolajat tartalmaz<br />
Kellemes citrusos íz<br />
Praktikus pasztilla forma<br />
Természetes növényi összetevőket tartalmaz<br />
Mindennapi használatra alkalmas<br />
Praktikus csomagolás utazáshoz</p>
<p>A csomag tartalma:&nbsp;6 pasztilla / 19 g<br />
&nbsp;</p>

<p>Karamellcukorkák grépfrúttal és&nbsp;feketekömény-olajjal&nbsp;– természetes összetevők frissítő kombinációja Az ELEO karamellcukorkák grépfrúttal és feketekömény-olajjal&nbsp;a frissítő citrusos íz és a hagyományosan használt növényi összetevők egyedülálló találkozását kínálják. Tartalmaznak&nbsp;feketekömény-olajat (Nigella sativa),&nbsp;grépfrút-illóolajat&nbsp;&nbsp;és további növényi összetevőket, amelyek kellemes ízélményt teremtenek. A pasztillák mindennapi használatra alkalmasak a nap folyamán, otthon, a munkahelyen vagy útközben. A praktikus csomagolás 6 cukorkát tartalmaz, és [&hellip;]</p>
