{"id":477681,"date":"2026-08-29T20:10:10","date_gmt":"2026-08-29T18:10:10","guid":{"rendered":"https:\/\/horgaszhely.hu\/hun\/termek\/dioolaj-keverek-250-ml-dio-cedrusdio-foldimogyoro-es-mogyoro-kevereke\/"},"modified":"2026-08-29T20:10:11","modified_gmt":"2026-08-29T18:10:11","slug":"dioolaj-keverek-250-ml-dio-cedrusdio-foldimogyoro-es-mogyoro-kevereke","status":"publish","type":"product","link":"https:\/\/horgaszhely.hu\/hun\/termek\/dioolaj-keverek-250-ml-dio-cedrusdio-foldimogyoro-es-mogyoro-kevereke\/","title":{"rendered":"Di\u00f3olaj-kever\u00e9k 250 ml \u2013 di\u00f3, c\u00e9drusdi\u00f3, f\u00f6ldimogyor\u00f3 \u00e9s mogyor\u00f3 kever\u00e9ke"},"content":{"rendered":"<p>Bels\u0151 \u00e9s k\u00fcls\u0151 haszn\u00e1latra. A di\u00f3f\u00e9l\u00e9k kever\u00e9ke&nbsp;egyed\u00fcl\u00e1ll\u00f3 min\u0151s\u00e9g\u00e9t a magas, ak\u00e1r 60%-os esszenci\u00e1liszs\u00edrsav-tartalom, a nagy mennyis\u00e9g\u0171 E-vitamin, az A-, B-, C- \u00e9s P-vitaminok, valamint a nyomelemek \u00e9s \u00e1sv\u00e1nyi anyagok adj\u00e1k: Mg, Cu, Zn, Fe, I, Ca \u00e9s P. Gazdag vitaminkomplexet tartalmaz (A, B1, B2, B3, PP, B6, D, E, F).<br \/>\nGy\u00e1rt\u00f3:&nbsp;&nbsp;LTD \u201eViktoria\u201c, Velikij Novgorod, Moszkvai ter\u00fclet, Oroszorsz\u00e1g<br \/>\n\u00d6sszet\u00e9tel:&nbsp;100% hidegen sajtolt \u2013 finom\u00edtatlan olaj di\u00f3b\u00f3l, c\u00e9drusdi\u00f3b\u00f3l, mogyor\u00f3b\u00f3l \u00e9s&nbsp;f\u00f6ldimogyor\u00f3b\u00f3l&nbsp;(zs\u00edrtartalma 99,8%)<br \/>\nEnergia\u00e9rt\u00e9k&nbsp;100 g term\u00e9kben \u2013 3759 kJ (898 kcal)<br \/>\nA term\u00e9szetes \u00fcled\u00e9k megengedett. Tart\u00f3s\u00edt\u00f3szert \u00e9s aromaanyagokat nem tartalmaz.<br \/>\nHaszn\u00e1lati \u00fatmutat\u00f3:&nbsp;\u00e9tkez\u00e9s ut\u00e1n naponta 3\u00d7 egy k\u00e1v\u00e9skan\u00e1llal. Hideg \u00e9s meleg konyh\u00e1hoz egyar\u00e1nt alkalmas. Sal\u00e1t\u00e1khoz, \u00f6ntetekhez, t\u00e9szt\u00e1khoz \u00e9s&nbsp;h\u00fasokhoz.<br \/>\n&nbsp;<br \/>\n&nbsp;<br \/>\nGy\u00e1rt\u00f3:<br \/>\nViktoria LTD&nbsp;<\/p>\n","protected":false},"excerpt":{"rendered":"<p>Bels\u0151 \u00e9s k\u00fcls\u0151 haszn\u00e1latra. A di\u00f3f\u00e9l\u00e9k kever\u00e9ke&nbsp;egyed\u00fcl\u00e1ll\u00f3 min\u0151s\u00e9g\u00e9t a magas, ak\u00e1r 60%-os esszenci\u00e1liszs\u00edrsav-tartalom, a nagy mennyis\u00e9g\u0171 E-vitamin, az A-, B-, C- \u00e9s P-vitaminok, valamint a nyomelemek \u00e9s \u00e1sv\u00e1nyi anyagok adj\u00e1k: Mg, Cu, Zn, Fe, I, Ca \u00e9s P. Gazdag vitaminkomplexet tartalmaz (A, B1, B2, B3, PP, B6, D, E, F). Gy\u00e1rt\u00f3:&nbsp;&nbsp;LTD \u201eViktoria\u201c, Velikij Novgorod, Moszkvai [&hellip;]<\/p>\n","protected":false},"featured_media":477682,"template":"","meta":{"_acf_changed":false},"product_brand":[],"product_cat":[3418,3416,3417,3380],"product_tag":[],"class_list":["post-477681","product","type-product","status-publish","has-post-thumbnail","product_cat-altaji-bio-olajok","product_cat-egeszseg-termeszetes-kozmetikumok","product_cat-elelmiszerek-es-italok","product_cat-termeszetes-kozmetikumok","first","instock","product-type-external"],"acf":[],"_links":{"self":[{"href":"https:\/\/horgaszhely.hu\/hun\/wp-json\/wp\/v2\/product\/477681","targetHints":{"allow":["GET"]}}],"collection":[{"href":"https:\/\/horgaszhely.hu\/hun\/wp-json\/wp\/v2\/product"}],"about":[{"href":"https:\/\/horgaszhely.hu\/hun\/wp-json\/wp\/v2\/types\/product"}],"wp:featuredmedia":[{"embeddable":true,"href":"https:\/\/horgaszhely.hu\/hun\/wp-json\/wp\/v2\/media\/477682"}],"wp:attachment":[{"href":"https:\/\/horgaszhely.hu\/hun\/wp-json\/wp\/v2\/media?parent=477681"}],"wp:term":[{"taxonomy":"product_brand","embeddable":true,"href":"https:\/\/horgaszhely.hu\/hun\/wp-json\/wp\/v2\/product_brand?post=477681"},{"taxonomy":"product_cat","embeddable":true,"href":"https:\/\/horgaszhely.hu\/hun\/wp-json\/wp\/v2\/product_cat?post=477681"},{"taxonomy":"product_tag","embeddable":true,"href":"https:\/\/horgaszhely.hu\/hun\/wp-json\/wp\/v2\/product_tag?post=477681"}],"curies":[{"name":"wp","href":"https:\/\/api.w.org\/{rel}","templated":true}]}}

Dióolaj-keverék 250 ml – dió, cédrusdió, földimogyoró és mogyoró keveréke

<p>Belső és külső használatra. A diófélék keveréke&nbsp;egyedülálló minőségét a magas, akár 60%-os esszenciáliszsírsav-tartalom, a nagy mennyiségű E-vitamin, az A-, B-, C- és P-vitaminok, valamint a nyomelemek és ásványi anyagok adják: Mg, Cu, Zn, Fe, I, Ca és P. Gazdag vitaminkomplexet tartalmaz (A, B1, B2, B3, PP, B6, D, E, F).<br />
Gyártó:&nbsp;&nbsp;LTD „Viktoria“, Velikij Novgorod, Moszkvai terület, Oroszország<br />
Összetétel:&nbsp;100% hidegen sajtolt – finomítatlan olaj dióból, cédrusdióból, mogyoróból és&nbsp;földimogyoróból&nbsp;(zsírtartalma 99,8%)<br />
Energiaérték&nbsp;100 g termékben – 3759 kJ (898 kcal)<br />
A természetes üledék megengedett. Tartósítószert és aromaanyagokat nem tartalmaz.<br />
Használati útmutató:&nbsp;étkezés után naponta 3× egy kávéskanállal. Hideg és meleg konyhához egyaránt alkalmas. Salátákhoz, öntetekhez, tésztákhoz és&nbsp;húsokhoz.<br />
&nbsp;<br />
&nbsp;<br />
Gyártó:<br />
Viktoria LTD&nbsp;</p>

<p>Belső és külső használatra. A diófélék keveréke&nbsp;egyedülálló minőségét a magas, akár 60%-os esszenciáliszsírsav-tartalom, a nagy mennyiségű E-vitamin, az A-, B-, C- és P-vitaminok, valamint a nyomelemek és ásványi anyagok adják: Mg, Cu, Zn, Fe, I, Ca és P. Gazdag vitaminkomplexet tartalmaz (A, B1, B2, B3, PP, B6, D, E, F). Gyártó:&nbsp;&nbsp;LTD „Viktoria“, Velikij Novgorod, Moszkvai [&hellip;]</p>
