{"id":477683,"date":"2026-09-05T02:04:35","date_gmt":"2026-09-05T00:04:35","guid":{"rendered":"https:\/\/horgaszhely.hu\/hun\/termek\/c-vitamin-ragyogasfokozo-szerum-50ml\/"},"modified":"2026-09-05T02:04:36","modified_gmt":"2026-09-05T00:04:36","slug":"c-vitamin-ragyogasfokozo-szerum-50ml","status":"publish","type":"product","link":"https:\/\/horgaszhely.hu\/hun\/termek\/c-vitamin-ragyogasfokozo-szerum-50ml\/","title":{"rendered":"C-vitamin ragyog\u00e1sfokoz\u00f3 sz\u00e9rum 50ml"},"content":{"rendered":"<p>A sz\u00e9rum&nbsp; C-vitaminnal t\u00e1pl\u00e1lja \u00e9s hidrat\u00e1lja a b\u0151rt, minimaliz\u00e1lja a pigmentfoltok megjelen\u00e9s\u00e9t. Koncentr\u00e1lt term\u00e9kr\u0151l van sz\u00f3, amelyet \u00fagy alkottak meg, hogy az \u00f6sszetev\u0151k hat\u00e9konys\u00e1ga a felnyit\u00e1s ut\u00e1n az id\u0151 m\u00fal\u00e1s\u00e1val ne cs\u00f6kkenjen.<br \/>\n&nbsp;<br \/>\nA C-vitamin \u00e9sztere minden b\u0151rt\u00edpus sz\u00e1m\u00e1ra megfelel\u0151, amelynek kifejezett ragyog\u00e1st \u00e9s kisim\u00edt\u00e1st ny\u00fajt minim\u00e1lis irrit\u00e1ci\u00f3 mellett, ellent\u00e9tben a C-vitamin hagyom\u00e1nyos form\u00e1j\u00e1val.<br \/>\n&nbsp;<br \/>\nTulajdons\u00e1gok:<br \/>\n&nbsp;<br \/>\n\u2606l\u00e1that\u00f3an ragyog\u00f3bb\u00e1 teszi az arcb\u0151rt \u00e9s kiegyenl\u00edti a b\u0151rt\u00f3nust<br \/>\n\u2606minimaliz\u00e1lja a b\u0151r \u00f6reged\u00e9s\u00e9vel kialakul\u00f3 pigment\u00e1ci\u00f3t<br \/>\n\u2606meg\u00faj\u00edtja az arcb\u0151r vitalit\u00e1s\u00e1t \u00e9s kisim\u00edtja azt<br \/>\n\u2606seg\u00edt megel\u0151zni a r\u00e1ncok \u00e9s az \u00f6reged\u00e9s egy\u00e9b jeleinek kialakul\u00e1s\u00e1t<br \/>\n\u2606antioxid\u00e1ns tulajdons\u00e1gokkal rendelkezik, semleges\u00edti a szabad gy\u00f6k\u00f6k hat\u00e1sait<br \/>\n\u2606fokozza a b\u0151r kollag\u00e9nszint\u00e9zis\u00e9t, \u00e9s \u00edgy t\u00e1mogatja annak rugalmass\u00e1g\u00e1t<br \/>\n\u2606napi adag hidrat\u00e1l\u00e1st ny\u00fajt az arcb\u0151rnek<br \/>\n&nbsp;<br \/>\n\u00d6sszet\u00e9tel:<br \/>\n\u2606az antioxid\u00e1nsokban \u00e9s vitaminokban gazdag r\u00f3zsav\u00edz jav\u00edtja a b\u0151r hidrat\u00e1lts\u00e1g\u00e1t \u00e9s megjelen\u00e9s\u00e9t. Az \u00f6reged\u00e9s jelei ellen hat: cs\u00f6kkenti a finom r\u00e1ncokat \u00e9s a p\u00f3rusokat, feszes\u00edt \u00e9s ragyog\u00f3bb\u00e1 tesz.&nbsp;<br \/>\n\u2606A C-vitamin antioxid\u00e1nsk\u00e9nt m\u0171k\u00f6dik. Ennek k\u00f6sz\u00f6nhet\u0151en intenz\u00edv v\u00e9delmet ny\u00fajt a b\u0151rnek a k\u00fcls\u0151 hat\u00e1sokkal szemben, \u00e9s seg\u00edt megel\u0151zni a korai b\u0151r\u00f6reged\u00e9st. Ragyog\u00f3bb\u00e1 teszi \u00e9s egys\u00e9ges\u00edti a b\u0151rt\u00f3nust, seg\u00edt halv\u00e1ny\u00edtani a s\u00f6t\u00e9t foltokat. Emellett t\u00e1mogatja a kollag\u00e9ntermel\u00e9st.<br \/>\n\u26065 t\u00edpus\u00fa hialuronsav \u2013 alacsony molekulas\u00faly\u00fa, k\u00f6zepes molekulas\u00faly\u00fa, magas molekulas\u00faly\u00fa, oligo \u00e9s t\u00e9rh\u00e1l\u00f3s\u00edtott \u2013, amelyek hosszan tart\u00f3 hidrat\u00e1l\u00e1st biztos\u00edtanak a b\u0151r felsz\u00edni \u00e9s m\u00e9lyebb r\u00e9tegei sz\u00e1m\u00e1ra. A t\u00e9rh\u00e1l\u00f3s\u00edtott (crosslinked) hialuronsav-forma jav\u00edtja az akt\u00edv \u00f6sszetev\u0151k hasznosul\u00e1s\u00e1t a b\u0151rsejtek \u00e1ltal<br \/>\n\u2606spirulina \u2013 a BiEau\u00ae Actif Green Algae fenntarthat\u00f3 forr\u00e1sokb\u00f3l nyert Spirulina platensis esszencia, amelyet \u00fagy terveztek, hogy n\u00f6velje a b\u0151r nedvess\u00e9gszintj\u00e9t, \u00e9s k\u00f6rnyezetbar\u00e1t m\u00f3don t\u00e1mogassa a hat\u00e9kony sz\u00e9ps\u00e9get. A Spirulina platensis k\u00e9k-z\u00f6ld alga, amelyet a tenger szuper\u00e9lelmiszer\u00e9nek tartanak, \u00e9s t\u00e1panyagokban gazdag forr\u00e1sk\u00e9nt ismert, bele\u00e9rtve a niacinamidot, azaz a B3-vitamint. A niacinamid helyi alkalmaz\u00e1sa seg\u00edthet meger\u0151s\u00edteni a b\u0151r v\u00e9d\u0151r\u00e9teg\u00e9t \u00e9s n\u00f6velni a b\u0151r nedvess\u00e9gtartalm\u00e1t. Az FSS BiEau\u00ae Actif Green Algae \u00faj megk\u00f6zel\u00edt\u00e9st alkalmaz a fenntarthat\u00f3s\u00e1g ter\u00e9n, mik\u00f6zben a Spirulina platensisb\u0151l sz\u00e1rmaz\u00f3 niacinamidot hasznos\u00edtja a hidrat\u00e1lts\u00e1g jav\u00edt\u00e1s\u00e1ra, valamint a rugalmas \u00e9s eg\u00e9szs\u00e9gesebbnek t\u0171n\u0151 b\u0151r t\u00e1mogat\u00e1s\u00e1ra.<br \/>\n\u2606a c\u00e9kla fokozza a b\u0151r oxig\u00e9nell\u00e1t\u00e1s\u00e1t<br \/>\n\u2606organikus s\u00e1rgar\u00e9pa-kivonat magas A-provitamin-tartalommal<br \/>\n&nbsp;<br \/>\nAlkalmaz\u00e1s:<br \/>\nReggel \u00e9s este vidd fel a megtiszt\u00edtott b\u0151rre a kr\u00e9m felvitele el\u0151tt. Sz\u00fcks\u00e9g eset\u00e9n ezt k\u00f6vet\u0151en haszn\u00e1lj nappali\/\u00e9jszakai kr\u00e9met. Minden haszn\u00e1lat el\u0151tt j\u00f3l r\u00e1zd fel, hogy a k\u00e9t f\u00e1zis alaposan \u00f6sszekeveredjen.<br \/>\n&nbsp;<\/p>\n<p>K\u00e9tf\u00e1zis\u00fa sz\u00e9rum C-vitaminnal<\/p>\n<p>Haszn\u00e1lati \u00fatmutat\u00f3:<\/p>\n<p>Vidd fel a sz\u00e9rumot reggel \u00e9s&nbsp;este a megtiszt\u00edtott arcb\u0151rre. Sz\u00fcks\u00e9g&nbsp;eset\u00e9n ezt k\u00f6vet\u0151en alkalmazz nappali vagy \u00e9jszakai kr\u00e9met b\u0151rt\u00edpusodnak megfelel\u0151en. A kozmetikai term\u00e9ket minden haszn\u00e1lat el\u0151tt j\u00f3l r\u00e1zd fel, hogy a k\u00e9t f\u00e1zis alaposan \u00f6sszekeveredjen.<\/p>\n<p>Figyelmeztet\u00e9s:<\/p>\n<p>Csak k\u00fcls\u0151 haszn\u00e1latra. Ker\u00fcld az \u00e9rintkez\u00e9st a&nbsp;szemmel \u00e9s a ny\u00e1lkah\u00e1rty\u00e1kkal. Ne haszn\u00e1ld irrit\u00e1lt vagy \u00e9rz\u00e9keny b\u0151r\u00f6n. Ne haszn\u00e1ld, ha \u00e9rz\u00e9keny vagy a term\u00e9kben tal\u00e1lhat\u00f3 \u00f6sszetev\u0151k b\u00e1rmelyik\u00e9re. A term\u00e9k gyermekek sz\u00e1m\u00e1ra nem alkalmas. Gyermekekt\u0151l elz\u00e1rva tartand\u00f3.<\/p>\n<p>T\u00e1rol\u00e1s:<\/p>\n<p>A term\u00e9ket szobah\u0151m\u00e9rs\u00e9kleten t\u00e1rold, h\u0151forr\u00e1sokt\u00f3l \u00e9s k\u00f6zvetlen napf\u00e9nyt\u0151l t\u00e1vol.<\/p>\n<p>Tartalom:<\/p>\n<p>50 ml<\/p>\n<p>Ingredients:<\/p>\n<p>Rosa Damascena Flower Water, Isoamyl Laurate, Squalane, Tetrahexyldecyl Ascorbate, Spirulina Platensis&nbsp;Extract , Sodium PCA, Aqua, Pentylene Glycol, Simmondsia Chinensis Seed Oil, Phenylpropanol, Beta Vulgaris Root Powder, Lactobacillus Fermnet, Magnesium Sulphate Heptahydrate, 1,2-Hexanediol, Daucus Carota Root Extract, Sodium Phytate, Sodium Hyaluronate, Ethylhexylglycerin, Rosmarinus Officinalis Leaf Extract, Alcohol, Geraniol, Citronellol<\/p>\n<p>Felel\u0151s szem\u00e9ly \u00e9s gy\u00e1rt\u00f3:<\/p>\n<p>PANAKEIA SK s.r.o., \u017dabinsk\u00e1 2, 91105 Tren\u010d\u00edn, Slovensk\u00e1 republika,<br \/>\nwww.panakeia.sk<\/p>\n","protected":false},"excerpt":{"rendered":"<p>A sz\u00e9rum&nbsp; C-vitaminnal t\u00e1pl\u00e1lja \u00e9s hidrat\u00e1lja a b\u0151rt, minimaliz\u00e1lja a pigmentfoltok megjelen\u00e9s\u00e9t. Koncentr\u00e1lt term\u00e9kr\u0151l van sz\u00f3, amelyet \u00fagy alkottak meg, hogy az \u00f6sszetev\u0151k hat\u00e9konys\u00e1ga a felnyit\u00e1s ut\u00e1n az id\u0151 m\u00fal\u00e1s\u00e1val ne cs\u00f6kkenjen. &nbsp; A C-vitamin \u00e9sztere minden b\u0151rt\u00edpus sz\u00e1m\u00e1ra megfelel\u0151, amelynek kifejezett ragyog\u00e1st \u00e9s kisim\u00edt\u00e1st ny\u00fajt minim\u00e1lis irrit\u00e1ci\u00f3 mellett, ellent\u00e9tben a C-vitamin hagyom\u00e1nyos form\u00e1j\u00e1val. &nbsp; [&hellip;]<\/p>\n","protected":false},"featured_media":477684,"template":"","meta":{"_acf_changed":false},"product_brand":[],"product_cat":[3429,3430,3414,3380],"product_tag":[],"class_list":["post-477683","product","type-product","status-publish","has-post-thumbnail","product_cat-arckozmetikum","product_cat-borszerumok","product_cat-panakeia-naturkozmetikumok","product_cat-termeszetes-kozmetikumok","first","instock","product-type-external"],"acf":[],"_links":{"self":[{"href":"https:\/\/horgaszhely.hu\/hun\/wp-json\/wp\/v2\/product\/477683","targetHints":{"allow":["GET"]}}],"collection":[{"href":"https:\/\/horgaszhely.hu\/hun\/wp-json\/wp\/v2\/product"}],"about":[{"href":"https:\/\/horgaszhely.hu\/hun\/wp-json\/wp\/v2\/types\/product"}],"wp:featuredmedia":[{"embeddable":true,"href":"https:\/\/horgaszhely.hu\/hun\/wp-json\/wp\/v2\/media\/477684"}],"wp:attachment":[{"href":"https:\/\/horgaszhely.hu\/hun\/wp-json\/wp\/v2\/media?parent=477683"}],"wp:term":[{"taxonomy":"product_brand","embeddable":true,"href":"https:\/\/horgaszhely.hu\/hun\/wp-json\/wp\/v2\/product_brand?post=477683"},{"taxonomy":"product_cat","embeddable":true,"href":"https:\/\/horgaszhely.hu\/hun\/wp-json\/wp\/v2\/product_cat?post=477683"},{"taxonomy":"product_tag","embeddable":true,"href":"https:\/\/horgaszhely.hu\/hun\/wp-json\/wp\/v2\/product_tag?post=477683"}],"curies":[{"name":"wp","href":"https:\/\/api.w.org\/{rel}","templated":true}]}}

C-vitamin ragyogásfokozó szérum 50ml

<p>A szérum&nbsp; C-vitaminnal táplálja és hidratálja a bőrt, minimalizálja a pigmentfoltok megjelenését. Koncentrált termékről van szó, amelyet úgy alkottak meg, hogy az összetevők hatékonysága a felnyitás után az idő múlásával ne csökkenjen.<br />
&nbsp;<br />
A C-vitamin észtere minden bőrtípus számára megfelelő, amelynek kifejezett ragyogást és kisimítást nyújt minimális irritáció mellett, ellentétben a C-vitamin hagyományos formájával.<br />
&nbsp;<br />
Tulajdonságok:<br />
&nbsp;<br />
☆láthatóan ragyogóbbá teszi az arcbőrt és kiegyenlíti a bőrtónust<br />
☆minimalizálja a bőr öregedésével kialakuló pigmentációt<br />
☆megújítja az arcbőr vitalitását és kisimítja azt<br />
☆segít megelőzni a ráncok és az öregedés egyéb jeleinek kialakulását<br />
☆antioxidáns tulajdonságokkal rendelkezik, semlegesíti a szabad gyökök hatásait<br />
☆fokozza a bőr kollagénszintézisét, és így támogatja annak rugalmasságát<br />
☆napi adag hidratálást nyújt az arcbőrnek<br />
&nbsp;<br />
Összetétel:<br />
☆az antioxidánsokban és vitaminokban gazdag rózsavíz javítja a bőr hidratáltságát és megjelenését. Az öregedés jelei ellen hat: csökkenti a finom ráncokat és a pórusokat, feszesít és ragyogóbbá tesz.&nbsp;<br />
☆A C-vitamin antioxidánsként működik. Ennek köszönhetően intenzív védelmet nyújt a bőrnek a külső hatásokkal szemben, és segít megelőzni a korai bőröregedést. Ragyogóbbá teszi és egységesíti a bőrtónust, segít halványítani a sötét foltokat. Emellett támogatja a kollagéntermelést.<br />
☆5 típusú hialuronsav – alacsony molekulasúlyú, közepes molekulasúlyú, magas molekulasúlyú, oligo és térhálósított –, amelyek hosszan tartó hidratálást biztosítanak a bőr felszíni és mélyebb rétegei számára. A térhálósított (crosslinked) hialuronsav-forma javítja az aktív összetevők hasznosulását a bőrsejtek által<br />
☆spirulina – a BiEau® Actif Green Algae fenntartható forrásokból nyert Spirulina platensis esszencia, amelyet úgy terveztek, hogy növelje a bőr nedvességszintjét, és környezetbarát módon támogassa a hatékony szépséget. A Spirulina platensis kék-zöld alga, amelyet a tenger szuperélelmiszerének tartanak, és tápanyagokban gazdag forrásként ismert, beleértve a niacinamidot, azaz a B3-vitamint. A niacinamid helyi alkalmazása segíthet megerősíteni a bőr védőrétegét és növelni a bőr nedvességtartalmát. Az FSS BiEau® Actif Green Algae új megközelítést alkalmaz a fenntarthatóság terén, miközben a Spirulina platensisből származó niacinamidot hasznosítja a hidratáltság javítására, valamint a rugalmas és egészségesebbnek tűnő bőr támogatására.<br />
☆a cékla fokozza a bőr oxigénellátását<br />
☆organikus sárgarépa-kivonat magas A-provitamin-tartalommal<br />
&nbsp;<br />
Alkalmazás:<br />
Reggel és este vidd fel a megtisztított bőrre a krém felvitele előtt. Szükség esetén ezt követően használj nappali/éjszakai krémet. Minden használat előtt jól rázd fel, hogy a két fázis alaposan összekeveredjen.<br />
&nbsp;</p>
<p>Kétfázisú szérum C-vitaminnal</p>
<p>Használati útmutató:</p>
<p>Vidd fel a szérumot reggel és&nbsp;este a megtisztított arcbőrre. Szükség&nbsp;esetén ezt követően alkalmazz nappali vagy éjszakai krémet bőrtípusodnak megfelelően. A kozmetikai terméket minden használat előtt jól rázd fel, hogy a két fázis alaposan összekeveredjen.</p>
<p>Figyelmeztetés:</p>
<p>Csak külső használatra. Kerüld az érintkezést a&nbsp;szemmel és a nyálkahártyákkal. Ne használd irritált vagy érzékeny bőrön. Ne használd, ha érzékeny vagy a termékben található összetevők bármelyikére. A termék gyermekek számára nem alkalmas. Gyermekektől elzárva tartandó.</p>
<p>Tárolás:</p>
<p>A terméket szobahőmérsékleten tárold, hőforrásoktól és közvetlen napfénytől távol.</p>
<p>Tartalom:</p>
<p>50 ml</p>
<p>Ingredients:</p>
<p>Rosa Damascena Flower Water, Isoamyl Laurate, Squalane, Tetrahexyldecyl Ascorbate, Spirulina Platensis&nbsp;Extract , Sodium PCA, Aqua, Pentylene Glycol, Simmondsia Chinensis Seed Oil, Phenylpropanol, Beta Vulgaris Root Powder, Lactobacillus Fermnet, Magnesium Sulphate Heptahydrate, 1,2-Hexanediol, Daucus Carota Root Extract, Sodium Phytate, Sodium Hyaluronate, Ethylhexylglycerin, Rosmarinus Officinalis Leaf Extract, Alcohol, Geraniol, Citronellol</p>
<p>Felelős személy és gyártó:</p>
<p>PANAKEIA SK s.r.o., Žabinská 2, 91105 Trenčín, Slovenská republika,<br />
www.panakeia.sk</p>

<p>A szérum&nbsp; C-vitaminnal táplálja és hidratálja a bőrt, minimalizálja a pigmentfoltok megjelenését. Koncentrált termékről van szó, amelyet úgy alkottak meg, hogy az összetevők hatékonysága a felnyitás után az idő múlásával ne csökkenjen. &nbsp; A C-vitamin észtere minden bőrtípus számára megfelelő, amelynek kifejezett ragyogást és kisimítást nyújt minimális irritáció mellett, ellentétben a C-vitamin hagyományos formájával. &nbsp; [&hellip;]</p>
